{"id":140,"date":"2023-07-29T19:57:10","date_gmt":"2023-07-29T19:57:10","guid":{"rendered":"https:\/\/painfreebirthing.com\/turk\/anesthesia-for-cesarsezaryenle-dogumean-delivery\/genel-anestezi\/"},"modified":"2023-07-29T19:57:10","modified_gmt":"2023-07-29T19:57:10","slug":"genel-anestezi","status":"publish","type":"page","link":"https:\/\/painfreebirthing.com\/turk\/anesthesia-for-cesarsezaryenle-dogumean-delivery\/genel-anestezi\/","title":{"rendered":"Sezaryenle do\u011fumda genel anestezi"},"content":{"rendered":"<table border=\"0\" width=\"100%\" height=\"200\">\n<tbody>\n<tr>\n<td><font face=\"Tahoma\" style=\"color: rgb(0, 0, 0); font-size: medium; font-weight: 400; text-align: start; \"><b>Genel anestezi ne zaman uygulan\u0131r?<\/b><\/font><\/p>\n<p style=\"color: rgb(0, 0, 0); font-family: 'Times New Roman'; font-size: medium; font-weight: 400; text-align: start; \"><font face=\"Tahoma\"><br \/>L&#8217; anestesia generale viene usata nel caso in cui l&#8217; anestesia regionale sia controindicata per vari motivi (medici o altro). Ad esempio, nel caso di un parto cesareo d&#8217; emergenza potrebbe non esserci tempo a sufficienza per avere un blocco adeguato. Oppure, in caso di emorragia, l&#8217;anestesia regionale e&#8217; controindicata. Infine, se il livello di anestesia regionale non e &#8216; soddisfacente per l&#8217; intervento si deve istituire un anestetico generale come piano alternativo.L&#8217; anestesia generale viene usata nel caso in cui l&#8217; anestesia regionale sia controindicata per vari motivi (medici o altro). Ad esempio, nel caso di un parto cesareo d&#8217; emergenza potrebbe non esserci tempo a sufficienza per avere un blocco adeguato. Oppure, in caso di emorragia, l&#8217;anestesia regionale e&#8217; controindicata. Infine, se il livello di anestesia regionale non e &#8216; soddisfacente per l&#8217; intervento si deve istituire un anestetico generale come piano alternativo.<\/p>\n<p><b>Genel anestezi bebek i\u00e7in g\u00fcvenli mi?<\/b><\/p>\n<p>Uyku durumunu ind\u00fcklemek ve idame ettirmek i\u00e7in kullan\u0131lan ila\u00e7lar bebek i\u00e7in zararl\u0131 de\u011fildir. Asl\u0131nda varsa da bebekte minimal anestezik etkiye sahiptirler. Bunun nedeni uyku ind\u00fcksiyonu i\u00e7in ila\u00e7lar\u0131n miktar ve cinsinin bebe\u011fin beynine bebe\u011fi uyutmaya yetecek miktarlarda ula\u015fmamas\u0131d\u0131r. Bu y\u00fczden anneler her ne kadar uyuyorsa da, bebekler genellikle do\u011fumda hareketlidirler ve a\u011flarlar. Vital bulgular\u0131n\u0131z (solunum, kan bas\u0131nc\u0131, kalp h\u0131z\u0131) anestezi uygulamas\u0131yla de\u011fi\u015febilir. Anestezi doktoru bu vital bulgular\u0131n\u0131z\u0131 dikkatlice takip ederek bebe\u011fin iyi olmas\u0131 i\u00e7in gerekli s\u0131n\u0131rlarda olmas\u0131n\u0131 sa\u011flar. Bu y\u00fczden, genel anestezi bebe\u011fe zarar vermez. Ancak hastaya rejyonel anestezi yerine genel anestezi uygulama sebeplerinin (medikal veya obstetrik) bazen yenido\u011fan \u00fczerinde etkileri bulunabilir. Genel anestezi y\u00f6ntemi. Haz\u0131r oldu\u011funuzda \u201cplay\u201d d\u00fc\u011fmesine bas\u0131n.<\/font><\/p>\n<p><span style=\"color: rgb(20, 20, 20); font-family: Tahoma, arial, verdana; font-weight: bold; font-size: medium;\"><br \/><\/span><\/td>\n<\/tr>\n<tr>\n<td align=\"center\"><b>&nbsp;<\/b><\/td>\n<\/tr>\n<tr>\n<td align=\"center\"><\/td>\n<\/tr>\n<tr>\n<td align=\"center\" style=\"text-align: center; \"><img loading=\"lazy\" decoding=\"async\" width=\"432\" height=\"288\" alt=\"\" class=\"art-lightbox\" src=\"https:\/\/painfreebirthing.com\/turk\/wp-content\/uploads\/2023\/07\/csga.gif\"><\/td>\n<\/tr>\n<tr>\n<td align=\"left\">\n<p style=\"color: rgb(0, 0, 0); font-family: Tahoma, arial, verdana; font-size: medium; font-weight: 400; text-align: -webkit-left; \"><b>Genel anestezi nedir ve nas\u0131l verilir?<\/b>&nbsp;<\/p>\n<p>Genel anestezi ila\u00e7lar\u0131n damara (vene) uygulanmas\u0131n\u0131 i\u00e7erir. Sonu\u00e7ta h\u0131zl\u0131 bir \u015fuur kayb\u0131 olur. \u00d6nce g\u00fcvenlik monit\u00f6rlerinin uyguland\u0131\u011f\u0131 ameliyat odas\u0131na getirileceksiniz. Bunlar kan bas\u0131nc\u0131 man\u015fonu, oksijen monit\u00f6r\u00fc (parma\u011f\u0131n \u00fczerine klips) ve bir EKG veya kalp monit\u00f6r\u00fcd\u00fcr (g\u00f6\u011f\u00fcs kafesine yerle\u015ftirilen elektrodlar). S\u0131rt \u00fcst\u00fc yat\u0131r\u0131lacak ve s\u0131rt\u0131n\u0131za hafif e\u011fim verilecektir. Daha sonra burun ve a\u011fz\u0131n\u0131z\u0131n \u00fczerine yerle\u015ftirilen bir maskeden oksijen soluman\u0131z istenecektir. Daha sonra ila\u00e7lar intraven\u00f6z kateter yoluyla enjekte edilecektir ve h\u0131zl\u0131 bir \u015fekilde uyuyacaks\u0131n\u0131z. Solunumunuz de\u011fi\u015fece\u011fi i\u00e7in havayolu t\u00fcp\u00fc yerle\u015ftirilmesi gerekecektir. Bu t\u00fcp akci\u011ferlere do\u011fru havayoluna gider. Anestezi doktoru bu sayede solunumunuzu destekleyerek sizin ve bebe\u011finizin yeterli miktarda oksijen ald\u0131\u011f\u0131na emin olacakt\u0131r. Bu t\u00fcp ayn\u0131 zamanda, siz uyurken meydana gelebilecek regurjitasyona ba\u011fl\u0131 akci\u011fer hasar\u0131na kar\u015f\u0131 sizi korur. Havayolu t\u00fcp\u00fc yerle\u015ftirildikten sonra uykuyu idame ettirmek i\u00e7in gerekli ila\u00e7lar inhalasyon yoluyla verilebilir. Uyand\u0131\u011f\u0131n\u0131z zaman rahat olman\u0131z\u0131 sa\u011flamak i\u00e7in gerekli a\u011fr\u0131 kesici ila\u00e7lar intraven\u00f6z yolla uygulanacakt\u0131r. Ameliyat bittikten sonra ila\u00e7lar\u0131n etkisi giderildik\u00e7e uyku hali azal\u0131r. Kendi kendinize soluman\u0131z da d\u00fczelir. Uyand\u0131\u011f\u0131n\u0131zda a\u011fz\u0131n\u0131zdaki havayolu t\u00fcp\u00fc \u00e7\u0131kar\u0131l\u0131r ve y\u00fcz\u00fcn\u00fcze hafif plastik oksijen maskesi yerle\u015ftirilir&nbsp;<\/p>\n<p><b>Genel anestezideki en \u00f6nemli endi\u015fe nedir?<\/b><\/p>\n<p>Genel anestezi s\u0131ras\u0131nda en \u00f6nemli endi\u015felerden biri annenin midesinde yemek veya s\u0131v\u0131 bulunmas\u0131d\u0131r. \u015euur kayboldu\u011funda aspirasyon, yani mide i\u00e7eri\u011fi yemek borusunda yukar\u0131 \u00e7\u0131k\u0131p akci\u011ferlere gidebilir. B\u00f6yle oldu\u011funda pn\u00f6moni veya solunum problemleri geli\u015febilir (Animasyon i\u00e7in \u201cDo\u011fum s\u0131ras\u0131nda yiyip i\u00e7ebilir miyim?\u201d B\u00f6l\u00fcm\u00fcne bak\u0131n\u0131z). Bu y\u00fczden anestezi doktoru akci\u011ferlerinizi korumak i\u00e7in ek \u00f6nlemler al\u0131r. Bunlar aras\u0131nda mide asidini n\u00f6trle\u015ftirmek i\u00e7in antiasit vermek, anestezi verildikten sonra (uyuduktan sonra) a\u011fz\u0131n\u0131za ve solunum yolunuza solunum t\u00fcp\u00fc yerle\u015ftirmek bulunmaktad\u0131r. Uyumaya ba\u015flarken Adem elman\u0131z\u0131n hemen alt\u0131nda bir asistan\u0131n parmaklar\u0131n\u0131 hissedebilirsiniz. Bu manevra solunum t\u00fcp\u00fc yerle\u015ftirilmeden \u00f6nce regurjitasyon riskini en aza indirmek i\u00e7in yap\u0131l\u0131r.<\/p>\n<p class=\"MsoNormal\" style=\"color: rgb(0, 0, 0); font-family: Tahoma, arial, verdana; font-size: medium; font-weight: 400; text-align: justify; \"><b><span lang=\"TR\">Ameliyatta uyudu\u011fumda, sonras\u0131nda bir \u015fey hat\u0131rlar m\u0131y\u0131m?<\/span><\/b><\/p>\n<p class=\"MsoNormal\" style=\"color: rgb(0, 0, 0); font-family: Tahoma, arial, verdana; font-size: medium; font-weight: 400; text-align: justify; \"><span lang=\"TR\">Uykunuz s\u0131ras\u0131nda meydana gelen olaylar\u0131n hi\u00e7 birini hat\u0131rlamazs\u0131n\u0131z. . Olaylar\u0131 hat\u0131rlamak (uyan\u0131kl\u0131k) \u00e7ok nadirdir. Her ne kadar havayolu t\u00fcp\u00fcn\u00fc \u00e7\u0131kartmadan \u00f6nce bir miktar uyan\u0131kl\u0131k gerekse de bireylerin \u00e7o\u011fu bunu hat\u0131rlamamaktad\u0131r.<\/span><\/p>\n<p style=\"color: rgb(0, 0, 0); font-family: Tahoma, arial, verdana; font-size: medium; font-weight: 400; text-align: -webkit-left; \">&nbsp;<\/p>\n<p align=\"center\" style=\"color: rgb(0, 0, 0); font-family: Tahoma, arial, verdana; font-size: medium; font-weight: 400; \">Bir sonraki b\u00f6l\u00fcm i\u00e7in t\u0131klay\u0131n\u0131z<\/p>\n<p align=\"center\" style=\"color: rgb(0, 0, 0); font-family: Tahoma, arial, verdana; font-size: medium; font-weight: 400; \"><a href=\"\/anesthesia-for-cesarsezaryenle-dogumean-delivery\/sezaryenle-dogum-sonras%c4%b1-postoperatif-agr%c4%b1-kontrolu\" target=\"_parent\" rel=\"noopener\">\u0130\u015flem sonras\u0131nda (postoperatif) a\u011fr\u0131 tedavisi<\/a><\/p>\n<p style=\"margin-top: 10px; margin-bottom: 10px; \"><span style=\"color: rgb(0, 0, 0); font-family: Tahoma, arial, verdana; font-weight: bold; font-size: medium;\"><br \/><\/span><\/p>\n<\/td>\n<\/tr>\n<\/tbody>\n<\/table>\n<p><\/p>\n","protected":false},"excerpt":{"rendered":"<p>Genel anestezi ne zaman uygulan\u0131r? L&#8217; anestesia generale viene usata nel caso in cui l&#8217; anestesia regionale sia controindicata per vari motivi (medici o altro). Ad esempio, nel caso di un parto cesareo d&#8217; emergenza potrebbe non esserci tempo a sufficienza per avere un blocco adeguato. Oppure, in caso di emorragia, l&#8217;anestesia regionale e&#8217; controindicata&#8230;.<\/p>\n<p class=\"more-link-wrap\"><a href=\"https:\/\/painfreebirthing.com\/turk\/anesthesia-for-cesarsezaryenle-dogumean-delivery\/genel-anestezi\/\" class=\"more-link\">Read More<span class=\"screen-reader-text\"> &ldquo;Sezaryenle do\u011fumda genel anestezi&rdquo;<\/span> &raquo;<\/a><\/p>\n","protected":false},"author":1,"featured_media":0,"parent":138,"menu_order":50,"comment_status":"closed","ping_status":"closed","template":"","meta":{"footnotes":""},"class_list":["post-140","page","type-page","status-publish","hentry"],"_links":{"self":[{"href":"https:\/\/painfreebirthing.com\/turk\/wp-json\/wp\/v2\/pages\/140","targetHints":{"allow":["GET"]}}],"collection":[{"href":"https:\/\/painfreebirthing.com\/turk\/wp-json\/wp\/v2\/pages"}],"about":[{"href":"https:\/\/painfreebirthing.com\/turk\/wp-json\/wp\/v2\/types\/page"}],"author":[{"embeddable":true,"href":"https:\/\/painfreebirthing.com\/turk\/wp-json\/wp\/v2\/users\/1"}],"replies":[{"embeddable":true,"href":"https:\/\/painfreebirthing.com\/turk\/wp-json\/wp\/v2\/comments?post=140"}],"version-history":[{"count":0,"href":"https:\/\/painfreebirthing.com\/turk\/wp-json\/wp\/v2\/pages\/140\/revisions"}],"up":[{"embeddable":true,"href":"https:\/\/painfreebirthing.com\/turk\/wp-json\/wp\/v2\/pages\/138"}],"wp:attachment":[{"href":"https:\/\/painfreebirthing.com\/turk\/wp-json\/wp\/v2\/media?parent=140"}],"curies":[{"name":"wp","href":"https:\/\/api.w.org\/{rel}","templated":true}]}}