{"id":137,"date":"2023-07-29T19:57:07","date_gmt":"2023-07-29T19:57:07","guid":{"rendered":"https:\/\/painfreebirthing.com\/turk\/sikca-sorulan-sorular-sss\/"},"modified":"2023-07-29T19:57:07","modified_gmt":"2023-07-29T19:57:07","slug":"sikca-sorulan-sorular-sss","status":"publish","type":"page","link":"https:\/\/painfreebirthing.com\/turk\/sikca-sorulan-sorular-sss\/","title":{"rendered":"S\u0131k sorulan sorular (FAQ&#8217;s)"},"content":{"rendered":"<p align=\"left\" style=\"color: rgb(0, 0, 0); font-family: 'Times New Roman'; font-size: medium; font-weight: 400;\"><font face=\"Tahoma\">\u00d6nceki b\u00f6l\u00fcmlerde akl\u0131n\u0131zdaki pek \u00e7ok sorunun yan\u0131t\u0131n\u0131 bulmu\u015f olmal\u0131s\u0131n\u0131z. Bu b\u00f6l\u00fcmde ek bilgi isteyebilece\u011finiz di\u011fer sorular yer almaktad\u0131r.&nbsp;<\/p>\n<p>&nbsp;<\/font><\/p>\n<p style=\"color: rgb(0, 0, 0); font-family: 'Times New Roman'; font-size: medium; font-weight: 400; text-align: justify;\"><font face=\"Tahoma\"><b><span lang=\"TR\">Rejyonel anestezi sonras\u0131 yatakta kalmam gerekli mi?<\/span><\/b><\/font><\/p>\n<p style=\"color: rgb(0, 0, 0); font-family: 'Times New Roman'; font-size: medium; font-weight: 400; text-align: justify;\"><font face=\"Tahoma\"><span lang=\"TR\">\u015eart de\u011fil. Ancak bu durum hastane uygulamas\u0131na g\u00f6re de\u011fi\u015febilir. Baz\u0131 hastanelerde, insan g\u00fcc\u00fc, g\u00fcvenlik ve monit\u00f6rizasyon nedeniyle, oturabildi\u011finiz ve y\u00fcr\u00fcyebildi\u011finiz halde rejyonel anestezi sonras\u0131 yatman\u0131z istenebilir. Baz\u0131 hastanelerde kanepede oturman\u0131za veya y\u00fcr\u00fcmenize izin verilebilir.<\/span><\/font><\/p>\n<p style=\"color: rgb(0, 0, 0); font-family: 'Times New Roman'; font-size: medium; font-weight: 400; text-align: justify;\"><font face=\"Tahoma\"><b><span lang=\"TR\">Rejyonel anestezi uyguland\u0131\u011f\u0131nda \u0131k\u0131nabilir miyim?<\/span><\/b><\/font><\/p>\n<p style=\"color: rgb(0, 0, 0); font-family: 'Times New Roman'; font-size: medium; font-weight: 400; text-align: justify;\"><font face=\"Tahoma\"><span lang=\"TR\">Evet. G\u00fcn\u00fcm\u00fcz modern rejyonel anestezi y\u00f6ntemleri serviksiniz a\u00e7\u0131lana kadar rahat bir \u015fekilde dinlenmenizi, serviksiniz tamamen a\u00e7\u0131ld\u0131\u011f\u0131nda ise \u0131k\u0131nabilecek enerjiyi kendinizde bulman\u0131z\u0131 sa\u011flar. Rejyonel anestezi \u0131k\u0131nma yetene\u011finizi ortadan kald\u0131rmamal\u0131, \u0131k\u0131nman\u0131z\u0131 kolayla\u015ft\u0131rmal\u0131d\u0131r.<\/span><\/font><\/p>\n<p style=\"color: rgb(0, 0, 0); font-family: 'Times New Roman'; font-size: medium; font-weight: 400; text-align: justify;\"><font face=\"Tahoma\"><b><span lang=\"TR\">Blok etki g\u00f6sterdi\u011finde ne hissedece\u011fim?<\/span><\/b><\/font><\/p>\n<p style=\"color: rgb(0, 0, 0); font-family: 'Times New Roman'; font-size: medium; font-weight: 400; text-align: justify;\"><font face=\"Tahoma\"><span lang=\"TR\">Her ne kadar a\u011fr\u0131n\u0131z b\u00fcy\u00fck \u00f6l\u00e7\u00fcde kontrol alt\u0131na al\u0131nsa da, kas\u0131lmalar s\u0131ras\u0131nda bas\u0131n\u00e7 hissedebilirsiniz. Travay ilerledik\u00e7e obstetrisyeninizin muayenesini hissedebilirsiniz. Sizin ve bebe\u011finizin durumuna g\u00f6re, anestezi doktoru rahat\u0131n\u0131z i\u00e7in&nbsp; ve do\u011fum ve travay\u0131 desteklemek amac\u0131yla uyu\u015fukluk derecesini art\u0131rabilir. Bacaklar\u0131n\u0131zda ge\u00e7ici bir uyu\u015fukluk, a\u011f\u0131rl\u0131k ve g\u00fc\u00e7s\u00fczl\u00fck fark edebilirsiniz.<\/span><\/font><\/p>\n<p style=\"color: rgb(0, 0, 0); font-family: 'Times New Roman'; font-size: medium; font-weight: 400; text-align: justify;\"><font face=\"Tahoma\"><b><span lang=\"TR\">Blok ne kadar s\u00fcrer?<\/span><\/b><\/font><\/p>\n<p style=\"color: rgb(0, 0, 0); font-family: 'Times New Roman'; font-size: medium; font-weight: 400; text-align: justify;\"><font face=\"Tahoma\"><span lang=\"TR\">Epidural analjezi ihtiya\u00e7 duydu\u011funuz s\u00fcre kadar uzat\u0131labilir. Epidural kateter yerle\u015ftirildikten sonra ihtiya\u00e7 duyulduk\u00e7a ek ila\u00e7lar verilebilir. Travay boyunca rahat\u0131n\u0131z ve travay\u0131n ilerleyi\u015fi s\u0131k s\u0131k takip edilecek ve duruma g\u00f6re ila\u00e7lar ayarlanacakt\u0131r. Bu takipte hem\u015fireler anestezi doktoruna yard\u0131mc\u0131 olabilir. Do\u011fumdan sonra epidural kateter \u00e7\u0131kar\u0131l\u0131r ve birka\u00e7 saat i\u00e7inde normal hissetmeye ba\u015flars\u0131n\u0131z.<\/span><\/font><\/p>\n<p style=\"color: rgb(0, 0, 0); font-family: 'Times New Roman'; font-size: medium; font-weight: 400; text-align: justify;\"><font face=\"Tahoma\"><b><span lang=\"TR\">Do\u011fal do\u011fum planlam\u0131\u015fsam&nbsp; daha sonra yard\u0131m alabilir miyim?<\/span><\/b><\/font><\/p>\n<p style=\"color: rgb(0, 0, 0); font-family: 'Times New Roman'; font-size: medium; font-weight: 400; text-align: justify;\"><font face=\"Tahoma\"><span lang=\"TR\">\u0130stedi\u011finiz gibi se\u00e7ebilirsiniz. Travay ve do\u011fum s\u0131ras\u0131nda her hangi bir zaman a\u011fr\u0131ya dayanamayaca\u011f\u0131n\u0131z\u0131 hissetti\u011finizde ve fikrinizi de\u011fi\u015ftirdi\u011finizde, travay\u0131n\u0131z \u00e7ok ilerlememi\u015fse ve do\u011fum \u00e7ok yak\u0131n de\u011filse, bir anestezi doktoru size yard\u0131mc\u0131 olmaktan mutluluk duyacakt\u0131r. Fikrinizi de\u011fi\u015ftirmeniz ve a\u011fr\u0131 kontrol\u00fc istemeniz bir ba\u015far\u0131s\u0131zl\u0131k olarak kabul edilmemelidir.<\/span><\/font><\/p>\n<p style=\"color: rgb(0, 0, 0); font-family: 'Times New Roman'; font-size: medium; font-weight: 400; text-align: justify;\"><font face=\"Tahoma\"><b><span lang=\"TR\">Epidural analjezinin do\u011fal yolla do\u011fuma g\u00f6re daha avantajl\u0131 oldu\u011fu durumlar var m\u0131d\u0131r?<\/span><\/b><\/font><\/p>\n<p style=\"color: rgb(0, 0, 0); font-family: 'Times New Roman'; font-size: medium; font-weight: 400; text-align: justify;\"><font face=\"Tahoma\"><span lang=\"TR\">Kalp ve akci\u011fer problemi gibi \u00e7e\u015fitli durumlarda epidural analjezi yararl\u0131 olabilir. Bazen, epidural analjezi preeklampside (gebelik toksemisi) yararl\u0131 olabilir. Bu durumu anestezi doktoru ve obstetrisyeninizle tart\u0131\u015fmal\u0131s\u0131n\u0131z.<\/span><\/font><\/p>\n<p style=\"color: rgb(0, 0, 0); font-family: 'Times New Roman'; font-size: medium; font-weight: 400; text-align: -webkit-center;\"><font face=\"Tahoma, arial, verdana\" size=\"3\">Bir sonraki b\u00f6l\u00fcm i\u00e7in t\u0131klay\u0131n\u0131z<\/font><\/p>\n<p align=\"center\" style=\"color: rgb(0, 0, 0); font-family: 'Times New Roman'; font-size: medium; font-weight: 400;\"><a href=\"\/anesthesia-for-cesarsezaryenle-dogumean-delivery\/spinal-epidural-kombine-spinal-epidural-kse\" target=\"_parent\" rel=\"noopener\">Spinal \/ Epidural \/ Kombine Spinal Epidural (KSE)<\/a><\/p>\n<p align=\"left\" style=\"margin-top: 10px; margin-bottom: 10px; color: rgb(105, 105, 105); font-family: Arial, 'Arial Unicode MS', Helvetica, sans-serif; font-weight: 400; background-color: rgba(255, 255, 255, 0.597656);\"><font face=\"Tahoma, arial, verdana\" size=\"3\"><span style=\"color: rgb(20, 20, 20);\"><\/span><\/font><\/p>\n<p align=\"left\" style=\"margin-top: 10px; margin-bottom: 10px; color: rgb(105, 105, 105); font-family: Arial, 'Arial Unicode MS', Helvetica, sans-serif; font-weight: 400; background-color: rgba(255, 255, 255, 0.597656);\"><font face=\"Tahoma, arial, verdana\" size=\"3\"><b><\/b><\/font><\/p>\n<p align=\"left\" style=\"margin-top: 10px; margin-bottom: 10px; color: rgb(105, 105, 105); font-family: Arial, 'Arial Unicode MS', Helvetica, sans-serif; font-weight: 400; background-color: rgba(255, 255, 255, 0.597656);\"><font face=\"Tahoma, arial, verdana\" size=\"3\"><\/font><\/p>\n<p align=\"left\" style=\"margin-top: 10px; margin-bottom: 10px; color: rgb(105, 105, 105); font-family: Arial, 'Arial Unicode MS', Helvetica, sans-serif; font-weight: 400; background-color: rgba(255, 255, 255, 0.597656);\"><font face=\"Tahoma, arial, verdana\" size=\"3\"><b><\/b><\/font><\/p>\n<p align=\"left\" style=\"margin-top: 10px; margin-bottom: 10px; color: rgb(105, 105, 105); font-family: Arial, 'Arial Unicode MS', Helvetica, sans-serif; font-weight: 400; background-color: rgba(255, 255, 255, 0.597656);\"><font face=\"Tahoma, arial, verdana\" size=\"3\"><\/font><\/p>\n<p align=\"left\" style=\"margin-top: 10px; margin-bottom: 10px; color: rgb(105, 105, 105); font-family: Arial, 'Arial Unicode MS', Helvetica, sans-serif; font-weight: 400; background-color: rgba(255, 255, 255, 0.597656);\"><font face=\"Tahoma, arial, verdana\" size=\"3\"><b><\/b><\/font><\/p>\n<p align=\"left\" style=\"margin-top: 10px; margin-bottom: 10px; color: rgb(105, 105, 105); font-family: Arial, 'Arial Unicode MS', Helvetica, sans-serif; font-weight: 400; background-color: rgba(255, 255, 255, 0.597656);\"><font face=\"Tahoma, arial, verdana\" size=\"3\"><\/font><\/p>\n<p align=\"left\" style=\"margin-top: 10px; margin-bottom: 10px; color: rgb(105, 105, 105); font-family: Arial, 'Arial Unicode MS', Helvetica, sans-serif; font-weight: 400; background-color: rgba(255, 255, 255, 0.597656);\"><font face=\"Tahoma, arial, verdana\" size=\"3\"><b><\/b><\/font><\/p>\n<p align=\"left\" style=\"margin-top: 10px; margin-bottom: 10px; color: rgb(105, 105, 105); font-family: Arial, 'Arial Unicode MS', Helvetica, sans-serif; font-weight: 400; background-color: rgba(255, 255, 255, 0.597656);\"><font face=\"Tahoma, arial, verdana\" size=\"3\"><\/font><\/p>\n<p align=\"left\" style=\"margin-top: 10px; margin-bottom: 10px; color: rgb(105, 105, 105); font-family: Arial, 'Arial Unicode MS', Helvetica, sans-serif; font-weight: 400; background-color: rgba(255, 255, 255, 0.597656);\"><font face=\"Tahoma, arial, verdana\" size=\"3\"><b><\/b><\/font><\/p>\n<p align=\"left\" style=\"margin-top: 10px; margin-bottom: 10px; color: rgb(105, 105, 105); font-family: Arial, 'Arial Unicode MS', Helvetica, sans-serif; font-weight: 400; background-color: rgba(255, 255, 255, 0.597656);\"><font face=\"Tahoma, arial, verdana\" size=\"3\"><\/font><\/p>\n<p align=\"left\" style=\"margin-top: 10px; margin-bottom: 10px; color: rgb(105, 105, 105); font-family: Arial, 'Arial Unicode MS', Helvetica, sans-serif; font-weight: 400; background-color: rgba(255, 255, 255, 0.597656);\"><font face=\"Tahoma, arial, verdana\" size=\"3\"><b><\/b><\/font><\/p>\n<p align=\"left\" style=\"margin-top: 10px; margin-bottom: 10px; color: rgb(105, 105, 105); font-family: Arial, 'Arial Unicode MS', Helvetica, sans-serif; font-weight: 400; background-color: rgba(255, 255, 255, 0.597656);\"><font face=\"Tahoma, arial, verdana\" size=\"3\"><\/font><\/p>\n<p align=\"left\" style=\"margin-top: 10px; margin-bottom: 10px; color: rgb(105, 105, 105); font-family: Arial, 'Arial Unicode MS', Helvetica, sans-serif; font-weight: 400; background-color: rgba(255, 255, 255, 0.597656);\"><font face=\"Tahoma, arial, verdana\" size=\"3\"><b><\/b><\/font><\/p>\n<p align=\"left\" style=\"margin-top: 10px; margin-bottom: 10px; color: rgb(105, 105, 105); font-family: Arial, 'Arial Unicode MS', Helvetica, sans-serif; font-weight: 400; background-color: rgba(255, 255, 255, 0.597656);\"><font face=\"Tahoma, arial, verdana\" size=\"3\"><\/font><\/p>\n<p align=\"left\" style=\"margin-top: 10px; margin-bottom: 10px; color: rgb(105, 105, 105); font-family: Arial, 'Arial Unicode MS', Helvetica, sans-serif; font-weight: 400; background-color: rgba(255, 255, 255, 0.597656);\"><font face=\"Tahoma, arial, verdana\" size=\"3\"><b><\/b><\/font><\/p>\n<p align=\"left\" style=\"margin-top: 10px; margin-bottom: 10px; color: rgb(105, 105, 105); font-family: Arial, 'Arial Unicode MS', Helvetica, sans-serif; font-weight: 400; background-color: rgba(255, 255, 255, 0.597656);\"><font face=\"Tahoma, arial, verdana\" size=\"3\"><\/font><\/p>\n<p align=\"left\" style=\"margin-top: 10px; margin-bottom: 10px; color: rgb(105, 105, 105); font-family: Arial, 'Arial Unicode MS', Helvetica, sans-serif; font-weight: 400; background-color: rgba(255, 255, 255, 0.597656);\"><font face=\"Tahoma, arial, verdana\" size=\"3\"><\/font><\/p>\n<p align=\"left\" style=\"margin-top: 10px; margin-bottom: 10px; font-weight: 400; background-color: rgba(255, 255, 255, 0.59375); text-align: center;\"><a href=\"\/anesthesia-for-cesarsezaryenle-dogumean-delivery\" target=\"_parent\" rel=\"noopener\"><\/a><span style=\"color: rgb(20, 20, 20); font-family: Tahoma, arial, verdana; font-size: medium;\"><\/span><\/p>\n<p><\/p>\n","protected":false},"excerpt":{"rendered":"<p>\u00d6nceki b\u00f6l\u00fcmlerde akl\u0131n\u0131zdaki pek \u00e7ok sorunun yan\u0131t\u0131n\u0131 bulmu\u015f olmal\u0131s\u0131n\u0131z. Bu b\u00f6l\u00fcmde ek bilgi isteyebilece\u011finiz di\u011fer sorular yer almaktad\u0131r.&nbsp; &nbsp; Rejyonel anestezi sonras\u0131 yatakta kalmam gerekli mi? \u015eart de\u011fil. Ancak bu durum hastane uygulamas\u0131na g\u00f6re de\u011fi\u015febilir. Baz\u0131 hastanelerde, insan g\u00fcc\u00fc, g\u00fcvenlik ve monit\u00f6rizasyon nedeniyle, oturabildi\u011finiz ve y\u00fcr\u00fcyebildi\u011finiz halde rejyonel anestezi sonras\u0131 yatman\u0131z istenebilir. Baz\u0131 hastanelerde kanepede&#8230;<\/p>\n<p class=\"more-link-wrap\"><a href=\"https:\/\/painfreebirthing.com\/turk\/sikca-sorulan-sorular-sss\/\" class=\"more-link\">Read More<span class=\"screen-reader-text\"> &ldquo;S\u0131k sorulan sorular (FAQ&#8217;s)&rdquo;<\/span> &raquo;<\/a><\/p>\n","protected":false},"author":1,"featured_media":0,"parent":0,"menu_order":47,"comment_status":"closed","ping_status":"closed","template":"","meta":{"footnotes":""},"class_list":["post-137","page","type-page","status-publish","hentry"],"_links":{"self":[{"href":"https:\/\/painfreebirthing.com\/turk\/wp-json\/wp\/v2\/pages\/137","targetHints":{"allow":["GET"]}}],"collection":[{"href":"https:\/\/painfreebirthing.com\/turk\/wp-json\/wp\/v2\/pages"}],"about":[{"href":"https:\/\/painfreebirthing.com\/turk\/wp-json\/wp\/v2\/types\/page"}],"author":[{"embeddable":true,"href":"https:\/\/painfreebirthing.com\/turk\/wp-json\/wp\/v2\/users\/1"}],"replies":[{"embeddable":true,"href":"https:\/\/painfreebirthing.com\/turk\/wp-json\/wp\/v2\/comments?post=137"}],"version-history":[{"count":0,"href":"https:\/\/painfreebirthing.com\/turk\/wp-json\/wp\/v2\/pages\/137\/revisions"}],"wp:attachment":[{"href":"https:\/\/painfreebirthing.com\/turk\/wp-json\/wp\/v2\/media?parent=137"}],"curies":[{"name":"wp","href":"https:\/\/api.w.org\/{rel}","templated":true}]}}