{"id":132,"date":"2023-07-29T19:57:02","date_gmt":"2023-07-29T19:57:02","guid":{"rendered":"https:\/\/painfreebirthing.com\/turk\/bilmek-istedikleriniz\/epidural-ve-dovme\/"},"modified":"2023-07-29T19:57:02","modified_gmt":"2023-07-29T19:57:02","slug":"epidural-ve-dovme","status":"publish","type":"page","link":"https:\/\/painfreebirthing.com\/turk\/bilmek-istedikleriniz\/epidural-ve-dovme\/","title":{"rendered":"S\u0131rt\u0131mda d\u00f6vme varsa epidural yapt\u0131rabilir miyim?"},"content":{"rendered":"<p align=\"left\" style=\"color: rgb(0, 0, 0); font-family: 'Times New Roman'; font-size: medium; font-weight: 400; \"><font face=\"Tahoma, arial, verdana\" size=\"3\">Son zamanlarda \u00f6zellikle de s\u0131rt\u0131n alt k\u0131sm\u0131na (bel b\u00f6lgesine) yapt\u0131r\u0131lan d\u00f6vmelerin popularitesi artt\u0131\u011f\u0131ndan bu soru s\u0131k\u00e7a sorulmaktad\u0131r. Baz\u0131 anesteziyologlar d\u00f6vmenin do\u011frudan i\u00e7ine epidural yapmak istememelerine ra\u011fmen, \u00e7o\u011fu zaman g\u00fcvenle yap\u0131labilir. Ama yine de en iyisi bu konuyu hastanenizdeki anesteziyologla tart\u0131\u015fman\u0131zd\u0131r. D\u00f6vmenin i\u00e7inden i\u011fne ge\u00e7mesinin zarar verece\u011fine dair ipucu yoktur. Obstetrik Anestezi ve Perinatoloji Derne\u011fi\u2019nin b\u00fcltenindeki bir patolo\u011fun g\u00f6r\u00fc\u015f\u00fcne g\u00f6re;<\/p>\n<p>\u201cd\u00f6vme pigmentleri (renk veren madde) dermis ve ba\u011f dokuda serbest bir \u015fekilde kalmaz, iyile\u015fme s\u00fcrecinde makrofajlar taraf\u0131ndan h\u0131zla asimile edilir. Pigment i\u00e7eren bu makrofajlar\u0131n \u00e7o\u011fu d\u00f6vmenin kalma s\u00fcresince sadece ve sadece dermiste kal\u0131r. D\u00f6vme yap\u0131l\u0131rken kullan\u0131lan pigment miktar\u0131 da olduk\u00e7a azd\u0131r. Pigmentler asal metal tuzlardan ve farkl\u0131 yap\u0131daki fenolfitaleyin bazlar\u0131ndan olu\u015fmu\u015ftur ve allerjik \u00f6zellikleri nerdeyse yoktur. Spinal ya da epidural aral\u0131\u011fa d\u00f6vmenin i\u00e7inden i\u011fne yerle\u015ftirilmesinde bir sorun olmaz. E\u011fer pigment partik\u00fclleri dermiste sabit ve hareketsizse i\u011fneyle hareket (mobilize) ettirilemezler. Ger\u00e7ekten de d\u00f6vme bulunan bir ciltten i\u011fne yap\u0131lmas\u0131nda bir tehlike yoktur.<\/font><\/p>\n<p align=\"left\" style=\"color: rgb(0, 0, 0); font-family: 'Times New Roman'; font-size: medium; font-weight: 400; \"><font face=\"Tahoma, arial, verdana\" size=\"3\">Okunmas\u0131 tavsiye edilenler:<\/font><\/p>\n<p align=\"left\" style=\"color: rgb(0, 0, 0); font-family: 'Times New Roman'; font-size: medium; font-weight: 400; \"><font face=\"Tahoma, arial, verdana\" size=\"3\"><a target=\"_blank\" href=\"http:\/\/www.soap.org\/media\/newsletter_summer2001.pdf\" rel=\"noopener\">http:\/\/www.soap.org\/media\/newsletter_summer2001.pdf&nbsp;<\/a><\/font><\/p>\n<p align=\"left\" style=\"color: rgb(0, 0, 0); font-family: 'Times New Roman'; font-size: medium; font-weight: 400; \"><font face=\"Tahoma, arial, verdana\" size=\"3\"><a href=\"http:\/\/tatto.about.com\/b\/a\/018306.htm\">htt<\/a><a target=\"_blank\" href=\"http:\/\/tatto.about.com\/b\/a\/018306.htm\" rel=\"noopener\">p:\/\/tatto.about.com\/b\/a\/018306.htm&nbsp;<\/a><\/font><\/p>\n<p align=\"left\" style=\"margin-top: 10px; margin-bottom: 10px; font-weight: 400; background-color: rgb(229, 229, 229); \"><span style=\"color: rgb(20, 20, 20); font-family: Tahoma, arial, verdana; font-size: medium;\"><br \/><\/span><\/p>\n<table border=\"0\" width=\"100%\">\n<tbody>\n<tr>\n<td align=\"center\" style=\"text-align: center; \"><font face=\"Tahoma, arial, verdana\" size=\"3\"><span style=\"color: #000000; \">Bir sonraki b\u00f6l\u00fcm i\u00e7in t\u0131klay\u0131n\u0131z<\/span><\/font><\/td>\n<\/tr>\n<tr>\n<td align=\"left\">\n<p align=\"center\"><a href=\"\/s%c4%b1k-kars%c4%b1las%c4%b1lan-endiseler\/Ignelerden-korkuyor-musunuz\" target=\"_parent\" rel=\"noopener\">\u0130\u011fneden korkar m\u0131s\u0131n\u0131z?<\/a><\/p>\n<\/td>\n<\/tr>\n<\/tbody>\n<\/table>\n<p style=\"text-align: center;\"><\/p>\n","protected":false},"excerpt":{"rendered":"<p>Son zamanlarda \u00f6zellikle de s\u0131rt\u0131n alt k\u0131sm\u0131na (bel b\u00f6lgesine) yapt\u0131r\u0131lan d\u00f6vmelerin popularitesi artt\u0131\u011f\u0131ndan bu soru s\u0131k\u00e7a sorulmaktad\u0131r. Baz\u0131 anesteziyologlar d\u00f6vmenin do\u011frudan i\u00e7ine epidural yapmak istememelerine ra\u011fmen, \u00e7o\u011fu zaman g\u00fcvenle yap\u0131labilir. Ama yine de en iyisi bu konuyu hastanenizdeki anesteziyologla tart\u0131\u015fman\u0131zd\u0131r. D\u00f6vmenin i\u00e7inden i\u011fne ge\u00e7mesinin zarar verece\u011fine dair ipucu yoktur. Obstetrik Anestezi ve Perinatoloji Derne\u011fi\u2019nin b\u00fcltenindeki&#8230;<\/p>\n<p class=\"more-link-wrap\"><a href=\"https:\/\/painfreebirthing.com\/turk\/bilmek-istedikleriniz\/epidural-ve-dovme\/\" class=\"more-link\">Read More<span class=\"screen-reader-text\"> &ldquo;S\u0131rt\u0131mda d\u00f6vme varsa epidural yapt\u0131rabilir miyim?&rdquo;<\/span> &raquo;<\/a><\/p>\n","protected":false},"author":1,"featured_media":0,"parent":121,"menu_order":42,"comment_status":"closed","ping_status":"closed","template":"","meta":{"footnotes":""},"class_list":["post-132","page","type-page","status-publish","hentry"],"_links":{"self":[{"href":"https:\/\/painfreebirthing.com\/turk\/wp-json\/wp\/v2\/pages\/132","targetHints":{"allow":["GET"]}}],"collection":[{"href":"https:\/\/painfreebirthing.com\/turk\/wp-json\/wp\/v2\/pages"}],"about":[{"href":"https:\/\/painfreebirthing.com\/turk\/wp-json\/wp\/v2\/types\/page"}],"author":[{"embeddable":true,"href":"https:\/\/painfreebirthing.com\/turk\/wp-json\/wp\/v2\/users\/1"}],"replies":[{"embeddable":true,"href":"https:\/\/painfreebirthing.com\/turk\/wp-json\/wp\/v2\/comments?post=132"}],"version-history":[{"count":0,"href":"https:\/\/painfreebirthing.com\/turk\/wp-json\/wp\/v2\/pages\/132\/revisions"}],"up":[{"embeddable":true,"href":"https:\/\/painfreebirthing.com\/turk\/wp-json\/wp\/v2\/pages\/121"}],"wp:attachment":[{"href":"https:\/\/painfreebirthing.com\/turk\/wp-json\/wp\/v2\/media?parent=132"}],"curies":[{"name":"wp","href":"https:\/\/api.w.org\/{rel}","templated":true}]}}