{"id":129,"date":"2023-07-29T19:56:59","date_gmt":"2023-07-29T19:56:59","guid":{"rendered":"https:\/\/painfreebirthing.com\/turk\/bilmek-istedikleriniz\/dogum-eylemi-sirasinda-yiyip-icebilir-miyim\/"},"modified":"2023-07-29T19:56:59","modified_gmt":"2023-07-29T19:56:59","slug":"dogum-eylemi-sirasinda-yiyip-icebilir-miyim","status":"publish","type":"page","link":"https:\/\/painfreebirthing.com\/turk\/bilmek-istedikleriniz\/dogum-eylemi-sirasinda-yiyip-icebilir-miyim\/","title":{"rendered":"Do\u011fum eylemi s\u0131ras\u0131nda yiyip i\u00e7ebilir miyim?"},"content":{"rendered":"<table border=\"0\" width=\"100%\" height=\"563\">\n<tbody>\n<tr>\n<td><\/td>\n<\/tr>\n<tr>\n<td>\n<table border=\"0\" width=\"100%\" height=\"563\">\n<tbody>\n<tr>\n<td align=\"center\" height=\"47\">\n<table border=\"1\" width=\"100%\">\n<tbody>\n<tr>\n<td width=\"100%\">\n<p align=\"right\"><font face=\"Tahoma, arial, verdana\" size=\"2\">Bhavani Shankar Kodali MD<\/font><\/p>\n<\/td>\n<\/tr>\n<\/tbody>\n<\/table>\n<\/td>\n<\/tr>\n<tr>\n<td style=\"text-align: center; \"><font face=\"Tahoma, arial, verdana\" size=\"3\"><b><span style=\"color: #000000; \">Yiyecek ve i\u00e7ecekler do\u011fum eylemi s\u0131ras\u0131nda mideden yemek borusuna s\u0131zarlar (refl\u00fc) ve nefes borusuna (trakea) ka\u00e7abilirler. Sonu\u00e7 olarak akci\u011ferler t\u0131kan\u0131r ve zarar g\u00f6r\u00fcrler. A\u015fa\u011f\u0131daki resimde g\u00f6r\u00fclece\u011fi gibi ya\u015fam\u0131 tehdit eden solunum problemleri ortaya \u00e7\u0131kabilir (Do\u011fum eylemi s\u0131ras\u0131nda akci\u011fer aspirasyonu). Bu olay do\u011fum i\u00e7in genel anesteziye gereksinim duyulan durumlarda daha b\u00fcy\u00fck \u00f6nem kazan\u0131r.<\/span><span style=\"color: #000000; \">&nbsp;<br \/><\/span><\/p>\n<p><img loading=\"lazy\" decoding=\"async\" width=\"432\" height=\"288\" alt=\"\" class=\"art-lightbox\" src=\"https:\/\/painfreebirthing.com\/turk\/wp-content\/uploads\/2023\/07\/aspiration.gif\"><br \/><\/b><\/font><\/td>\n<\/tr>\n<\/tbody>\n<\/table>\n<p><font face=\"Tahoma, arial, verdana\" size=\"3\"><b><span style=\"color: #000000; \"><\/span><\/b><\/font><\/p>\n<p style=\"margin-top: 10px; margin-bottom: 10px; \"><font face=\"Tahoma, arial, verdana\" size=\"3\"><span style=\"color: #000000; \"><\/span><\/font><\/p>\n<p style=\"margin-top: 10px; margin-bottom: 10px; text-align: center; \">&nbsp;<\/p>\n<\/td>\n<\/tr>\n<tr>\n<td align=\"center\" style=\"text-align: center; \"><\/td>\n<\/tr>\n<tr>\n<td align=\"center\"><span style=\"color: #000000; \">&nbsp;<\/span><\/p>\n<table border=\"0\" width=\"100%\" height=\"563\">\n<tbody>\n<tr>\n<td align=\"center\">\n<p><span style=\"font-size: 16px; color: #000000; \"><font face=\"Tahoma, arial, verdana\"><b><span style=\"color: #000000; \">Do\u011fum eylemi esnas\u0131nda a\u011f\u0131zdan alma kurallar\u0131<\/span><\/b><\/font>&nbsp;<\/span><\/p>\n<p><b style=\"font-size: 16px; \">&nbsp;&nbsp;<\/b><\/p>\n<p><span style=\"font-size: 16px; color: #000000; \">&nbsp;<\/span><\/p>\n<\/td>\n<\/tr>\n<tr>\n<td><font face=\"Tahoma, arial, verdana\"><b style=\"font-size: 16px; \"><span style=\"color: #000000; \">Kat\u0131 g\u0131dalara kesinlikle izin verilmez \u00e7ok az miktarda berrak s\u0131v\u0131 gerekirse al\u0131nabilir. Son g\u00f6r\u00fc\u015fler do\u011fum esnas\u0131nda a\u011f\u0131zdan al\u0131m\u0131n serbestle\u015ftirilmesini te\u015fvik eder y\u00f6ndedir. Amerikan Anestezisler Derne\u011fi\u2019nin do\u011fum anestezisi konusunda son yay\u0131nlad\u0131\u011f\u0131 rapor da bu y\u00f6ndedir (Anesteziyoloji, 1999;90:600-11). Yine son kan\u0131tlar do\u011fum eylemi esnas\u0131nda uzam\u0131\u015f a\u00e7l\u0131\u011f\u0131n olumsuz metabolik sonu\u00e7lar\u0131 oldu\u011funu ve az miktarda berrak s\u0131v\u0131 al\u0131m\u0131n\u0131n emniyetini ortaya koymu\u015ftur.<\/span><\/b><\/font><\/p>\n<p><span style=\"font-size: 16px; color: #000000; \">&nbsp;<\/span><\/p>\n<\/td>\n<\/tr>\n<tr>\n<td>\n<p class=\"MsoNormal\" style=\"margin-left: 0.25in; text-align: justify; \"><font face=\"Tahoma\" style=\"font-size: 16px; \"><b><span lang=\"TR\" style=\"color: #000000; \">1.Berrak s\u0131v\u0131lar:<\/span><\/b><span lang=\"TR\" style=\"color: #000000; \">&nbsp;Do\u011fum eylemi s\u0131ras\u0131nda berrak s\u0131v\u0131lar\u0131n al\u0131m\u0131 annenin rahatl\u0131\u011f\u0131 ve memnuniyeti a\u00e7\u0131s\u0131ndan \u00f6nemlidir.<\/span><\/font><\/p>\n<p class=\"MsoNormal\" style=\"margin-left: 0.25in; text-align: justify; \"><font face=\"Tahoma\" style=\"font-size: 16px; \"><b><span lang=\"TR\" style=\"color: #000000; \">\u00d6neriler:&nbsp;<\/span><\/b><span lang=\"TR\" style=\"color: #000000; \">Komplike olmam\u0131\u015f do\u011fum hastalar\u0131nda az miktarda berrak s\u0131v\u0131 al\u0131nmas\u0131na izin verilebilir. Berrak s\u0131v\u0131lar sadece suyla s\u0131n\u0131rl\u0131 olmay\u0131p, tortusuz meyve sular\u0131, karbonatl\u0131 i\u00e7ecekler, a\u00e7\u0131k \u00e7ay, sade kahve olarak say\u0131labilir. \u0130\u00e7ilen s\u0131v\u0131n\u0131 tipi, miktar\u0131ndan daha \u00f6nemlidir. Ancak aspirasyon i\u00e7in ek risk fakt\u00f6r\u00fc ta\u015f\u0131yan (morbid obez, diabet, zorlu havayolu) veya operatif do\u011fum i\u00e7in y\u00fcksek riskli hastalarda a\u011f\u0131zdan al\u0131m iyice k\u0131s\u0131tlanabilir.<\/span><\/font><\/p>\n<p class=\"MsoNormal\" style=\"margin-left: 0.25in; text-align: justify; \"><font face=\"Tahoma\"><span lang=\"TR\" style=\"font-size: 16px; color: #000000; \">L\u00fctfen takip eden t\u0131bbi ekibe uygulad\u0131klar\u0131 y\u00f6ntemi sorunuz. Bizim hastanemizde hastalar do\u011fum \u00fcnitesinde g\u00f6zleme al\u0131nd\u0131\u011f\u0131 andan aktif do\u011fumun ba\u015flamas\u0131na veya epidural kateter yerle\u015ftirilmesine kadar a\u011f\u0131r kat\u0131 veya y\u00fcksek ya\u011f i\u00e7erikli g\u0131dalar olmamak kayd\u0131yla meyve suyu, kraker gibi hafif g\u0131dalar alabilir. Rejyonel anestezi ba\u015flad\u0131ktan sonra a\u011f\u0131zdan 8 oz\/saatten az olacak \u015fekilde meyve suyu (elma veya k\u0131z\u0131lc\u0131k), jelatin (jelibon), \u00e7ay, s\u00fcts\u00fcz kahve gibi karbonatl\u0131 olmayan berrak s\u0131v\u0131lar\u0131 alabilir. Her ko\u015fulda anestezi doktoru hastaya \u00f6zel de\u011ferlendirmede bulunarak de\u011fi\u015fik k\u0131s\u0131tlamalar uygulayabilir.<\/span><\/font><\/p>\n<p class=\"MsoNormal\" style=\"margin-left: 0.25in; text-align: justify; \"><font face=\"Tahoma\" style=\"font-size: 16px; \"><b><span lang=\"TR\" style=\"color: #000000; \">2. Kat\u0131 g\u0131dalar: &nbsp;<\/span><\/b><span lang=\"TR\" style=\"color: #000000; \">Do\u011fum hastalar\u0131nda kat\u0131 g\u0131dalar mutlak kesilmelidir. 8 saat ve \u00fczerinde bir a\u00e7l\u0131k s\u00fcresi elektif sezaryene gidecek komplike olmayan hamile bir kad\u0131nda gereklidir. Yine kontrol\u00fc alt\u0131nda oldu\u011funuz ekibin bu konudaki tercihini \u00f6\u011freniniz hastanemizde do\u011fum sonras\u0131nda t\u00fcplerini ba\u011flatmak isteyen bir kad\u0131n su d\u0131\u015f\u0131ndaki her t\u00fcrl\u00fc g\u0131day\u0131 8 saat \u00f6nceden kesmelidir.<\/span><\/font><\/p>\n<p><font face=\"Tahoma, arial, verdana\"><b style=\"font-size: 16px; \"><span style=\"color: #000000; \">.<\/span><\/b><\/font><\/p>\n<p align=\"center\"><font face=\"Tahoma, arial, verdana\" style=\"font-size: 16px; \"><span style=\"color: #000000; \">Bir sonraki b\u00f6l\u00fcm i\u00e7in t\u0131klay\u0131n\u0131z<\/span><\/font><\/p>\n<p align=\"center\"><a href=\"\/bilmek-istedikleriniz\/epidural-emzirmemi-etkiler-mi\" target=\"_parent\" rel=\"noopener\">Epidural, emzirmemi etkiler mi?<\/a><\/p>\n<\/td>\n<\/tr>\n<\/tbody>\n<\/table>\n<p style=\"margin-top: 10px; margin-bottom: 10px; \"><font face=\"Tahoma, arial, verdana\" size=\"3\"><b><span style=\"color: #000000; \"><\/span><\/b><\/font><\/p>\n<p style=\"margin-top: 10px; margin-bottom: 10px; \"><font face=\"Tahoma, arial, verdana\" size=\"3\"><\/font><\/p>\n<\/td>\n<\/tr>\n<tr>\n<td><font face=\"Tahoma, arial, verdana\" size=\"3\"><\/font><\/td>\n<\/tr>\n<tr>\n<td>\n<p style=\"margin-top: 10px; margin-bottom: 10px; \"><font face=\"Tahoma, arial, verdana\" size=\"3\"><b><\/b><\/font><\/p>\n<p style=\"margin-top: 10px; margin-bottom: 10px; \"><font face=\"Tahoma, arial, verdana\" size=\"3\"><\/font><\/p>\n<p style=\"margin-top: 10px; margin-bottom: 10px; \"><font face=\"Tahoma, arial, verdana\" size=\"3\"><\/font><\/p>\n<p style=\"margin-top: 10px; margin-bottom: 10px; \"><font face=\"Tahoma, arial, verdana\" size=\"3\"><\/font><\/p>\n<p style=\"margin-top: 10px; margin-bottom: 10px; \"><font face=\"Tahoma, arial, verdana\" size=\"3\"><\/font><\/p>\n<p style=\"margin-top: 10px; margin-bottom: 10px; \"><font face=\"Tahoma, arial, verdana\" size=\"3\"><\/font><\/p>\n<p style=\"margin-top: 10px; margin-bottom: 10px; \"><font face=\"Tahoma, arial, verdana\" size=\"3\"><\/font><\/p>\n<p style=\"margin-top: 10px; margin-bottom: 10px; text-align: center; \"><font face=\"Tahoma, arial, verdana\" size=\"3\"><span style=\"color: #000000; \"><\/span><\/font><\/p>\n<\/td>\n<\/tr>\n<\/tbody>\n<\/table>\n<p><\/p>\n","protected":false},"excerpt":{"rendered":"<p>Bhavani Shankar Kodali MD Yiyecek ve i\u00e7ecekler do\u011fum eylemi s\u0131ras\u0131nda mideden yemek borusuna s\u0131zarlar (refl\u00fc) ve nefes borusuna (trakea) ka\u00e7abilirler. Sonu\u00e7 olarak akci\u011ferler t\u0131kan\u0131r ve zarar g\u00f6r\u00fcrler. A\u015fa\u011f\u0131daki resimde g\u00f6r\u00fclece\u011fi gibi ya\u015fam\u0131 tehdit eden solunum problemleri ortaya \u00e7\u0131kabilir (Do\u011fum eylemi s\u0131ras\u0131nda akci\u011fer aspirasyonu). Bu olay do\u011fum i\u00e7in genel anesteziye gereksinim duyulan durumlarda daha b\u00fcy\u00fck \u00f6nem&#8230;<\/p>\n<p class=\"more-link-wrap\"><a href=\"https:\/\/painfreebirthing.com\/turk\/bilmek-istedikleriniz\/dogum-eylemi-sirasinda-yiyip-icebilir-miyim\/\" class=\"more-link\">Read More<span class=\"screen-reader-text\"> &ldquo;Do\u011fum eylemi s\u0131ras\u0131nda yiyip i\u00e7ebilir miyim?&rdquo;<\/span> &raquo;<\/a><\/p>\n","protected":false},"author":1,"featured_media":0,"parent":121,"menu_order":39,"comment_status":"closed","ping_status":"closed","template":"","meta":{"footnotes":""},"class_list":["post-129","page","type-page","status-publish","hentry"],"_links":{"self":[{"href":"https:\/\/painfreebirthing.com\/turk\/wp-json\/wp\/v2\/pages\/129","targetHints":{"allow":["GET"]}}],"collection":[{"href":"https:\/\/painfreebirthing.com\/turk\/wp-json\/wp\/v2\/pages"}],"about":[{"href":"https:\/\/painfreebirthing.com\/turk\/wp-json\/wp\/v2\/types\/page"}],"author":[{"embeddable":true,"href":"https:\/\/painfreebirthing.com\/turk\/wp-json\/wp\/v2\/users\/1"}],"replies":[{"embeddable":true,"href":"https:\/\/painfreebirthing.com\/turk\/wp-json\/wp\/v2\/comments?post=129"}],"version-history":[{"count":0,"href":"https:\/\/painfreebirthing.com\/turk\/wp-json\/wp\/v2\/pages\/129\/revisions"}],"up":[{"embeddable":true,"href":"https:\/\/painfreebirthing.com\/turk\/wp-json\/wp\/v2\/pages\/121"}],"wp:attachment":[{"href":"https:\/\/painfreebirthing.com\/turk\/wp-json\/wp\/v2\/media?parent=129"}],"curies":[{"name":"wp","href":"https:\/\/api.w.org\/{rel}","templated":true}]}}