{"id":123,"date":"2023-07-29T19:56:53","date_gmt":"2023-07-29T19:56:53","guid":{"rendered":"https:\/\/painfreebirthing.com\/turk\/bilmek-istedikleriniz\/hasta-kontrollu-epidural-analjezi\/"},"modified":"2023-07-29T19:56:53","modified_gmt":"2023-07-29T19:56:53","slug":"hasta-kontrollu-epidural-analjezi","status":"publish","type":"page","link":"https:\/\/painfreebirthing.com\/turk\/bilmek-istedikleriniz\/hasta-kontrollu-epidural-analjezi\/","title":{"rendered":"Hasta kontroll\u00fc epidural analjezi"},"content":{"rendered":"<table border=\"0\" width=\"100%\" >\n<tbody >\n<tr >\n<td ><font face=\"Tahoma, arial, verdana\" size=\"3\" ><span style=\"color: #000000; \">Hasta kontroll\u00fc epidural analjezi (PCEA), a\u011fr\u0131 veya rahats\u0131zl\u0131k duydu\u011funuzda epiduralinize ek a\u011fr\u0131 kesici ila\u00e7 yapman\u0131za olanak tan\u0131r. Anestezi doktoru, temel seviyede a\u011fr\u0131 kontrol\u00fc sa\u011flamak i\u00e7in epidurali ba\u015flat\u0131r, size istedi\u011finizde ek ila\u00e7 vermenizi sa\u011flayan, pompadan \u00e7\u0131kan kablosu bulunan bir d\u00fc\u011fme verir ve fazla ila\u00e7 gitmemesi i\u00e7in pompada s\u0131n\u0131rlama ayar\u0131 yapar. Kombine spinal-epidural tekni\u011fin epiduralin uzant\u0131s\u0131 oldu\u011fu gibi, PCEA da kullanmakta oldu\u011fumuz devaml\u0131 epidural analjezinin bir devam\u0131d\u0131r. PCEA tekni\u011finin ek yan etkileri veya komplikasyonlar\u0131 yoktur. Di\u011fer yandan, PCEA devaml\u0131 inf\u00fczyona benzer a\u011fr\u0131 kontrol\u00fc sa\u011flar, ancak daha d\u00fc\u015f\u00fck anestezi dozu ve daha az ayak ve bacak uyu\u015fuklu\u011fu g\u00f6r\u00fcl\u00fcr. Son y\u0131llarda PCEA kullan\u0131m\u0131 kolay oldu\u011fu i\u00e7in, doktorun giri\u015fimini azaltt\u0131\u011f\u0131 i\u00e7in ve anneler bu teknikle \u00e7ok memnun kald\u0131klar\u0131 i\u00e7in pop\u00fclerlik kazanm\u0131\u015ft\u0131r. Ayr\u0131ca bu teknik, istedi\u011finiz d\u00fczeyde a\u011fr\u0131 kontrol\u00fcn\u00fc sa\u011flamada kontrol hissi vermektedir.&nbsp;<\/span><br ><span style=\"color: #000000; \">.<\/span><\/font><\/td>\n<\/tr>\n<tr>\n<td><\/td>\n<\/tr>\n<tr>\n<td align=\"center\">&nbsp;<\/p>\n<p><font face=\"Tahoma, arial, verdana\" size=\"3\">.<\/font><\/p>\n<p style=\"text-align: center; \"><font face=\"Tahoma, arial, verdana\"><span style=\"color: #000000; \">.<\/span><\/font><font face=\"Tahoma, arial, verdana\" size=\"3\" ><span style=\"color: #000000; \">Bir sonraki b\u00f6l\u00fcm i\u00e7in t\u0131klay\u0131n\u0131z<\/span><\/font><\/p>\n<p style=\"text-align: center; \"><font face=\"Tahoma\"><a href=\"\/bilmek-istedikleriniz\/yuruyen-epidural-nedir\" target=\"_parent\" rel=\"noopener\">Y\u00fcr\u00fcyen epidural nedir?<\/a><\/font><\/p>\n<\/td>\n<\/tr>\n<\/tbody>\n<\/table>\n<p><span style=\"color: rgb(105, 105, 105); font-family: Tahoma, arial, verdana; font-size: medium;\"><br \/><\/span><\/p>\n<p><span style=\"font-family: Tahoma, arial, verdana; font-size: medium; font-weight: 400; background-color: rgba(255, 255, 255, 0.597656); color: rgb(0, 0, 0);\"><br \/><\/span><\/p>\n<p style=\"text-align: center;\"><\/p>\n","protected":false},"excerpt":{"rendered":"<p>Hasta kontroll\u00fc epidural analjezi (PCEA), a\u011fr\u0131 veya rahats\u0131zl\u0131k duydu\u011funuzda epiduralinize ek a\u011fr\u0131 kesici ila\u00e7 yapman\u0131za olanak tan\u0131r. Anestezi doktoru, temel seviyede a\u011fr\u0131 kontrol\u00fc sa\u011flamak i\u00e7in epidurali ba\u015flat\u0131r, size istedi\u011finizde ek ila\u00e7 vermenizi sa\u011flayan, pompadan \u00e7\u0131kan kablosu bulunan bir d\u00fc\u011fme verir ve fazla ila\u00e7 gitmemesi i\u00e7in pompada s\u0131n\u0131rlama ayar\u0131 yapar. Kombine spinal-epidural tekni\u011fin epiduralin uzant\u0131s\u0131 oldu\u011fu&#8230;<\/p>\n<p class=\"more-link-wrap\"><a href=\"https:\/\/painfreebirthing.com\/turk\/bilmek-istedikleriniz\/hasta-kontrollu-epidural-analjezi\/\" class=\"more-link\">Read More<span class=\"screen-reader-text\"> &ldquo;Hasta kontroll\u00fc epidural analjezi&rdquo;<\/span> &raquo;<\/a><\/p>\n","protected":false},"author":1,"featured_media":0,"parent":121,"menu_order":33,"comment_status":"closed","ping_status":"closed","template":"","meta":{"footnotes":""},"class_list":["post-123","page","type-page","status-publish","hentry"],"_links":{"self":[{"href":"https:\/\/painfreebirthing.com\/turk\/wp-json\/wp\/v2\/pages\/123","targetHints":{"allow":["GET"]}}],"collection":[{"href":"https:\/\/painfreebirthing.com\/turk\/wp-json\/wp\/v2\/pages"}],"about":[{"href":"https:\/\/painfreebirthing.com\/turk\/wp-json\/wp\/v2\/types\/page"}],"author":[{"embeddable":true,"href":"https:\/\/painfreebirthing.com\/turk\/wp-json\/wp\/v2\/users\/1"}],"replies":[{"embeddable":true,"href":"https:\/\/painfreebirthing.com\/turk\/wp-json\/wp\/v2\/comments?post=123"}],"version-history":[{"count":0,"href":"https:\/\/painfreebirthing.com\/turk\/wp-json\/wp\/v2\/pages\/123\/revisions"}],"up":[{"embeddable":true,"href":"https:\/\/painfreebirthing.com\/turk\/wp-json\/wp\/v2\/pages\/121"}],"wp:attachment":[{"href":"https:\/\/painfreebirthing.com\/turk\/wp-json\/wp\/v2\/media?parent=123"}],"curies":[{"name":"wp","href":"https:\/\/api.w.org\/{rel}","templated":true}]}}