{"id":116,"date":"2023-07-29T19:56:46","date_gmt":"2023-07-29T19:56:46","guid":{"rendered":"https:\/\/painfreebirthing.com\/turk\/epidural-yapildiktan-sonra-ne-olur\/"},"modified":"2023-07-29T19:56:46","modified_gmt":"2023-07-29T19:56:46","slug":"epidural-yapildiktan-sonra-ne-olur","status":"publish","type":"page","link":"https:\/\/painfreebirthing.com\/turk\/epidural-yapildiktan-sonra-ne-olur\/","title":{"rendered":"Epidural yap\u0131ld\u0131ktan sonra ne olur?"},"content":{"rendered":"<p style=\"margin-top: 10px; margin-bottom: 10px; color: rgb(105, 105, 105); font-family: Arial, 'Arial Unicode MS', Helvetica, sans-serif; font-size: 13px; font-weight: 400; background-color: rgba(255, 255, 255, 0.589844);\"><a target=\"main\" href=\"http:\/\/www.painfreebirthing.com\/turkey\/vigilancet.htm\" style=\"font-family: Tahoma, arial, verdana; font-size: small; font-weight: 400; text-align: start; background-color: rgb(255, 255, 255);\" rel=\"noopener\">S\u00fcrekli uyan\u0131kl\u0131k&nbsp;<\/a><a href=\"\/after-epidural-placement\/continual-vigilance\" style=\"font-family: Arial, 'Arial Unicode MS', Helvetica, sans-serif; cursor: pointer;\" target=\"_parent\" rel=\"noopener\"><span style=\"color: rgb(0, 0, 0); \"><\/span><\/a><\/p>\n<p style=\"margin-top: 10px; margin-bottom: 10px; font-family: Arial, 'Arial Unicode MS', Helvetica, sans-serif; font-size: 13px; font-weight: 400; background-color: rgba(255, 255, 255, 0.589844);\"><a target=\"main\" href=\"http:\/\/www.painfreebirthing.com\/turkey\/vigilance1t.htm\" rel=\"noopener\"><font face=\"Tahoma, arial, verdana\" size=\"2\" style=\"color: rgb(0, 0, 0); font-weight: 400; text-align: start;\">Epidural kan bas\u0131nc\u0131m\u0131<\/font><\/a><a target=\"main\" href=\"http:\/\/www.painfreebirthing.com\/turkey\/vigilance1t.htm\" style=\"font-family: 'Times New Roman'; font-size: medium; font-weight: 400; text-align: start;\" rel=\"noopener\"><br \/><font face=\"Tahoma, arial, verdana\" size=\"2\">&nbsp;&nbsp; etkiler mi?\t<\/font><\/a><span style=\"color: rgb(0, 0, 0);\"><br \/><\/span><\/p>\n<p style=\"margin-top: 10px; margin-bottom: 10px; color: rgb(105, 105, 105); font-family: Arial, 'Arial Unicode MS', Helvetica, sans-serif; font-size: 13px; font-weight: 400; background-color: rgba(255, 255, 255, 0.589844);\"><a target=\"main\" href=\"http:\/\/www.painfreebirthing.com\/turkey\/vigilance3t.htm\" style=\"font-family: Tahoma, arial, verdana; font-size: small; font-weight: 400; text-align: start; background-color: rgb(255, 255, 255);\" rel=\"noopener\">Epidural analjezinin amac\u0131<\/a><a href=\"\/after-epidural-placement\/aim-of-epidural-labor-analgesia\" style=\"font-family: Arial, 'Arial Unicode MS', Helvetica, sans-serif; cursor: pointer;\" target=\"_parent\" rel=\"noopener\"><span style=\"color: rgb(0, 0, 0); \"><\/span><\/a><\/p>\n<p style=\"margin-top: 10px; margin-bottom: 10px; font-family: Arial, 'Arial Unicode MS', Helvetica, sans-serif; font-size: 13px; font-weight: 400; background-color: rgba(255, 255, 255, 0.589844);\"><a target=\"main\" href=\"http:\/\/www.painfreebirthing.com\/turkey\/vigilance2t.htm\" style=\"font-family: Tahoma, arial, verdana; font-size: small; font-weight: 400; text-align: start; background-color: rgb(255, 255, 255); \" rel=\"noopener\">A\u011fr\u0131 tedavisinin izlenmesi<\/a><span style=\"color: rgb(0, 0, 0);\"><br \/><\/span><\/p>\n<p><\/p>\n","protected":false},"excerpt":{"rendered":"<p>S\u00fcrekli uyan\u0131kl\u0131k&nbsp; Epidural kan bas\u0131nc\u0131m\u0131&nbsp;&nbsp; etkiler mi? Epidural analjezinin amac\u0131 A\u011fr\u0131 tedavisinin izlenmesi<\/p>\n","protected":false},"author":1,"featured_media":0,"parent":0,"menu_order":26,"comment_status":"closed","ping_status":"closed","template":"","meta":{"footnotes":""},"class_list":["post-116","page","type-page","status-publish","hentry"],"_links":{"self":[{"href":"https:\/\/painfreebirthing.com\/turk\/wp-json\/wp\/v2\/pages\/116","targetHints":{"allow":["GET"]}}],"collection":[{"href":"https:\/\/painfreebirthing.com\/turk\/wp-json\/wp\/v2\/pages"}],"about":[{"href":"https:\/\/painfreebirthing.com\/turk\/wp-json\/wp\/v2\/types\/page"}],"author":[{"embeddable":true,"href":"https:\/\/painfreebirthing.com\/turk\/wp-json\/wp\/v2\/users\/1"}],"replies":[{"embeddable":true,"href":"https:\/\/painfreebirthing.com\/turk\/wp-json\/wp\/v2\/comments?post=116"}],"version-history":[{"count":0,"href":"https:\/\/painfreebirthing.com\/turk\/wp-json\/wp\/v2\/pages\/116\/revisions"}],"wp:attachment":[{"href":"https:\/\/painfreebirthing.com\/turk\/wp-json\/wp\/v2\/media?parent=116"}],"curies":[{"name":"wp","href":"https:\/\/api.w.org\/{rel}","templated":true}]}}