{"id":113,"date":"2023-07-29T19:56:43","date_gmt":"2023-07-29T19:56:43","guid":{"rendered":"https:\/\/painfreebirthing.com\/turk\/rejyonel-bolgesel-anestezi\/epidural-ve-spinal-nedir\/epidural-anestezi-spinal-anestezi\/"},"modified":"2023-07-29T19:56:43","modified_gmt":"2023-07-29T19:56:43","slug":"epidural-anestezi-spinal-anestezi","status":"publish","type":"page","link":"https:\/\/painfreebirthing.com\/turk\/rejyonel-bolgesel-anestezi\/epidural-ve-spinal-nedir\/epidural-anestezi-spinal-anestezi\/","title":{"rendered":"Epidural Anestezi \/Spinal Anestezi"},"content":{"rendered":"<table>\n<tbody>\n<tr>\n<td align=\"center\">\n<table>\n<tbody>\n<tr>\n<td align=\"center\"><font face=\"Tahoma, arial, verdana\" size=\"3\"><b><span style=\"color: #000000; \">Epidural Anestezi<\/span><\/b><\/font><\/td>\n<\/tr>\n<tr>\n<td><font face=\"Tahoma, arial, verdana\" size=\"3\"><span style=\"color: #000000; \">Epidural anestezi yapmak i\u00e7in epidural i\u011fnesi epidural aral\u0131\u011fa yerle\u015ftirilir. Lokal anestezik ila\u00e7lar spinal s\u0131v\u0131 ve spinal kordu i\u00e7eren kesenin d\u0131\u015f\u0131na enjekte edilir. Sinirler epidural aral\u0131kta bloke edilir.<\/span>&nbsp;<\/font><\/td>\n<\/tr>\n<\/tbody>\n<\/table>\n<p><font face=\"Tahoma, arial, verdana\" size=\"3\"><b><span style=\"color: #000000; \"><\/span><\/b><\/font><\/td>\n<\/tr>\n<tr>\n<td align=\"center\" style=\"text-align: center; \"><img loading=\"lazy\" decoding=\"async\" width=\"288\" height=\"432\" alt=\"\" class=\"art-lightbox\" src=\"https:\/\/painfreebirthing.com\/turk\/wp-content\/uploads\/2023\/07\/anat4bwspaceep.gif\"><\/td>\n<\/tr>\n<tr>\n<td align=\"center\" style=\"text-align: center; \">&nbsp;<\/p>\n<p style=\"margin-top: 10px; margin-bottom: 10px; \">&nbsp;<\/p>\n<\/td>\n<\/tr>\n<tr>\n<td>\n<table>\n<tbody>\n<tr>\n<td align=\"center\">\n<p><font face=\"Tahoma, arial, verdana\" size=\"3\"><b><span style=\"color: #000000; \">Spinal Anestezi<\/span><\/b><\/font><\/p>\n<\/td>\n<\/tr>\n<tr>\n<td><font face=\"Tahoma, arial, verdana\" size=\"3\"><span style=\"color: #000000; \">Spinal anestezi sa\u011flamak i\u00e7in spinal i\u011fnesi spinal aral\u0131\u011fa yerle\u015ftirilir. \u0130\u011fne spinal s\u0131v\u0131 ve spinal kordu i\u00e7eren keseyi deler. Lokal aneste<\/span><span style=\"color: #000000; \">zik, spinal s\u0131v\u0131 i\u00e7ine enjekte edilir. Sinirler spinal alanda bloke edilir. Spinal i\u011fne, spinal korda hasar olmamas\u0131 i\u00e7in spinal kordun bitti\u011fi seviyenin alt\u0131nda spinal aral\u0131\u011fa yerle\u015ftirilir.<\/span><\/font><\/td>\n<\/tr>\n<\/tbody>\n<\/table>\n<p><span style=\"color: rgb(0, 0, 0); font-family: Tahoma, arial, verdana; font-size: medium;\"><br \/><\/span><\/td>\n<\/tr>\n<tr>\n<td align=\"center\" style=\"text-align: center; \"><img loading=\"lazy\" decoding=\"async\" width=\"288\" height=\"432\" alt=\"\" class=\"art-lightbox\" src=\"https:\/\/painfreebirthing.com\/turk\/wp-content\/uploads\/2023\/07\/anat4bwspacesp.gif\" ><\/p>\n<p><span style=\"font-family: Tahoma, arial, verdana; color: #000000; \">Bir sonraki b\u00f6l\u00fcm i\u00e7in t\u0131klay\u0131n\u0131z<br \/><a href=\"\/rejyonel-bolgesel-anestezi\/Islem-s%c4%b1ras%c4%b1nda-nas%c4%b1l-bir-pozisyon-almam-gerekir\" target=\"_parent\" rel=\"noopener\">\u0130\u015flem s\u0131ras\u0131nda nas\u0131l bir pozisyon almam gerekir?<\/a><span style=\"color: rgb(128, 128, 128); font-family: Tahoma, Arial, Helvetica, sans-serif; text-align: -webkit-center; \"><\/span><br \/><\/span><br \/><span style=\"font-family: Tahoma, arial, verdana; font-size: medium;\"><br \/><\/span><\/p>\n<\/td>\n<\/tr>\n<\/tbody>\n<\/table>\n<p><\/p>\n","protected":false},"excerpt":{"rendered":"<p>Epidural Anestezi Epidural anestezi yapmak i\u00e7in epidural i\u011fnesi epidural aral\u0131\u011fa yerle\u015ftirilir. Lokal anestezik ila\u00e7lar spinal s\u0131v\u0131 ve spinal kordu i\u00e7eren kesenin d\u0131\u015f\u0131na enjekte edilir. Sinirler epidural aral\u0131kta bloke edilir.&nbsp; &nbsp; &nbsp; Spinal Anestezi Spinal anestezi sa\u011flamak i\u00e7in spinal i\u011fnesi spinal aral\u0131\u011fa yerle\u015ftirilir. \u0130\u011fne spinal s\u0131v\u0131 ve spinal kordu i\u00e7eren keseyi deler. Lokal anestezik, spinal s\u0131v\u0131&#8230;<\/p>\n<p class=\"more-link-wrap\"><a href=\"https:\/\/painfreebirthing.com\/turk\/rejyonel-bolgesel-anestezi\/epidural-ve-spinal-nedir\/epidural-anestezi-spinal-anestezi\/\" class=\"more-link\">Read More<span class=\"screen-reader-text\"> &ldquo;Epidural Anestezi \/Spinal Anestezi&rdquo;<\/span> &raquo;<\/a><\/p>\n","protected":false},"author":1,"featured_media":0,"parent":111,"menu_order":23,"comment_status":"closed","ping_status":"closed","template":"","meta":{"footnotes":""},"class_list":["post-113","page","type-page","status-publish","hentry"],"_links":{"self":[{"href":"https:\/\/painfreebirthing.com\/turk\/wp-json\/wp\/v2\/pages\/113","targetHints":{"allow":["GET"]}}],"collection":[{"href":"https:\/\/painfreebirthing.com\/turk\/wp-json\/wp\/v2\/pages"}],"about":[{"href":"https:\/\/painfreebirthing.com\/turk\/wp-json\/wp\/v2\/types\/page"}],"author":[{"embeddable":true,"href":"https:\/\/painfreebirthing.com\/turk\/wp-json\/wp\/v2\/users\/1"}],"replies":[{"embeddable":true,"href":"https:\/\/painfreebirthing.com\/turk\/wp-json\/wp\/v2\/comments?post=113"}],"version-history":[{"count":0,"href":"https:\/\/painfreebirthing.com\/turk\/wp-json\/wp\/v2\/pages\/113\/revisions"}],"up":[{"embeddable":true,"href":"https:\/\/painfreebirthing.com\/turk\/wp-json\/wp\/v2\/pages\/111"}],"wp:attachment":[{"href":"https:\/\/painfreebirthing.com\/turk\/wp-json\/wp\/v2\/media?parent=113"}],"curies":[{"name":"wp","href":"https:\/\/api.w.org\/{rel}","templated":true}]}}