{"id":287,"date":"2023-07-08T15:12:52","date_gmt":"2023-07-08T15:12:52","guid":{"rendered":"https:\/\/painfreebirthing.com\/spn\/anestesia-para-cesarea\/manejo-del-dolor-despues-de-cirugia\/"},"modified":"2023-07-08T15:12:52","modified_gmt":"2023-07-08T15:12:52","slug":"manejo-del-dolor-despues-de-cirugia","status":"publish","type":"page","link":"https:\/\/painfreebirthing.com\/spn\/anestesia-para-cesarea\/manejo-del-dolor-despues-de-cirugia\/","title":{"rendered":"Manejo del dolor despu\u00e9s de la ces\u00e1rea"},"content":{"rendered":"<p style=\"margin-top: 10px; margin-bottom: 10px; color: rgb(105, 105, 105); font-family: Arial, 'Arial Unicode MS', Helvetica, sans-serif; background-color: rgba(255, 255, 255, 0.597656); font-weight: bold; text-align: center;\"><b><br \/><\/b><\/p>\n<p style=\"text-align: center;\"><font face=\"Tahoma, arial, verdana\" size=\"3\" style=\"font-weight: 400; background-color: rgba(255, 255, 255, 0.597656); color: rgb(0, 0, 0); font-size: medium; text-align: -webkit-left;\"><span style=\"font-weight: bold;\"><img loading=\"lazy\" decoding=\"async\" width=\"216\" height=\"288\" alt=\"\" class=\"art-lightbox\" src=\"https:\/\/painfreebirthing.com\/spn\/wp-content\/uploads\/2023\/07\/postoppain-2.gif\"><font face=\"Tahoma, arial, verdana\" size=\"3\" style=\"font-weight: 400; background-color: rgba(255, 255, 255, 0.597656); color: rgb(0, 0, 0); font-size: medium; text-align: -webkit-left;\"><span style=\"font-weight: bold;\"><br \/><\/span><\/font><\/span><\/font><\/p>\n<p><font face=\"Tahoma, arial, verdana\" size=\"3\" style=\"font-weight: 400; background-color: rgba(255, 255, 255, 0.597656); color: rgb(0, 0, 0); font-size: medium; text-align: -webkit-left;\"><span style=\"font-family: 'Times New Roman'; font-size: medium; font-weight: 400;\">\u00bf<\/span><font face=\"Tahoma\" style=\"font-size: medium; font-weight: 400;\"><b>Hay dolor despu\u00e9s de la operaci\u00f3n?<\/b><\/font><\/font><\/p>\n<p style=\"font-family: 'Times New Roman'; font-size: medium; font-weight: 400;\"><font face=\"Tahoma, arial, verdana\" size=\"3\" style=\"font-weight: 400; background-color: rgba(255, 255, 255, 0.597656); color: rgb(0, 0, 0); font-size: medium; text-align: -webkit-left;\"><font face=\"Tahoma\"><br \/>El dolor de la herida en el abdomen puede limitar su habilidad de levantarse de la cama y participar en el cuidado del bebe. Por esta raz\u00f3n, el manejo del dolor postoperatorio es necesario.<\/p>\n<p><b>\u00bfC\u00f3mo se controla el dolor?<\/b><\/font><\/font><\/p>\n<p style=\"font-family: 'Times New Roman'; font-size: medium; font-weight: 400;\"><font face=\"Tahoma, arial, verdana\" size=\"3\" style=\"font-weight: 400; background-color: rgba(255, 255, 255, 0.597656); color: rgb(0, 0, 0); font-size: medium; text-align: -webkit-left;\"><font face=\"Tahoma\"><br \/>Los medicamentos para el dolor pueden ser tomados como pastillas, o intravenosos o estar incluidos como parte de la anestesia regional que se le aplico para la cirug\u00eda. Como su estomago no va a tolerar comida, el tomar pastillas no va a ser posible sino hasta varias horas despu\u00e9s de la cirug\u00eda.<br \/>Su anestesi\u00f3logo se encargara de que usted se encuentre confortable despu\u00e9s de la cirug\u00eda. El metodo que el escoja dependera del tipo de anestesia que usted recibio para la cirug\u00eda. Si usted tuvo anestesia regional (peridural o raqu\u00eddea), las medicaciones para el dolor le fueron colocados con la anestesia y pueden durar hasta 18 horas. Si usted recibi\u00f3 anestesia general, el dolor es controlado atravez de una bomba que usted controlara apretando un boton cada vez que sienta dolor y esta bomba le administrara medicamentos intravenosos. El dolor despu\u00e9s del segundo d\u00eda es manejado con pastillas.<\/font><\/font><\/p>\n<p style=\"font-family: 'Times New Roman'; font-size: medium; font-weight: 400;\"><font face=\"Tahoma, arial, verdana\" size=\"3\" style=\"font-weight: 400; background-color: rgba(255, 255, 255, 0.597656); color: rgb(0, 0, 0); font-size: medium; text-align: -webkit-left;\"><font face=\"Tahoma\"><br \/><b>\u00bfHay alg\u00fan efecto secundario?<\/b><\/font><\/font><\/p>\n<p style=\"font-family: 'Times New Roman'; font-size: medium; font-weight: 400;\"><font face=\"Tahoma, arial, verdana\" size=\"3\" style=\"font-weight: 400; background-color: rgba(255, 255, 255, 0.597656); color: rgb(0, 0, 0); font-size: medium; text-align: -webkit-left;\"><font face=\"Tahoma\"><br \/>La medicaci\u00f3n para el dolor es usualmente alguna forma de narc\u00f3ticos. Los efectos secundarios de estos medicamentos son, somnolencia, rasqui\u00f1a, nausea, depresi\u00f3n respiratoria y constipaci\u00f3n. Estos efectos usualmente son m\u00ednimos y auto controlados. Si son muy molestos, existen medicamentos para controlar estos efectos secundarios. No hay ninguna acumulaci\u00f3n considerable de estos medicamentos en la leche materna. Usted no deber\u00e1 preocuparse acerca de volverse adicta a los narc\u00f3ticos. Es mucho m\u00e1s importante el sentirse c\u00f3moda y confortable para poder ponerse de pie despu\u00e9s de la cirug\u00eda que preocuparse de los efectos secundarios de los medicamentos.<\/font><\/font><\/p>\n<p style=\"margin-top: 10px; margin-bottom: 10px; font-weight: 400; background-color: rgba(255, 255, 255, 0.597656); color: rgb(0, 0, 0); font-family: 'Times New Roman'; font-size: medium; text-align: -webkit-left;\">\n<p style=\"margin-top: 10px; margin-bottom: 10px; font-weight: 400; background-color: rgba(255, 255, 255, 0.597656); color: rgb(0, 0, 0); font-family: 'Times New Roman'; font-size: medium; text-align: -webkit-left;\"><font face=\"Tahoma, arial, verdana\" size=\"3\"><\/font><\/p>\n<p style=\"margin-top: 10px; margin-bottom: 10px; font-weight: 400; background-color: rgba(255, 255, 255, 0.597656); color: rgb(0, 0, 0); font-family: 'Times New Roman'; font-size: medium; text-align: -webkit-left;\">\n<p style=\"margin-top: 10px; margin-bottom: 10px; font-weight: 400; background-color: rgba(255, 255, 255, 0.597656); color: rgb(0, 0, 0); font-family: 'Times New Roman'; font-size: medium; text-align: -webkit-left;\">\n<p style=\"margin-top: 10px; margin-bottom: 10px; font-weight: 400; background-color: rgba(255, 255, 255, 0.597656); color: rgb(0, 0, 0); font-family: 'Times New Roman'; font-size: medium; text-align: -webkit-left;\"><font face=\"Tahoma, arial, verdana\" size=\"3\"><\/font><\/p>\n<p style=\"margin-top: 10px; margin-bottom: 10px; font-weight: 400; background-color: rgba(255, 255, 255, 0.597656); color: rgb(0, 0, 0); font-family: 'Times New Roman'; font-size: medium; text-align: -webkit-left;\"><font face=\"Tahoma, arial, verdana\" size=\"3\"><\/font><\/p>\n<p style=\"margin-top: 10px; margin-bottom: 10px; font-weight: 400; background-color: rgba(255, 255, 255, 0.597656); color: rgb(0, 0, 0); font-family: 'Times New Roman'; font-size: medium; text-align: -webkit-left;\"><font face=\"Tahoma, arial, verdana\" size=\"3\"><br \/><\/font><\/p>\n<p><\/p>\n","protected":false},"excerpt":{"rendered":"<p>\u00bfHay dolor despu\u00e9s de la operaci\u00f3n? El dolor de la herida en el abdomen puede limitar su habilidad de levantarse de la cama y participar en el cuidado del bebe. Por esta raz\u00f3n, el manejo del dolor postoperatorio es necesario. \u00bfC\u00f3mo se controla el dolor? Los medicamentos para el dolor pueden ser tomados como pastillas,&#8230;<\/p>\n<p class=\"more-link-wrap\"><a href=\"https:\/\/painfreebirthing.com\/spn\/anestesia-para-cesarea\/manejo-del-dolor-despues-de-cirugia\/\" class=\"more-link\">Read More<span class=\"screen-reader-text\"> &ldquo;Manejo del dolor despu\u00e9s de la ces\u00e1rea&rdquo;<\/span> &raquo;<\/a><\/p>\n","protected":false},"author":1,"featured_media":0,"parent":284,"menu_order":52,"comment_status":"closed","ping_status":"closed","template":"","meta":{"footnotes":""},"class_list":["post-287","page","type-page","status-publish","hentry"],"_links":{"self":[{"href":"https:\/\/painfreebirthing.com\/spn\/wp-json\/wp\/v2\/pages\/287","targetHints":{"allow":["GET"]}}],"collection":[{"href":"https:\/\/painfreebirthing.com\/spn\/wp-json\/wp\/v2\/pages"}],"about":[{"href":"https:\/\/painfreebirthing.com\/spn\/wp-json\/wp\/v2\/types\/page"}],"author":[{"embeddable":true,"href":"https:\/\/painfreebirthing.com\/spn\/wp-json\/wp\/v2\/users\/1"}],"replies":[{"embeddable":true,"href":"https:\/\/painfreebirthing.com\/spn\/wp-json\/wp\/v2\/comments?post=287"}],"version-history":[{"count":0,"href":"https:\/\/painfreebirthing.com\/spn\/wp-json\/wp\/v2\/pages\/287\/revisions"}],"up":[{"embeddable":true,"href":"https:\/\/painfreebirthing.com\/spn\/wp-json\/wp\/v2\/pages\/284"}],"wp:attachment":[{"href":"https:\/\/painfreebirthing.com\/spn\/wp-json\/wp\/v2\/media?parent=287"}],"curies":[{"name":"wp","href":"https:\/\/api.w.org\/{rel}","templated":true}]}}