{"id":282,"date":"2023-07-08T15:12:47","date_gmt":"2023-07-08T15:12:47","guid":{"rendered":"https:\/\/painfreebirthing.com\/spn\/effectos-secundarios-y-complicaciones\/"},"modified":"2023-07-08T15:12:47","modified_gmt":"2023-07-08T15:12:47","slug":"effectos-secundarios-y-complicaciones","status":"publish","type":"page","link":"https:\/\/painfreebirthing.com\/spn\/effectos-secundarios-y-complicaciones\/","title":{"rendered":"Side Effects And Complications of Labor Epidural"},"content":{"rendered":"<p align=\"left\" style=\"color: rgb(0, 0, 0); font-family: 'Times New Roman'; font-size: medium; font-weight: 400;\"><font face=\"Tahoma, arial, verdana\" size=\"3\">Efectos secundarios y contraindicaciones<\/p>\n<p>El anestesi\u00f3logo toma todas las medidas posibles para evitar complicaciones. Los efectos secundarios son raros, pero pueden ocurrir. Algunos de los efectos secundarios depender\u00e1n de las circunstancias especificas de su parto.<\/p>\n<p>Temblor(escalofri\u00f3): puede ocurrir y es una reacci\u00f3n com\u00fan. Algunas veces ocurre durante el trabajo de parto aun si Ud. no ha recibido peridural. Mantenerse caliente ayuda a que pase.<\/p>\n<p>Disminuci\u00f3n de la presi\u00f3n arterial: Ud. va a recibir l\u00edquidos endovenosos y su presi\u00f3n arterial va a ser monitorizada frecuentemente y tratada si es necesario.<\/p>\n<p>Rasqui\u00f1a durante el parto: Esto es debido al uso de narc\u00f3ticos en la peridural o espinal, si la rasqui\u00f1a es severa el anestesi\u00f3logo la puede tratar con medicaciones. La mayor\u00eda de mujeres dicen que es m\u00ednima.<\/p>\n<p>Reacci\u00f3n a la anestesia local: Son raras, pero pueden ser serias, no olvide decirle a su anestesi\u00f3logo si alguna vez ha tenido problemas con anestesia local.<\/p>\n<p>Problemas para respirar: En raras ocasiones, la medicaci\u00f3n usada en la peridural o espinal puede afectar los m\u00fasculos del t\u00f3rax y hacer que se sienta dif\u00edcil respirar, usualmente con oxigeno se resulte este problema.<\/p>\n<p>Inyecci\u00f3n en las venas: Las venas que est\u00e1n localizadas en el espacio peridural se hinchan durante el embarazo. Hay un riesgo de que la medicaci\u00f3n sea inyectada en una de estas venas. Para ayudar a prevenir reacciones inusuales debido a esto, el anestesi\u00f3logo le va a administrar una dosis de prueba y le preguntara si siente mareo, sabor extra\u00f1o en la boca, adormecimiento en los o\u00eddos o palpitaciones.<\/p>\n<p>Persistencia del dolor en algunas arreas\/ poco alivio del dolor: Algunas veces los anest\u00e9sicos no alcanzan ciertas \u00e1reas dejando un punto el cual es doloroso. El anestesi\u00f3logo va a cambiar su posici\u00f3n en la cama o a retirar el cat\u00e9ter para mejorar el dolor. Ocasionalmente el cat\u00e9ter tiene que ser removido y colocado de nuevo si usted no logra un adecuado control del dolor. Su anestesi\u00f3logo va a trabajar para que usted este confortable.<\/p>\n<p>Parestesias (sensaci\u00f3n de hormigueo): sensaci\u00f3n de hormigueo o de un corrientazo es com\u00fan cuando s\u00e9 esta colocando el cat\u00e9ter a medida que pasa por el espacio peridural. Estas sensaciones son comunes y temporales, da\u00f1o permanente a los nervios es muy raro.<\/p>\n<p>Dolor de espalda: Usted puede sentir dolor localizado en la espalda en donde se le coloco la aguja peridural, el cual puede durar mas o menos 1 d\u00eda. De otra manera usted puede experimentar dolor de espalda generalizado, el cual no es atribuible necesariamente a la peridural. Estudios han demostrado que las mujeres que tienes partos naturales tienen el mismo resigo de tener dolor de espalda generalizado por unos d\u00edas que las mujeres que reciben peridural. Parece que el embarazo en si puede incrementar el dolor de espalda debido a la elasticidad de los ligamentos en la espalda.<\/p>\n<p>Dolor de cabeza: Hay muchas razones por las cuales usted puede tener dolor de cabeza despu\u00e9s del parto que no est\u00e1n relacionadas con la peridural. Sin embargo, y aunque es raro, usted puede tener dolor de cabeza despu\u00e9s de la peridural (&lt;1%). Esto ocurre debido a el orificio que deja ala guja en el saco que contiene el liquido espinal durante la peridural. La salida de liquido espinal a el espacio peridural resulta en dolor de cabeza. Si usted esta quieta lo mas posible durante el procedimiento usted ayuda a disminuir el riesgo de dolor de cabeza. Usualmente el dolor de cabeza ocurre despu\u00e9s de 24 horas de colocada la peridural. T\u00edpicamente el dolor ocurre cuando usted se sienta y se mejora cuando se acuesta. El dolor de cabeza y del cuello puede durar varios d\u00edas, usualmente se mejora con medidas convencionales como estar acostada, tomar bastantes l\u00edquidos y tomar pastillas para el dolor de cabeza. Ocasionalmente puede necesitar tratamiento adicional si el dolor de cabeza persiste o es asociado con otros s\u00edntomas como nausea, dificultad para ver la luz o timbres en los o\u00eddos.<\/p>\n<p>Complicaciones mayores como da\u00f1o a los nervios, sangrado en el espacio peridural o espinal, e infecci\u00f3n son extremadamente raros.<\/p>\n<p>Como la peridural requiere de colocar una aguja en la espalda, existe una tendencia natural a asumir que cualquier problema despu\u00e9s del embarazo es debido a la anestesia. Sin embargo, la mayor\u00eda de los problemas con los nervios despu\u00e9s del parto son usualmente debidos a la compresi\u00f3n de estos por la cabeza del bebe cuando esta pasando por la pelvis de la madre y muy rara vez debidos a la anestesia regional. Si usted tiene alguna debilidad en la piernas o alg\u00fan otro problema con los nervios, su anestesi\u00f3logo la ayudara en la evaluaci\u00f3n y en asegurar que sea seguido correctamente.<\/p>\n<p><\/font><\/p>\n<p align=\"center\" style=\"color: rgb(0, 0, 0); font-family: 'Times New Roman'; font-size: medium; font-weight: 400;\"><font face=\"Tahoma\">Haga click<\/font><\/p>\n<p align=\"center\" style=\"color: rgb(0, 0, 0); font-family: 'Times New Roman'; font-size: medium; font-weight: 400;\"><a target=\"_parent\" href=\"\/preguntas-freceuntes\" style=\"font-family: Tahoma; font-size: small; font-weight: 400; text-align: start; background-color: rgb(255, 255, 255); \" rel=\"noopener\">Preguntas Freceuntes<\/a><font face=\"Tahoma\"><br \/><\/font><\/p>\n<p align=\"left\" style=\"margin-top: 10px; margin-bottom: 10px; color: rgb(105, 105, 105); font-family: Arial, 'Arial Unicode MS', Helvetica, sans-serif; font-weight: 400; background-color: rgba(255, 255, 255, 0.597656);\"><font face=\"Tahoma, arial, verdana\" size=\"3\"><span style=\"color: rgb(0, 0, 0);\"><\/span><\/font><\/p>\n<p align=\"left\" style=\"margin-top: 10px; margin-bottom: 10px; color: rgb(105, 105, 105); font-family: Arial, 'Arial Unicode MS', Helvetica, sans-serif; font-weight: 400; background-color: rgba(255, 255, 255, 0.597656);\"><font face=\"Tahoma, arial, verdana\" size=\"3\"><b><\/b><\/font><\/p>\n<p align=\"left\" style=\"margin-top: 10px; margin-bottom: 10px; color: rgb(105, 105, 105); font-family: Arial, 'Arial Unicode MS', Helvetica, sans-serif; font-weight: 400; background-color: rgba(255, 255, 255, 0.597656);\"><font face=\"Tahoma, arial, verdana\" size=\"3\"><b><\/b><\/font><\/p>\n<p align=\"left\" style=\"margin-top: 10px; margin-bottom: 10px; color: rgb(105, 105, 105); font-family: Arial, 'Arial Unicode MS', Helvetica, sans-serif; font-weight: 400; background-color: rgba(255, 255, 255, 0.597656);\"><font face=\"Tahoma, arial, verdana\" size=\"3\"><b><\/b><\/font><\/p>\n<p align=\"left\" style=\"margin-top: 10px; margin-bottom: 10px; color: rgb(105, 105, 105); font-family: Arial, 'Arial Unicode MS', Helvetica, sans-serif; font-weight: 400; background-color: rgba(255, 255, 255, 0.597656);\"><font face=\"Tahoma, arial, verdana\" size=\"3\"><b><\/b><\/font><\/p>\n<p align=\"left\" style=\"margin-top: 10px; margin-bottom: 10px; color: rgb(105, 105, 105); font-family: Arial, 'Arial Unicode MS', Helvetica, sans-serif; font-weight: 400; background-color: rgba(255, 255, 255, 0.597656);\"><font face=\"Tahoma, arial, verdana\" size=\"3\"><b><\/b><\/font><\/p>\n<p align=\"left\" style=\"margin-top: 10px; margin-bottom: 10px; color: rgb(105, 105, 105); font-family: Arial, 'Arial Unicode MS', Helvetica, sans-serif; font-weight: 400; background-color: rgba(255, 255, 255, 0.597656);\"><font face=\"Tahoma, arial, verdana\" size=\"3\"><b><\/b><\/font><\/p>\n<p align=\"left\" style=\"margin-top: 10px; margin-bottom: 10px; color: rgb(105, 105, 105); font-family: Arial, 'Arial Unicode MS', Helvetica, sans-serif; font-weight: 400; background-color: rgba(255, 255, 255, 0.597656);\"><font face=\"Tahoma, arial, verdana\" size=\"3\"><b><\/b><\/font><\/p>\n<p align=\"left\" style=\"margin-top: 10px; margin-bottom: 10px; color: rgb(105, 105, 105); font-family: Arial, 'Arial Unicode MS', Helvetica, sans-serif; font-weight: 400; background-color: rgba(255, 255, 255, 0.597656);\"><font face=\"Tahoma, arial, verdana\" size=\"3\"><b><\/b><\/font><\/p>\n<p align=\"left\" style=\"margin-top: 10px; margin-bottom: 10px; color: rgb(105, 105, 105); font-family: Arial, 'Arial Unicode MS', Helvetica, sans-serif; font-weight: 400; background-color: rgba(255, 255, 255, 0.597656);\"><font face=\"Tahoma, arial, verdana\" size=\"3\"><b><\/b><\/font><\/p>\n<p align=\"left\" style=\"margin-top: 10px; margin-bottom: 10px; color: rgb(105, 105, 105); font-family: Arial, 'Arial Unicode MS', Helvetica, sans-serif; font-weight: 400; background-color: rgba(255, 255, 255, 0.597656);\"><font face=\"Tahoma, arial, verdana\" size=\"3\"><b><\/b><\/font><\/p>\n<p align=\"left\" style=\"margin-top: 10px; margin-bottom: 10px; color: rgb(105, 105, 105); font-family: Arial, 'Arial Unicode MS', Helvetica, sans-serif; font-weight: 400; background-color: rgba(255, 255, 255, 0.597656);\"><font face=\"Tahoma, arial, verdana\" size=\"3\"><b><\/b><\/font><\/p>\n<p align=\"left\" style=\"margin-top: 10px; margin-bottom: 10px; color: rgb(105, 105, 105); font-family: Arial, 'Arial Unicode MS', Helvetica, sans-serif; font-weight: 400; background-color: rgba(255, 255, 255, 0.597656);\"><font face=\"Tahoma, arial, verdana\" size=\"3\"><b><\/b><\/font><\/p>\n<p align=\"left\" style=\"margin-top: 10px; margin-bottom: 10px; color: rgb(105, 105, 105); font-family: Arial, 'Arial Unicode MS', Helvetica, sans-serif; font-weight: 400; background-color: rgba(255, 255, 255, 0.597656);\"><font face=\"Tahoma, arial, verdana\" size=\"3\"><br \/><\/font><\/p>\n<p style=\"text-align: center;\"><\/p>\n<p><\/p>\n","protected":false},"excerpt":{"rendered":"<p>Efectos secundarios y contraindicaciones El anestesi\u00f3logo toma todas las medidas posibles para evitar complicaciones. Los efectos secundarios son raros, pero pueden ocurrir. Algunos de los efectos secundarios depender\u00e1n de las circunstancias especificas de su parto. Temblor(escalofri\u00f3): puede ocurrir y es una reacci\u00f3n com\u00fan. Algunas veces ocurre durante el trabajo de parto aun si Ud. no&#8230;<\/p>\n<p class=\"more-link-wrap\"><a href=\"https:\/\/painfreebirthing.com\/spn\/effectos-secundarios-y-complicaciones\/\" class=\"more-link\">Read More<span class=\"screen-reader-text\"> &ldquo;Side Effects And Complications of Labor Epidural&rdquo;<\/span> &raquo;<\/a><\/p>\n","protected":false},"author":1,"featured_media":0,"parent":0,"menu_order":47,"comment_status":"closed","ping_status":"closed","template":"","meta":{"footnotes":""},"class_list":["post-282","page","type-page","status-publish","hentry"],"_links":{"self":[{"href":"https:\/\/painfreebirthing.com\/spn\/wp-json\/wp\/v2\/pages\/282","targetHints":{"allow":["GET"]}}],"collection":[{"href":"https:\/\/painfreebirthing.com\/spn\/wp-json\/wp\/v2\/pages"}],"about":[{"href":"https:\/\/painfreebirthing.com\/spn\/wp-json\/wp\/v2\/types\/page"}],"author":[{"embeddable":true,"href":"https:\/\/painfreebirthing.com\/spn\/wp-json\/wp\/v2\/users\/1"}],"replies":[{"embeddable":true,"href":"https:\/\/painfreebirthing.com\/spn\/wp-json\/wp\/v2\/comments?post=282"}],"version-history":[{"count":0,"href":"https:\/\/painfreebirthing.com\/spn\/wp-json\/wp\/v2\/pages\/282\/revisions"}],"wp:attachment":[{"href":"https:\/\/painfreebirthing.com\/spn\/wp-json\/wp\/v2\/media?parent=282"}],"curies":[{"name":"wp","href":"https:\/\/api.w.org\/{rel}","templated":true}]}}