{"id":273,"date":"2023-07-08T15:12:38","date_gmt":"2023-07-08T15:12:38","guid":{"rendered":"https:\/\/painfreebirthing.com\/spn\/lo-que-querias-saber\/efectos-del-manejo-del-dolor-en-el-progreso-del-parto\/"},"modified":"2023-07-08T15:12:38","modified_gmt":"2023-07-08T15:12:38","slug":"efectos-del-manejo-del-dolor-en-el-progreso-del-parto","status":"publish","type":"page","link":"https:\/\/painfreebirthing.com\/spn\/lo-que-querias-saber\/efectos-del-manejo-del-dolor-en-el-progreso-del-parto\/","title":{"rendered":"Efectos del manejo del dolor en el progreso del parto?"},"content":{"rendered":"<p><font face=\"Tahoma, arial, verdana\" size=\"3\" style=\"color: rgb(0, 0, 0); font-size: medium; font-weight: 400; text-align: -webkit-center;\"><b>La anestesia peridural produce m\u00ednimo prolongamiento trabajo de parto y no incrementa el riesgo de ces\u00e1rea<\/b><br \/><\/font><\/p>\n<p align=\"left\" style=\"color: rgb(0, 0, 0); font-family: 'Times New Roman'; font-size: medium; font-weight: 400;\"><font face=\"Tahoma\">\u00b7\tLas pacientes que reciben anestesia peridural tienen trabajo de parto mas largo cuando se compara con mujeres que reciben medicamntos IV para el manejo del dolor. Varios estudios han demostrado que la diferencia es aprox. 1 hora en promedio. Sin embargo, esto puede ser variable dependiendo de su patr\u00f3n de contracciones.<br \/>\u00b7\tLa anestesia peridural no incrementa el riesgo de ces\u00e1rea. Estudios cl\u00ednicos aleatorios presentan fuerte evidencia que no hay riesgo adicional de ces\u00e1rea debido a la anestesia peridural.<br \/>\u00b7\tLa relaci\u00f3n entre anestesia peridural y el uso de f\u00f3rceps es compleja. Algunos estudios han evidenciado mayor uso de f\u00f3rceps en pacientes con peridural mientras otros no. Esto puede ser dependiente del estilo de practica de cada obstetra.<br \/>\u00b7\tEl grado de satisfacci\u00f3n del paciente y los resultados del bebe son mejores despu\u00e9s de la anestesia peridural comparados con IV.<br \/><\/font><\/p>\n<p align=\"center\"><font face=\"Tahoma, arial, verdana\" size=\"3\" style=\"color: rgb(0, 0, 0); font-size: medium; font-weight: 400; text-align: -webkit-center;\">Haga click<\/font><\/p>\n<p align=\"center\">\n<pre class=\"tw-data-text tw-ta tw-text-medium\" data-placeholder=\"Translation\" id=\"tw-target-text\" data-fulltext=\"\" dir=\"ltr\" style=\"background-color: rgb(255, 255, 255); padding-top: 0px; padding-right: 0.14em; padding-bottom: 0px; padding-left: 0px; position: relative; margin-top: 0px; margin-bottom: 0px; font-family: inherit; overflow-x: hidden; overflow-y: hidden; width: 276px; white-space: pre-wrap; line-height: 36px; color: rgb(33, 33, 33); height: 36px; text-align: center;\"><a href=\"\/lo-que-querias-saber\/efectos-del-manejo-del-dolor-en-el-progreso-del-parto\/la-anestesia-peridural-produce-minimo-prolongamiento-trabajo-de-parto-y-no-incrementa-el-riesgo-de-cesarea\" target=\"_parent\" rel=\"noopener\">detalles<\/a><span lang=\"es\" style=\"font-size: 16px;\"><\/span><\/pre>\n<p><font face=\"Tahoma, arial, verdana\" size=\"3\" style=\"color: rgb(0, 0, 0); font-size: medium; font-weight: 400; text-align: -webkit-center;\"><br \/><\/font><\/p>\n<p><font face=\"Tahoma, arial, verdana\" size=\"3\" style=\"color: rgb(105, 105, 105); font-weight: 400; background-color: rgba(255, 255, 255, 0.597656);\"><span style=\"color: rgb(0, 0, 0);\"><\/span><\/font><\/p>\n<div style=\"background-color: rgba(255, 255, 255, 0.597656); color: rgb(105, 105, 105); font-family: Arial, 'Arial Unicode MS', Helvetica, sans-serif; font-weight: 400; margin-left: 2em\"><\/div>\n<p align=\"center\" style=\"margin-top: 10px; margin-bottom: 10px; font-weight: 400; background-color: rgba(255, 255, 255, 0.59375);\"><span style=\"color: rgb(0, 0, 0); font-family: Tahoma, arial, verdana; font-size: medium;\"><\/span><\/p>\n<p><\/p>\n","protected":false},"excerpt":{"rendered":"<p>La anestesia peridural produce m\u00ednimo prolongamiento trabajo de parto y no incrementa el riesgo de ces\u00e1rea \u00b7 Las pacientes que reciben anestesia peridural tienen trabajo de parto mas largo cuando se compara con mujeres que reciben medicamntos IV para el manejo del dolor. Varios estudios han demostrado que la diferencia es aprox. 1 hora en&#8230;<\/p>\n<p class=\"more-link-wrap\"><a href=\"https:\/\/painfreebirthing.com\/spn\/lo-que-querias-saber\/efectos-del-manejo-del-dolor-en-el-progreso-del-parto\/\" class=\"more-link\">Read More<span class=\"screen-reader-text\"> &ldquo;Efectos del manejo del dolor en el progreso del parto?&rdquo;<\/span> &raquo;<\/a><\/p>\n","protected":false},"author":1,"featured_media":0,"parent":267,"menu_order":38,"comment_status":"closed","ping_status":"closed","template":"","meta":{"footnotes":""},"class_list":["post-273","page","type-page","status-publish","hentry"],"_links":{"self":[{"href":"https:\/\/painfreebirthing.com\/spn\/wp-json\/wp\/v2\/pages\/273","targetHints":{"allow":["GET"]}}],"collection":[{"href":"https:\/\/painfreebirthing.com\/spn\/wp-json\/wp\/v2\/pages"}],"about":[{"href":"https:\/\/painfreebirthing.com\/spn\/wp-json\/wp\/v2\/types\/page"}],"author":[{"embeddable":true,"href":"https:\/\/painfreebirthing.com\/spn\/wp-json\/wp\/v2\/users\/1"}],"replies":[{"embeddable":true,"href":"https:\/\/painfreebirthing.com\/spn\/wp-json\/wp\/v2\/comments?post=273"}],"version-history":[{"count":0,"href":"https:\/\/painfreebirthing.com\/spn\/wp-json\/wp\/v2\/pages\/273\/revisions"}],"up":[{"embeddable":true,"href":"https:\/\/painfreebirthing.com\/spn\/wp-json\/wp\/v2\/pages\/267"}],"wp:attachment":[{"href":"https:\/\/painfreebirthing.com\/spn\/wp-json\/wp\/v2\/media?parent=273"}],"curies":[{"name":"wp","href":"https:\/\/api.w.org\/{rel}","templated":true}]}}