{"id":258,"date":"2023-07-08T15:12:23","date_gmt":"2023-07-08T15:12:23","guid":{"rendered":"https:\/\/painfreebirthing.com\/spn\/anestesia-regional\/espinalraquidea-y-peridural-que-son\/columna-vertebral\/"},"modified":"2023-07-08T15:12:23","modified_gmt":"2023-07-08T15:12:23","slug":"columna-vertebral","status":"publish","type":"page","link":"https:\/\/painfreebirthing.com\/spn\/anestesia-regional\/espinalraquidea-y-peridural-que-son\/columna-vertebral\/","title":{"rendered":"Columna Vertebral"},"content":{"rendered":"<table>\n<tbody>\n<tr>\n<td align=\"center\">\n<p align=\"left\" style=\"margin-top: 10px; margin-bottom: 10px; \"><span style=\"color: rgb(0, 0, 0); font-family: Tahoma, arial, verdana; font-size: medium; font-weight: 400; \">La columna vertebral esta formada por la uni\u00f3n de diferentes huesos (v\u00e9rtebras) una sobre la otra con una espinas que salen por detr\u00e1s de estas. La medula espinal esta en la mitad de la columna vertebral. Mire el \u00e1rea donde normalmente se coloca la anestesia peridural o espinal en el siguiente diagrama.<\/span><font face=\"Tahoma, arial, verdana\" size=\"3\"><span style=\"color: #000000; \"><\/span><\/font><\/p>\n<\/td>\n<\/tr>\n<tr>\n<td align=\"center\" style=\"text-align: center; \"><img loading=\"lazy\" decoding=\"async\" width=\"288\" height=\"432\" alt=\"\" class=\"art-lightbox\" src=\"https:\/\/painfreebirthing.com\/spn\/wp-content\/uploads\/2023\/07\/anat3bw.gif\"><\/td>\n<\/tr>\n<tr>\n<td align=\"center\" height=\"1\"><b style=\"color: rgb(0, 0, 0); font-family: Tahoma, arial, verdana; font-size: medium; text-align: -webkit-center; \">Medula espinal y nervios<\/b><font face=\"Tahoma, arial, verdana\" size=\"3\"><b><span style=\"color: #000000; \"><\/span><\/b><\/font><\/td>\n<\/tr>\n<tr>\n<td align=\"center\" height=\"97\">\n<p align=\"left\" style=\"margin-top: 10px; margin-bottom: 10px; \"><span style=\"color: rgb(0, 0, 0); font-family: Tahoma, arial, verdana; font-size: medium; font-weight: 400; \">La medula espinal esta rodeada y protegida por la columna vertebral y se encuentra dentro de un saco lleno de un liquido especial (fluido espinal o liquido cefalorraqu\u00eddeo), este saco esta rodeado por las v\u00e9rtebras. El espacio entre las v\u00e9rtebras y este saco es el llamado espacio peridural. Los nervios salen de la medula espinal y atraviesan el espacio peridural. Normalmente hay suficiente espacio entre las espinas de las v\u00e9rtebras para colocar una aguja y encontrar este espacio peridura<\/span><font face=\"Tahoma, arial, verdana\" size=\"3\"><span style=\"color: #000000; \"><\/span><\/font><\/p>\n<\/td>\n<\/tr>\n<tr>\n<td align=\"center\" height=\"434\" style=\"text-align: center; \"><img loading=\"lazy\" decoding=\"async\" width=\"288\" height=\"432\" alt=\"\" class=\"art-lightbox\" src=\"https:\/\/painfreebirthing.com\/spn\/wp-content\/uploads\/2023\/07\/anat4bwspace.gif\" ><br \/><span style=\"font-family: Tahoma; text-align: left; color: #000000; \"><br \/>Haga click<br \/><a href=\"\/anestesia-regional\/espinalraquidea-y-peridural-que-son\/anestesia-peridural-anestesia-espinal\" target=\"_parent\" rel=\"noopener\">ANESTESIA PERIDURAL \/ ANESTESIA ESPINAL<\/a><br \/><\/span><\/p>\n<p style=\"text-align: left;\"><span style=\"font-family: Tahoma;\"><br \/><\/span><\/p>\n<p style=\"text-align: left;\"><span style=\"font-family: Tahoma;\"><br \/><\/span><\/p>\n<\/td>\n<\/tr>\n<\/tbody>\n<\/table>\n<p><\/p>\n","protected":false},"excerpt":{"rendered":"<p>La columna vertebral esta formada por la uni\u00f3n de diferentes huesos (v\u00e9rtebras) una sobre la otra con una espinas que salen por detr\u00e1s de estas. La medula espinal esta en la mitad de la columna vertebral. Mire el \u00e1rea donde normalmente se coloca la anestesia peridural o espinal en el siguiente diagrama. Medula espinal y&#8230;<\/p>\n<p class=\"more-link-wrap\"><a href=\"https:\/\/painfreebirthing.com\/spn\/anestesia-regional\/espinalraquidea-y-peridural-que-son\/columna-vertebral\/\" class=\"more-link\">Read More<span class=\"screen-reader-text\"> &ldquo;Columna Vertebral&rdquo;<\/span> &raquo;<\/a><\/p>\n","protected":false},"author":1,"featured_media":0,"parent":257,"menu_order":23,"comment_status":"closed","ping_status":"closed","template":"","meta":{"footnotes":""},"class_list":["post-258","page","type-page","status-publish","hentry"],"_links":{"self":[{"href":"https:\/\/painfreebirthing.com\/spn\/wp-json\/wp\/v2\/pages\/258","targetHints":{"allow":["GET"]}}],"collection":[{"href":"https:\/\/painfreebirthing.com\/spn\/wp-json\/wp\/v2\/pages"}],"about":[{"href":"https:\/\/painfreebirthing.com\/spn\/wp-json\/wp\/v2\/types\/page"}],"author":[{"embeddable":true,"href":"https:\/\/painfreebirthing.com\/spn\/wp-json\/wp\/v2\/users\/1"}],"replies":[{"embeddable":true,"href":"https:\/\/painfreebirthing.com\/spn\/wp-json\/wp\/v2\/comments?post=258"}],"version-history":[{"count":0,"href":"https:\/\/painfreebirthing.com\/spn\/wp-json\/wp\/v2\/pages\/258\/revisions"}],"up":[{"embeddable":true,"href":"https:\/\/painfreebirthing.com\/spn\/wp-json\/wp\/v2\/pages\/257"}],"wp:attachment":[{"href":"https:\/\/painfreebirthing.com\/spn\/wp-json\/wp\/v2\/media?parent=258"}],"curies":[{"name":"wp","href":"https:\/\/api.w.org\/{rel}","templated":true}]}}