{"id":254,"date":"2023-07-08T15:12:19","date_gmt":"2023-07-08T15:12:19","guid":{"rendered":"https:\/\/painfreebirthing.com\/spn\/metodos-alternativos-para-el-manejo-del-durante-el-parto\/moyimientos-maternos-y-cambios-de-posicion\/"},"modified":"2023-07-08T15:12:19","modified_gmt":"2023-07-08T15:12:19","slug":"moyimientos-maternos-y-cambios-de-posicion","status":"publish","type":"page","link":"https:\/\/painfreebirthing.com\/spn\/metodos-alternativos-para-el-manejo-del-durante-el-parto\/moyimientos-maternos-y-cambios-de-posicion\/","title":{"rendered":"Movimientos maternos y Cambios de posici\u00f3nr"},"content":{"rendered":"<p class=\"MsoNormal\" align=\"left\" style=\"color: rgb(0, 0, 0); font-family: 'Times New Roman'; font-size: medium; font-weight: 400; margin-left: 0.25in;\"><span lang=\"ES-CO\"><font face=\"Tahoma\">Durante el trabajo de parto algunas mujeres encuentran que algunas posiciones y movimientos son mas c\u00f3modas que otras en las diferentes etapas del parto. Desde principio 1900\u2019s los partos se han desplazado de las casas a los hospitales con el uso de personal medico, l\u00edneas intravenosas, perd\u00farales, y otras formas de cuidado medico. Esto ha ayudado a limitar la libertad de movimiento de las mujeres en trabajo de parto.<\/font><\/span><\/p>\n<p class=\"MsoNormal\" align=\"left\" style=\"color: rgb(0, 0, 0); font-family: 'Times New Roman'; font-size: medium; font-weight: 400; margin-left: 0.25in;\">&nbsp;<\/p>\n<p class=\"MsoNormal\" align=\"left\" style=\"color: rgb(0, 0, 0); font-family: 'Times New Roman'; font-size: medium; font-weight: 400; margin-left: 0.25in;\"><span lang=\"ES-CO\"><font face=\"Tahoma\">Cuando la madre cambia de posici\u00f3n, ella cambia la posici\u00f3n de la cabeza del bebe con relaci\u00f3n al \u00fatero y su pelvis.&nbsp;&nbsp;Los movimientos y posiciones durante el trabajo de parto son recomendados para rotar al bebe si no se encuentra en la posici\u00f3n correcta o para agilizar el progreso del trabajo de parto. Muchos estudios sugieren que el caminar o el sentarse agiliza el trabajo de parto.<\/font><\/span><\/p>\n<p class=\"MsoNormal\" align=\"left\" style=\"color: rgb(0, 0, 0); font-family: 'Times New Roman'; font-size: medium; font-weight: 400; margin-left: 0.25in;\">&nbsp;<\/p>\n<p class=\"MsoNormal\" align=\"left\" style=\"color: rgb(0, 0, 0); font-family: 'Times New Roman'; font-size: medium; font-weight: 400; margin-left: 0.25in;\"><span lang=\"ES-CO\"><font face=\"Tahoma\">Algunas posiciones<\/font><\/span><\/p>\n<p class=\"MsoNormal\" align=\"left\" style=\"color: rgb(0, 0, 0); font-family: 'Times New Roman'; font-size: medium; font-weight: 400; margin-left: 0.25in;\"><span lang=\"ES-CO\"><font face=\"Tahoma\">&#8211;&nbsp;&nbsp;&nbsp;&nbsp;de pie<\/font><\/span><\/p>\n<p class=\"MsoNormal\" align=\"left\" style=\"color: rgb(0, 0, 0); font-family: 'Times New Roman'; font-size: medium; font-weight: 400; margin-left: 0.5in; text-indent: -0.25in;\"><font face=\"Tahoma\"><span lang=\"ES-CO\">&#8211;&nbsp;&nbsp;&nbsp;&nbsp;&nbsp;&nbsp;&nbsp;&nbsp;&nbsp;<\/span><span lang=\"ES-CO\">Agachada<\/span><\/font><\/p>\n<p class=\"MsoNormal\" align=\"left\" style=\"color: rgb(0, 0, 0); font-family: 'Times New Roman'; font-size: medium; font-weight: 400; margin-left: 0.5in; text-indent: -0.25in;\"><font face=\"Tahoma\"><span lang=\"ES-CO\">&#8211;&nbsp;&nbsp;&nbsp;&nbsp;&nbsp;&nbsp;&nbsp;&nbsp;&nbsp;<\/span><span lang=\"ES-CO\">de lado<\/span><\/font><\/p>\n<p class=\"MsoNormal\" align=\"left\" style=\"color: rgb(0, 0, 0); font-family: 'Times New Roman'; font-size: medium; font-weight: 400; margin-left: 0.5in; text-indent: -0.25in;\"><font face=\"Tahoma\"><span lang=\"ES-CO\">&#8211;&nbsp;&nbsp;&nbsp;&nbsp;&nbsp;&nbsp;&nbsp;&nbsp;&nbsp;<\/span><span lang=\"ES-CO\">acostada<\/span><\/font><\/p>\n<p class=\"MsoNormal\" align=\"left\" style=\"color: rgb(0, 0, 0); font-family: 'Times New Roman'; font-size: medium; font-weight: 400; margin-left: 0.5in; text-indent: -0.25in;\"><font face=\"Tahoma\"><span lang=\"ES-CO\">&#8211;&nbsp;&nbsp;&nbsp;&nbsp;&nbsp;&nbsp;&nbsp;&nbsp;&nbsp;<\/span><span lang=\"ES-CO\">manos y rodillas<\/span><\/font><\/p>\n<p class=\"MsoNormal\" align=\"left\" style=\"color: rgb(0, 0, 0); font-family: 'Times New Roman'; font-size: medium; font-weight: 400;\"><span lang=\"ES-CO\"><font face=\"Tahoma\">Recientemente se est\u00e1n utilizando balones especiales para el parto los cuales proveen comodidad durante el trabajo de parto.&nbsp;&nbsp;La madre se puede sentar, balancear o estirarse sobre el bal\u00f3n infl\u00e1ble para mejorar el dolor o aumentar las contracciones.<\/font><\/span><\/p>\n<p class=\"MsoNormal\" align=\"left\" style=\"color: rgb(0, 0, 0); font-family: 'Times New Roman'; font-size: medium; font-weight: 400;\">&nbsp;<\/p>\n<p class=\"MsoNormal\" align=\"left\" style=\"color: rgb(0, 0, 0); font-family: 'Times New Roman'; font-size: medium; font-weight: 400;\"><span lang=\"ES-CO\"><font face=\"Tahoma\">Limitaciones<\/font><\/span><\/p>\n<p class=\"MsoNormal\" align=\"left\" style=\"color: rgb(0, 0, 0); font-family: 'Times New Roman'; font-size: medium; font-weight: 400;\"><span lang=\"ES-CO\"><font face=\"Tahoma\">Ning\u00fan estudio ha reportado alguna posici\u00f3n que sea detrimental para la madre o el bebe. Las mujeres deben buscar una posici\u00f3n en la cual se sientan c\u00f3modas y en lo posible estar sentadas o de pie. Ciertos procedimientos como la peridural pueden hacer que el caminar no sea seguro aun con adecuada fuerza muscular.&nbsp;&nbsp;Muchas salas de parto carecen de los recursos para facilitar&nbsp;&nbsp;el caminar con anestesia&nbsp;&nbsp;peridural.<\/font><\/span><\/p>\n<p class=\"MsoNormal\" align=\"left\" style=\"color: rgb(0, 0, 0); font-family: 'Times New Roman'; font-size: medium; font-weight: 400;\"><span lang=\"ES-CO\"><font face=\"Tahoma\">Los balones para el parto no deben ser utilizados sin la gu\u00eda de personal entrenado para evitar ca\u00eddas.<\/font><\/span><\/p>\n<p class=\"MsoNormal\" align=\"left\" style=\"color: rgb(0, 0, 0); font-family: 'Times New Roman'; font-size: medium; font-weight: 400;\"><span lang=\"ES-CO\"><font face=\"Tahoma\">La informaci\u00f3n anterior fue obtenida de las siguientes publicaciones:<\/font><\/span><\/p>\n<p class=\"MsoNormal\" align=\"left\" style=\"color: rgb(0, 0, 0); font-family: 'Times New Roman'; font-size: medium; font-weight: 400;\"><font face=\"Tahoma\">Murray Enkin, A Guide to Effective Care in Pregnancy and Childbirth, 3rd Ed., Oxford University Press, 2000<\/font><\/p>\n<p class=\"MsoNormal\" align=\"left\" style=\"color: rgb(0, 0, 0); font-family: 'Times New Roman'; font-size: medium; font-weight: 400;\"><font face=\"Tahoma\">Eappen S, Robbins D., Nonpharmacological means of pain relief for labor and delivery, Int Anesthesiol Clini. 2002 Fall; 40(4): 103-14, Review<\/font><\/p>\n<p class=\"MsoNormal\" align=\"left\" style=\"color: rgb(0, 0, 0); font-family: 'Times New Roman'; font-size: medium; font-weight: 400;\"><font face=\"Tahoma\">Simkin P.,Nonpharmacologic relief of pain during labor:Systematic reviews of five methods, Am J Obstet gynecol, 2002 Volume 186, Number 5 ,S131-159<\/font><\/p>\n<p align=\"left\" style=\"color: rgb(0, 0, 0); font-family: 'Times New Roman'; font-size: medium; font-weight: 400;\"><font face=\"Tahoma, arial, verdana\" size=\"3\"><\/font><\/p>\n<p align=\"left\" style=\"color: rgb(0, 0, 0); font-family: 'Times New Roman'; font-size: medium; font-weight: 400;\"><font face=\"Tahoma, arial, verdana\" size=\"3\"><\/font><\/p>\n<ul style=\"color: rgb(0, 0, 0); font-family: 'Times New Roman'; font-size: medium; font-weight: 400; text-align: -webkit-center;\"><\/ul>\n<p align=\"left\" style=\"color: rgb(0, 0, 0); font-family: 'Times New Roman'; font-size: medium; font-weight: 400;\"><font face=\"Tahoma, arial, verdana\" size=\"3\"><\/font><\/p>\n<p align=\"left\" style=\"color: rgb(0, 0, 0); font-family: 'Times New Roman'; font-size: medium; font-weight: 400;\"><font face=\"Tahoma, arial, verdana\" size=\"3\"><\/font><\/p>\n<p><\/p>\n","protected":false},"excerpt":{"rendered":"<p>Durante el trabajo de parto algunas mujeres encuentran que algunas posiciones y movimientos son mas c\u00f3modas que otras en las diferentes etapas del parto. Desde principio 1900\u2019s los partos se han desplazado de las casas a los hospitales con el uso de personal medico, l\u00edneas intravenosas, perd\u00farales, y otras formas de cuidado medico. Esto ha&#8230;<\/p>\n<p class=\"more-link-wrap\"><a href=\"https:\/\/painfreebirthing.com\/spn\/metodos-alternativos-para-el-manejo-del-durante-el-parto\/moyimientos-maternos-y-cambios-de-posicion\/\" class=\"more-link\">Read More<span class=\"screen-reader-text\"> &ldquo;Movimientos maternos y Cambios de posici\u00f3nr&rdquo;<\/span> &raquo;<\/a><\/p>\n","protected":false},"author":1,"featured_media":0,"parent":246,"menu_order":19,"comment_status":"closed","ping_status":"closed","template":"","meta":{"footnotes":""},"class_list":["post-254","page","type-page","status-publish","hentry"],"_links":{"self":[{"href":"https:\/\/painfreebirthing.com\/spn\/wp-json\/wp\/v2\/pages\/254","targetHints":{"allow":["GET"]}}],"collection":[{"href":"https:\/\/painfreebirthing.com\/spn\/wp-json\/wp\/v2\/pages"}],"about":[{"href":"https:\/\/painfreebirthing.com\/spn\/wp-json\/wp\/v2\/types\/page"}],"author":[{"embeddable":true,"href":"https:\/\/painfreebirthing.com\/spn\/wp-json\/wp\/v2\/users\/1"}],"replies":[{"embeddable":true,"href":"https:\/\/painfreebirthing.com\/spn\/wp-json\/wp\/v2\/comments?post=254"}],"version-history":[{"count":0,"href":"https:\/\/painfreebirthing.com\/spn\/wp-json\/wp\/v2\/pages\/254\/revisions"}],"up":[{"embeddable":true,"href":"https:\/\/painfreebirthing.com\/spn\/wp-json\/wp\/v2\/pages\/246"}],"wp:attachment":[{"href":"https:\/\/painfreebirthing.com\/spn\/wp-json\/wp\/v2\/media?parent=254"}],"curies":[{"name":"wp","href":"https:\/\/api.w.org\/{rel}","templated":true}]}}