{"id":253,"date":"2023-07-08T15:12:18","date_gmt":"2023-07-08T15:12:18","guid":{"rendered":"https:\/\/painfreebirthing.com\/spn\/metodos-alternativos-para-el-manejo-del-durante-el-parto\/masajes\/"},"modified":"2023-07-08T15:12:18","modified_gmt":"2023-07-08T15:12:18","slug":"masajes","status":"publish","type":"page","link":"https:\/\/painfreebirthing.com\/spn\/metodos-alternativos-para-el-manejo-del-durante-el-parto\/masajes\/","title":{"rendered":"Contacto y Masaje"},"content":{"rendered":"<p align=\"left\" style=\"color: rgb(0, 0, 0); font-weight: 400;\"><span style=\"font-size: 16px; font-family: Tahoma;\">Muchas mujeres aprecian el contacto o un masaje durante el parto. La mayor\u00eda de las veces este es dado por un ser querido. No hay muchos estudios del beneficio de esta terapia, es claro que las mujeres reciben mejor\u00eda emocional y f\u00edsica.<\/p>\n<p>t\u00e9cnica<\/p>\n<p>Est\u00e1n incluidas diferentes tipos de intervenciones desde toque sensible hasta jalar el pelo. Este incluye el uso de las manos, puntas de los dedos, o algunos aparatos para realizar masajes y aplicar presi\u00f3n y de esta manera aliviar el dolor y facilitar la relajaci\u00f3n. Adem\u00e1s disminuye el nivel de ansiedad de la madre.<br \/>Algunas mujeres sufren de dolor de espalda asociado a la posici\u00f3n de la cabeza del bebe. Masajes y presi\u00f3n en esta \u00e1rea usualmente provee alivio de este dolor.<\/p>\n<p>Limitaciones<br \/>No se ha demostrado que disminuya la utilizaci\u00f3n de medicamentos para el dolor u otro tipo de intervenciones. El alivio del dolor dura aprox.. 30 min. Despu\u00e9s del masaje o de aplicaci\u00f3n de presi\u00f3n, por lo tanto es recomendado dar masaje cada 30 min. Con pasusas en el medio.<\/p>\n<p>Esta informaci\u00f3n fue obtenida de las siguientes publicaciones<br \/>Simkin P.,Nonpharmacologic relief of pain during labor:Systematic reviews of five methods, Am J Obstet gynecol, 2002 Volume 186, Number 5 ,S131-159&nbsp;<br \/>Murray Enkin, A Guide to Effective Care in Pregnancy and Childbirth, 3rd Ed., Oxford University Press, 2000&nbsp;<\/span><\/p>\n<p align=\"center\" style=\"color: rgb(0, 0, 0); font-weight: 400;\"><font style=\"font-size: 16px; font-family: Tahoma;\">Haga click<\/font><\/p>\n<p align=\"center\" style=\"color: rgb(0, 0, 0); font-family: 'Times New Roman'; font-weight: 400;\"><a href=\"\/metodos-alternativos-para-el-manejo-del-durante-el-parto\/moyimientos-maternos-y-cambios-de-posicion\" target=\"_parent\" style=\"font-family: Tahoma, arial, verdana; font-size: medium; font-weight: 400; text-align: -webkit-left; \" rel=\"noopener\">Moyimientos Maternos y Cambios de Posicion<\/a><a href=\"http:\/\/www.painfreebirthing.com\/spanish\/movementsp.htm\" target=\"main\" rel=\"noopener\"><font face=\"Tahoma\" style=\" font-size: 16px;\"><\/font><\/a><\/p>\n<p align=\"left\" style=\"color: rgb(0, 0, 0); font-family: 'Times New Roman'; font-size: medium; font-weight: 400;\"><font face=\"Tahoma, arial, verdana\" size=\"3\"><\/font><\/p>\n<p align=\"left\" style=\"color: rgb(0, 0, 0); font-family: 'Times New Roman'; font-size: medium; font-weight: 400;\"><font face=\"Tahoma, arial, verdana\" size=\"3\"><\/font><\/p>\n<p align=\"left\" style=\"color: rgb(0, 0, 0); font-family: 'Times New Roman'; font-size: medium; font-weight: 400; text-align: center;\"><a href=\"\/alternative-methods\/maternal-movement-and-postional-changes-during-labor\" target=\"_parent\" rel=\"noopener\"><\/a><font face=\"Tahoma, arial, verdana\" size=\"3\"><\/font><\/p>\n<p><\/p>\n","protected":false},"excerpt":{"rendered":"<p>Muchas mujeres aprecian el contacto o un masaje durante el parto. La mayor\u00eda de las veces este es dado por un ser querido. No hay muchos estudios del beneficio de esta terapia, es claro que las mujeres reciben mejor\u00eda emocional y f\u00edsica. t\u00e9cnica Est\u00e1n incluidas diferentes tipos de intervenciones desde toque sensible hasta jalar el&#8230;<\/p>\n<p class=\"more-link-wrap\"><a href=\"https:\/\/painfreebirthing.com\/spn\/metodos-alternativos-para-el-manejo-del-durante-el-parto\/masajes\/\" class=\"more-link\">Read More<span class=\"screen-reader-text\"> &ldquo;Contacto y Masaje&rdquo;<\/span> &raquo;<\/a><\/p>\n","protected":false},"author":1,"featured_media":0,"parent":246,"menu_order":18,"comment_status":"closed","ping_status":"closed","template":"","meta":{"footnotes":""},"class_list":["post-253","page","type-page","status-publish","hentry"],"_links":{"self":[{"href":"https:\/\/painfreebirthing.com\/spn\/wp-json\/wp\/v2\/pages\/253","targetHints":{"allow":["GET"]}}],"collection":[{"href":"https:\/\/painfreebirthing.com\/spn\/wp-json\/wp\/v2\/pages"}],"about":[{"href":"https:\/\/painfreebirthing.com\/spn\/wp-json\/wp\/v2\/types\/page"}],"author":[{"embeddable":true,"href":"https:\/\/painfreebirthing.com\/spn\/wp-json\/wp\/v2\/users\/1"}],"replies":[{"embeddable":true,"href":"https:\/\/painfreebirthing.com\/spn\/wp-json\/wp\/v2\/comments?post=253"}],"version-history":[{"count":0,"href":"https:\/\/painfreebirthing.com\/spn\/wp-json\/wp\/v2\/pages\/253\/revisions"}],"up":[{"embeddable":true,"href":"https:\/\/painfreebirthing.com\/spn\/wp-json\/wp\/v2\/pages\/246"}],"wp:attachment":[{"href":"https:\/\/painfreebirthing.com\/spn\/wp-json\/wp\/v2\/media?parent=253"}],"curies":[{"name":"wp","href":"https:\/\/api.w.org\/{rel}","templated":true}]}}