{"id":249,"date":"2023-07-08T15:12:14","date_gmt":"2023-07-08T15:12:14","guid":{"rendered":"https:\/\/painfreebirthing.com\/spn\/metodos-alternativos-para-el-manejo-del-durante-el-parto\/lamaze\/"},"modified":"2023-07-08T15:12:14","modified_gmt":"2023-07-08T15:12:14","slug":"lamaze","status":"publish","type":"page","link":"https:\/\/painfreebirthing.com\/spn\/metodos-alternativos-para-el-manejo-del-durante-el-parto\/lamaze\/","title":{"rendered":"lamaze"},"content":{"rendered":"<table>\n<tbody>\n<tr>\n<td><font face=\"Tahoma, arial, verdana\" size=\"3\"><span style=\"color: #000000; \">Lamaze es otra t\u00e9cnica usada por algunas mujeres. El Dr. Grantley Dick Read le recomienda al las madres dar a luz naturalmente reduciendo el miedo (y dolor) al parto por medio de conocimiento y relajaci\u00f3n. Dr. Lamaze aplica cierto numero de estrategias simples para facilitar el parto natural y ayudar a las mujeres a dar a luz sin medicamentos. La psicoprofilaxis, m\u00e9todo lamaze para el parto, consiste en soporte permanente durante el trabajo de parto ( por la monitrice) y el uso de un repertorio de estrategias de relajaci\u00f3n y t\u00e9cnicas de respiraci\u00f3n. Lamaze cre\u00eda que ejercicios de respiraci\u00f3n controlados y condicionados eran efectivos en bloquear la percepci\u00f3n del dolor durante las contracciones.<\/span><br \/><span style=\"color: #000000; \">Para mas detalles:<\/span><br \/><\/font><\/p>\n<p><font face=\"Tahoma, arial, verdana\" size=\"3\"><a href=\"http:\/\/www.lamaze.com\/\" target=\"_blank\" rel=\"noopener\"><span style=\"color: rgb(0, 0, 0);  \">www.lamaze-childbirth.com<\/span><\/a>&nbsp;&nbsp;<\/font><\/p>\n<p><font face=\"Tahoma, arial, verdana\" size=\"3\"><a href=\"http:\/\/lamaze-childbirth.com\/2000\/JPEextend.html\" target=\"_blank\" rel=\"noopener\"><span style=\"color: rgb(0, 0, 0);  \">http:\/\/lamaze-childbirth.com\/2000\/JPEextend.html<\/span><\/a>&nbsp;<\/font><\/p>\n<p><font face=\"Tahoma, arial, verdana\" size=\"3\"><a href=\"http:\/\/www.lamaze.com\/\" target=\"_blank\" rel=\"noopener\"><span style=\"color: rgb(0, 0, 0);  \">www.lamaze.com<\/span><\/a><\/font><\/p>\n<p><span style=\"color: #000000; \">&nbsp;<\/span><\/p>\n<\/td>\n<\/tr>\n<tr>\n<td>\n<p align=\"center\"><font size=\"3\" face=\"Tahoma\"><span style=\"color: #000000; \">Haga click<\/span><\/font><\/p>\n<p align=\"center\"><a href=\"\/metodos-alternativos-para-el-manejo-del-durante-el-parto\/tina\" target=\"_parent\" rel=\"noopener\">Ba\u00f1os<\/a><span style=\"color: rgb(0, 0, 0); font-family: Tahoma, arial, verdana; font-size: medium; \"><\/span><a href=\"http:\/\/www.painfreebirthing.com\/spanish\/bathingsp.htm\" target=\"main\" style=\"font-family: Tahoma, arial, verdana; font-size: medium; font-weight: 400; text-align: -webkit-left;  \" rel=\"noopener\"><\/a><a href=\"http:\/\/www.painfreebirthing.com\/spanish\/bathingsp.htm\" target=\"main\" rel=\"noopener\"><font size=\"3\" face=\"Tahoma\"><\/font><\/a><\/p>\n<\/td>\n<\/tr>\n<\/tbody>\n<\/table>\n<p><font face=\"Tahoma, arial, verdana\" style=\"color: rgb(105, 105, 105); font-weight: 400; background-color: rgba(255, 255, 255, 0.597656);\"><span style=\"font-size: medium; font-weight: bold;\"><\/span><\/font><\/p>\n<p style=\"margin-top: 10px; margin-bottom: 10px; color: rgb(105, 105, 105); font-family: Arial, 'Arial Unicode MS', Helvetica, sans-serif; font-weight: 400; background-color: rgba(255, 255, 255, 0.597656); text-align: center;\"><a href=\"http:\/\/www.lamaze.com\/\" target=\"_blank\" style=\"font-family: Arial, 'Arial Unicode MS', Helvetica, sans-serif;\" rel=\"noopener\"><\/a><\/p>\n<p><\/p>\n","protected":false},"excerpt":{"rendered":"<p>Lamaze es otra t\u00e9cnica usada por algunas mujeres. El Dr. Grantley Dick Read le recomienda al las madres dar a luz naturalmente reduciendo el miedo (y dolor) al parto por medio de conocimiento y relajaci\u00f3n. Dr. Lamaze aplica cierto numero de estrategias simples para facilitar el parto natural y ayudar a las mujeres a dar&#8230;<\/p>\n<p class=\"more-link-wrap\"><a href=\"https:\/\/painfreebirthing.com\/spn\/metodos-alternativos-para-el-manejo-del-durante-el-parto\/lamaze\/\" class=\"more-link\">Read More<span class=\"screen-reader-text\"> &ldquo;lamaze&rdquo;<\/span> &raquo;<\/a><\/p>\n","protected":false},"author":1,"featured_media":0,"parent":246,"menu_order":14,"comment_status":"closed","ping_status":"closed","template":"","meta":{"footnotes":""},"class_list":["post-249","page","type-page","status-publish","hentry"],"_links":{"self":[{"href":"https:\/\/painfreebirthing.com\/spn\/wp-json\/wp\/v2\/pages\/249","targetHints":{"allow":["GET"]}}],"collection":[{"href":"https:\/\/painfreebirthing.com\/spn\/wp-json\/wp\/v2\/pages"}],"about":[{"href":"https:\/\/painfreebirthing.com\/spn\/wp-json\/wp\/v2\/types\/page"}],"author":[{"embeddable":true,"href":"https:\/\/painfreebirthing.com\/spn\/wp-json\/wp\/v2\/users\/1"}],"replies":[{"embeddable":true,"href":"https:\/\/painfreebirthing.com\/spn\/wp-json\/wp\/v2\/comments?post=249"}],"version-history":[{"count":0,"href":"https:\/\/painfreebirthing.com\/spn\/wp-json\/wp\/v2\/pages\/249\/revisions"}],"up":[{"embeddable":true,"href":"https:\/\/painfreebirthing.com\/spn\/wp-json\/wp\/v2\/pages\/246"}],"wp:attachment":[{"href":"https:\/\/painfreebirthing.com\/spn\/wp-json\/wp\/v2\/media?parent=249"}],"curies":[{"name":"wp","href":"https:\/\/api.w.org\/{rel}","templated":true}]}}