{"id":248,"date":"2023-07-08T15:12:13","date_gmt":"2023-07-08T15:12:13","guid":{"rendered":"https:\/\/painfreebirthing.com\/spn\/metodos-alternativos-para-el-manejo-del-durante-el-parto\/hipnoterapia\/"},"modified":"2023-07-08T15:12:13","modified_gmt":"2023-07-08T15:12:13","slug":"hipnoterapia","status":"publish","type":"page","link":"https:\/\/painfreebirthing.com\/spn\/metodos-alternativos-para-el-manejo-del-durante-el-parto\/hipnoterapia\/","title":{"rendered":"Hiponterapia"},"content":{"rendered":"<\/p>\n<table border=\"0\" width=\"100%\" style=\"margin-right: auto; margin-left: auto; \">\n<tbody>\n<tr>\n<td align=\"center\">\n<p align=\"left\"><font face=\"Tahoma, arial, verdana\" size=\"3\"><span style=\"color: #000000; \">Hipnosis para el parto fue introducida en el siglo 19 utilizando t\u00e9cnicas para el manejo de fobia y relajaci\u00f3n. \u201c La mujer trata de aliviar su ansiedad y alcanzar un estado de relajacion de las extremidades , como mu\u00f1eca de trapo&#8230; despu\u00e9s el cuerpo puede hacer para lo que fue dise\u00f1ado durante el parto, sin tensi\u00f3n y sin discomfort.<\/span><\/p>\n<p><span style=\"color: #000000; \">t\u00e9cnica-&nbsp;<\/span><br \/><span style=\"color: #000000; \">Normalmente las clases son tomadas una vez a la semana por 2 horas, empezando en la semana 30 de embarazo con una duraci\u00f3n de 4 a 5 semanas. El terapista usualmente no acompa\u00f1a a la madre durante el parto. Este m\u00e9todo trata de modificar la percepci\u00f3n del dolor por auto hipnosis y sugesti\u00f3n post hipn\u00f3tica. Un ejemplo es el de imaginarse en un lugar seguro a menudo simbolizando el dolor como algo que puede ser separado del conocimiento consciente y de esta manera sentir menos dolor. Algunas de las metas de esta terapia incluyen:<\/span><br \/><span style=\"color: #000000; \">&#8211;\tReducir la necesidad de medicamentos para el dolor<\/span><br \/><span style=\"color: #000000; \">&#8211;\tEl parto se convierte en una celebraci\u00f3n pacifica<\/span><br \/><span style=\"color: #000000; \">&#8211;\tMenos cansancio durante el parto<\/span><br \/><span style=\"color: #000000; \">&#8211;\tUne a la madre, bebe y acompa\u00f1antes<\/span><br \/><span style=\"color: #000000; \">&#8211;\tMenos hiperventilaci\u00f3n que el m\u00e9todo Lamaze.<\/span><\/p>\n<p><span style=\"color: #000000; \">Este m\u00e9todo trata de hacer el proceso del parto menos cient\u00edfico reemplazando los t\u00e9rminos cient\u00edficos con descripciones mas comunes.<\/span><\/p>\n<p><span style=\"color: #000000; \">Limitaciones:<\/span><br \/><span style=\"color: #000000; \">La hipnosis no tiene ning\u00fan factor de riesgo conocido para la madre o el bebe, algunas de las desventajas reconocidas son:<\/span><br \/><span style=\"color: #000000; \">&#8211;\tUn estudio aleatorio mostr\u00f3 que la duraci\u00f3n promedio del trabajo de parto fue mayor en el grupo que recibi\u00f3 hipnosis.<\/span><br \/><span style=\"color: #000000; \">&#8211;\tPoca popularidad en los obstetras debido al incremento del tiempo necesario para una adecuada hipnosis comparada con las terapias medicas tradicionales para manejo del dolor.<\/span><br \/><span style=\"color: #000000; \">&#8211;\tEl nivel de hipnosis requerido para tolerar el dolor durante el parto puede afectar el recuerdo del nacimiento por la madre.<\/span><\/p>\n<p><span style=\"color: #000000; \">Si usted quiere mas informaci\u00f3n acerca de la hipnosis puede consultar este sitio web<\/span><br \/><span style=\"color: #000000; \">www.hypnobirthing.com adem\u00e1s de discutir esta opci\u00f3n con su obstetra.<\/span><\/p>\n<p><span style=\"color: #000000; \">Murray Enkin, A Guide to Effective Care in Pregnancy and Childbirth, 3rd Ed., Oxford University Press, 2000&nbsp;<\/span><br \/><span style=\"color: #000000; \">Eappen S, Robbins D., Nonpharmacological means of pain relief for labor and delivery, Int Anesthesiol Clini. 2002 Fall; 40(4): 103-14, Review&nbsp;<\/span><br \/><span style=\"color: #000000; \">Macaulay A, Randomised trial of self hypnosis for analgesia in labour, Br Med J; 292:657, 1986<\/span><br \/><\/font><\/p>\n<p align=\"left\" style=\"text-align: center; \"><\/p>\n<p align=\"left\" style=\"text-align: center; \"><\/p>\n<p align=\"left\" style=\"text-align: center; \"><span style=\"color: #000000; \">Haga click para ve el siguiente tema<\/span><\/p>\n<p align=\"left\" style=\"text-align: center; \"><a href=\"\/metodos-alternativos-para-el-manejo-del-durante-el-parto\/lamaze\" target=\"_parent\" rel=\"noopener\">Lamaze<\/a><\/p>\n<\/td>\n<\/tr>\n<\/tbody>\n<\/table>\n<p><\/p>\n<p>\n","protected":false},"excerpt":{"rendered":"<p>Hipnosis para el parto fue introducida en el siglo 19 utilizando t\u00e9cnicas para el manejo de fobia y relajaci\u00f3n. \u201c La mujer trata de aliviar su ansiedad y alcanzar un estado de relajacion de las extremidades , como mu\u00f1eca de trapo&#8230; despu\u00e9s el cuerpo puede hacer para lo que fue dise\u00f1ado durante el parto, sin&#8230;<\/p>\n<p class=\"more-link-wrap\"><a href=\"https:\/\/painfreebirthing.com\/spn\/metodos-alternativos-para-el-manejo-del-durante-el-parto\/hipnoterapia\/\" class=\"more-link\">Read More<span class=\"screen-reader-text\"> &ldquo;Hiponterapia&rdquo;<\/span> &raquo;<\/a><\/p>\n","protected":false},"author":1,"featured_media":0,"parent":246,"menu_order":13,"comment_status":"closed","ping_status":"closed","template":"","meta":{"footnotes":""},"class_list":["post-248","page","type-page","status-publish","hentry"],"_links":{"self":[{"href":"https:\/\/painfreebirthing.com\/spn\/wp-json\/wp\/v2\/pages\/248","targetHints":{"allow":["GET"]}}],"collection":[{"href":"https:\/\/painfreebirthing.com\/spn\/wp-json\/wp\/v2\/pages"}],"about":[{"href":"https:\/\/painfreebirthing.com\/spn\/wp-json\/wp\/v2\/types\/page"}],"author":[{"embeddable":true,"href":"https:\/\/painfreebirthing.com\/spn\/wp-json\/wp\/v2\/users\/1"}],"replies":[{"embeddable":true,"href":"https:\/\/painfreebirthing.com\/spn\/wp-json\/wp\/v2\/comments?post=248"}],"version-history":[{"count":0,"href":"https:\/\/painfreebirthing.com\/spn\/wp-json\/wp\/v2\/pages\/248\/revisions"}],"up":[{"embeddable":true,"href":"https:\/\/painfreebirthing.com\/spn\/wp-json\/wp\/v2\/pages\/246"}],"wp:attachment":[{"href":"https:\/\/painfreebirthing.com\/spn\/wp-json\/wp\/v2\/media?parent=248"}],"curies":[{"name":"wp","href":"https:\/\/api.w.org\/{rel}","templated":true}]}}