{"id":95,"date":"2023-07-08T15:42:41","date_gmt":"2023-07-08T15:42:41","guid":{"rendered":"https:\/\/painfreebirthing.com\/port\/metodos-alternativos-de-alivio-da-dor-durante-o-parto\/"},"modified":"2023-07-08T15:42:41","modified_gmt":"2023-07-08T15:42:41","slug":"metodos-alternativos-de-alivio-da-dor-durante-o-parto","status":"publish","type":"page","link":"https:\/\/painfreebirthing.com\/port\/metodos-alternativos-de-alivio-da-dor-durante-o-parto\/","title":{"rendered":"M\u00e9todos alternativos de al\u00edvio da dor durante o parto"},"content":{"rendered":"<table border=\"0\" width=\"100%\">\n<tbody>\n<tr>\n<td align=\"center\">\n<p align=\"left\" style=\"background-color: transparent; color: rgb(0, 0, 0); font-family: 'Times New Roman'; font-size: 16px; font-weight: 400; text-align: left; \"><span lang=\"PT-BR\" style=\"font-family: Tahoma, sans-serif; \">H\u00e1<br \/>\n\t\t\t\t\tsitu\u00e7\u00f5es nas quais a m\u00e3e pode desejar n\u00e3o utilizar<br \/>\n\t\t\t\t\tmedica\u00e7\u00f5es ou anestesia regional&nbsp; durante o parto ou essas<br \/>\n\t\t\t\t\top\u00e7\u00f5es podem n\u00e3o estar dispon\u00edveis, como em algumas partes<br \/>\n\t\t\t\t\tdo mundo. Nesses casos, existem m\u00e9todos dispon\u00edveis que t\u00eam<br \/>\n\t\t\t\t\tsido considerados por muitas m\u00e3es como auxiliares no al\u00edvio<br \/>\n\t\t\t\t\tda dor durante o trabalho de parto. A seguir, h\u00e1 uma breve<br \/>\n\t\t\t\t\tdescri\u00e7\u00e3o de cada m\u00e9todo e um <i>link <\/i>para informa\u00e7\u00f5es<br \/>\n\t\t\t\t\tmais detalhadas do assunto. Em um esfor\u00e7o para fornecer<br \/>\n\t\t\t\t\tdados baseados em bons estudos, n\u00f3s resumimos as informa\u00e7\u00f5es<br \/>\n\t\t\t\t\ta respeito dos seguintes m\u00e9todos de analgesia n\u00e3o<br \/>\n\t\t\t\t\tfarmacol\u00f3gica.<\/span><\/p>\n<p align=\"left\" style=\"background-color: transparent; color: rgb(0, 0, 0); font-family: 'Times New Roman'; font-size: 16px; font-weight: 400; text-align: left; \">\n\t\t\t\t\t&nbsp; <\/p>\n<p align=\"left\" style=\"margin-top: 10px; margin-bottom: 10px; \"><span style=\"color: rgb(15, 15, 15); font-family: Tahoma; font-size: 16px;\"><span style=\"color: rgb(0, 0, 0); font-family: Tahoma, arial, verdana; font-size: medium; font-weight: 400; \">&nbsp;<\/span><\/span><\/p>\n<p align=\"left\" style=\"margin-top: 10px; margin-bottom: 10px; \"><a href=\"http:\/\/www.painfreebirthing.com\/j25\/index.php\/ct-menu-item-9\/ct-menu-item-10\"><span style=\"color: rgb(0, 0, 0); \"><span style=\"font-size: 16px; font-family: Tahoma; \">&#8211;&nbsp;<\/span><span style=\"font-size: 16px;\"><\/span><\/span><\/a><a href=\"\/metodos-alternativos-de-alivio-da-dor-durante-o-parto\/aromaterapia\" target=\"_parent\" style=\" font-family: Tahoma; \" rel=\"noopener\"><span style=\"color: #000000; \">Aromaterapia<\/span><\/a><span style=\"font-weight: 400; text-align: left; text-decoration: underline; background-color: transparent; font-family: Tahoma; \"><\/span><span style=\"font-family: Tahoma; font-size: 16px; \"><span style=\"background-color: transparent; font-weight: 400; text-align: left; text-decoration: underline; color: #000000; \"><\/span><a target=\"_parent\" href=\"\/metodi-alternativi-per-la-riduzione-del-dolore-durante-il-travaglio\/aromaterapia\" style=\"font-weight: 400; \" rel=\"noopener\"><span style=\"color: #000000; \"><\/span><\/a><br style=\"color: #000000; font-weight: 400; \"><br style=\"color: #000000; font-weight: 400; \"><span style=\"font-weight: 400; color: #000000; \">&#8211;&nbsp;<a href=\"\/metodos-alternativos-de-alivio-da-dor-durante-o-parto\/hipnoterapia\" target=\"_parent\" rel=\"noopener\"><span style=\"color: #000000; \">Hipnoterapia<\/span><\/a><span style=\"background-color: transparent; font-weight: 400; text-align: left; text-decoration: underline; \"><\/span><span style=\"background-color: transparent; font-weight: 400; text-align: left; text-decoration: underline; \"><\/span><\/span><a target=\"_parent\" href=\"\/metodi-alternativi-per-la-riduzione-del-dolore-durante-il-travaglio\/ipnoterapia\" style=\"font-weight: 400; \" rel=\"noopener\"><span style=\"color: #000000; \"><\/span><\/a><br style=\"color: #000000; font-weight: 400; \"><br style=\"color: #000000; font-weight: 400; \"><span style=\"font-weight: 400; color: #000000; \">&#8211;&nbsp;<a href=\"\/metodos-alternativos-de-alivio-da-dor-durante-o-parto\/lamaze\" target=\"_parent\" rel=\"noopener\"><span style=\"color: #000000; \">Lamaze<\/span><\/a><span style=\"background-color: transparent; font-weight: 400; text-align: left; text-decoration: underline; \"><\/span><\/span><a target=\"_parent\" href=\"\/metodi-alternativi-per-la-riduzione-del-dolore-durante-il-travaglio\/lamaze\" style=\"font-weight: 400; \" rel=\"noopener\"><span style=\"color: #000000; \"><\/span><\/a><br style=\"color: #000000; font-weight: 400; \"><br style=\"color: #000000; font-weight: 400; \"><span style=\"font-weight: 400; color: #000000; \">&#8211;&nbsp;<\/span><a target=\"_parent\" href=\"\/metodos-alternativos-de-alivio-da-dor-durante-o-parto\/banho\" style=\"font-weight: 400; \" rel=\"noopener\"><span style=\"color: #000000; \">Banho<\/span><\/a><br style=\"color: #000000; font-weight: 400; \"><br style=\"color: #000000; font-weight: 400; \"><span style=\"font-weight: 400; color: #000000; \">&#8211;&nbsp;<a href=\"\/metodos-alternativos-de-alivio-da-dor-durante-o-parto\/acupuntura\" target=\"_parent\" rel=\"noopener\"><span style=\"color: #000000; \">Acupuntura<\/span><\/a><span style=\"background-color: transparent; font-weight: 400; text-align: left; text-decoration: underline; \"><\/span><\/span><a target=\"_parent\" href=\"\/metodi-alternativi-per-la-riduzione-del-dolore-durante-il-travaglio\/agopuntura\" style=\"font-weight: 400; \" rel=\"noopener\"><span style=\"color: #000000; \"><\/span><\/a><br style=\"color: #000000; font-weight: 400; \"><br style=\"color: #000000; font-weight: 400; \"><span style=\"font-weight: 400; color: #000000; \">&#8211;&nbsp;<a href=\"\/metodos-alternativos-de-alivio-da-dor-durante-o-parto\/estimulacao-eletrica-transcutanea-de-nervos-tens\" target=\"_parent\" rel=\"noopener\"><span style=\"color: #000000; \">Estimula\u00e7\u00e3o el\u00e9trica transcut\u00e2nea de nervos&nbsp;(TENS)<\/span><\/a><span style=\"background-color: transparent; font-weight: 400; text-align: left; text-decoration: underline; \"><\/span><\/span><a target=\"_parent\" href=\"\/metodi-alternativi-per-la-riduzione-del-dolore-durante-il-travaglio\/stimolatori-nervosi-elettrici-transcutanei-tens\" style=\"font-weight: 400; \" rel=\"noopener\"><span style=\"color: #000000; \"><\/span><\/a><br style=\"color: #000000; font-weight: 400; \"><br style=\"color: #000000; font-weight: 400; \"><span style=\"font-weight: 400; color: #000000; \">&#8211;<a href=\"\/metodos-alternativos-de-alivio-da-dor-durante-o-parto\/toque-e-massagem\" target=\"_parent\" rel=\"noopener\"><span style=\"color: #000000; \">&nbsp;Toque e massagem<\/span><\/a><\/span><a target=\"main\" href=\"http:\/\/www.painfreebirthing.com\/italian\/touchandmassageit.htm\" style=\"font-weight: 400; \" rel=\"noopener\"><span style=\"color: #000000; \"><\/span><\/a><br style=\"color: #000000; font-weight: 400; \"><br style=\"color: #000000; font-weight: 400; \"><\/span><span style=\"font-weight: 400; color: #000000; \"><span style=\"font-family: Tahoma; font-size: 16px; color: #000000; \">&#8211;&nbsp;<a href=\"\/metodos-alternativos-de-alivio-da-dor-durante-o-parto\/movimentacao-materna-e-mudancas-posicionais-durante-o-trabalho-de-parto\" target=\"_parent\" rel=\"noopener\"><span style=\"color: #000000; \">Movimenta\u00e7\u00e3o materna e mudan\u00e7as posicionais durante o<br \/>\n\t\t\t\t\ttrabalho de parto <\/span><\/a><\/span><span style=\"font-family: Tahoma, sans-serif; font-weight: 400; text-align: left; text-decoration: underline; background-color: transparent; font-size: medium; background-color: transparent;\"><\/span><\/span><a target=\"_parent\" href=\"\/metodi-alternativi-per-la-riduzione-del-dolore-durante-il-travaglio\/movimenti-materni-e-cambiamenti-di-posizione\" style=\"font-family: Tahoma, arial, verdana; font-size: medium; font-weight: 400; \" rel=\"noopener\"><span style=\"color: rgb(0, 0, 0);  \"><\/span><\/a><\/p>\n<\/td>\n<\/tr>\n<\/tbody>\n<\/table>\n<p><\/p>\n","protected":false},"excerpt":{"rendered":"<p>H\u00e1 situ\u00e7\u00f5es nas quais a m\u00e3e pode desejar n\u00e3o utilizar medica\u00e7\u00f5es ou anestesia regional&nbsp; durante o parto ou essas op\u00e7\u00f5es podem n\u00e3o estar dispon\u00edveis, como em algumas partes do mundo. Nesses casos, existem m\u00e9todos dispon\u00edveis que t\u00eam sido considerados por muitas m\u00e3es como auxiliares no al\u00edvio da dor durante o trabalho de parto. A seguir,&#8230;<\/p>\n<p class=\"more-link-wrap\"><a href=\"https:\/\/painfreebirthing.com\/port\/metodos-alternativos-de-alivio-da-dor-durante-o-parto\/\" class=\"more-link\">Read More<span class=\"screen-reader-text\"> &ldquo;M\u00e9todos alternativos de al\u00edvio da dor durante o parto&rdquo;<\/span> &raquo;<\/a><\/p>\n","protected":false},"author":1,"featured_media":0,"parent":0,"menu_order":9,"comment_status":"closed","ping_status":"closed","template":"","meta":{"footnotes":""},"class_list":["post-95","page","type-page","status-publish","hentry"],"_links":{"self":[{"href":"https:\/\/painfreebirthing.com\/port\/wp-json\/wp\/v2\/pages\/95","targetHints":{"allow":["GET"]}}],"collection":[{"href":"https:\/\/painfreebirthing.com\/port\/wp-json\/wp\/v2\/pages"}],"about":[{"href":"https:\/\/painfreebirthing.com\/port\/wp-json\/wp\/v2\/types\/page"}],"author":[{"embeddable":true,"href":"https:\/\/painfreebirthing.com\/port\/wp-json\/wp\/v2\/users\/1"}],"replies":[{"embeddable":true,"href":"https:\/\/painfreebirthing.com\/port\/wp-json\/wp\/v2\/comments?post=95"}],"version-history":[{"count":0,"href":"https:\/\/painfreebirthing.com\/port\/wp-json\/wp\/v2\/pages\/95\/revisions"}],"wp:attachment":[{"href":"https:\/\/painfreebirthing.com\/port\/wp-json\/wp\/v2\/media?parent=95"}],"curies":[{"name":"wp","href":"https:\/\/api.w.org\/{rel}","templated":true}]}}