{"id":87,"date":"2023-07-08T15:42:33","date_gmt":"2023-07-08T15:42:33","guid":{"rendered":"https:\/\/painfreebirthing.com\/port\/benvenuti-al-sito-parto-senza-dolore-analgesia-epidurale-per-il-vostro-travaglio\/"},"modified":"2023-07-08T15:42:33","modified_gmt":"2023-07-08T15:42:33","slug":"benvenuti-al-sito-parto-senza-dolore-analgesia-epidurale-per-il-vostro-travaglio","status":"publish","type":"page","link":"https:\/\/painfreebirthing.com\/port\/","title":{"rendered":"Benvenuti al sito &#8220;parto senza dolore&#8221; \u2013 analgesia epidurale per il vostro travaglio"},"content":{"rendered":"<div class=\"art-content-layout layout-item-0\">\n<div class=\"art-content-layout-row\">\n<div class=\"art-layout-cell layout-item-1\" style=\"width: 100%\" >\n        <font style=\"color: rgb(64, 64, 64); background-color: rgb(229, 229, 229);\"><span style=\"font-size: medium; font-weight: 400; font-family: Tahoma, arial, verdana; color: rgb(255, 255, 255); background-color: rgb(255, 255, 255); \">ewed Jan 2013, Designed, produced and maintainAed by Bhavani Shankar Kodali MD<\/span><\/p>\n<p><span style=\"background-color: rgb(255, 255, 255); \"><span style=\"font-size: medium; font-family: Tahoma; \">S<\/span><span style=\"background-color: rgb(255, 255, 255); \"><span style=\"font-size: medium; font-family: Tahoma; \">ite reviewed Jan 2018, Designed, produced and maintained by Bhavani Shankar Kodali MD<\/span><br \/><span style=\"font-size: medium; font-family: Tahoma; \">Website reviewed in British Journal of Anesthesia (https:\/\/www.sciencedirect.com\/science\/article\/pii\/S0007091217375451)&nbsp;&nbsp;<\/span><\/p>\n<p><span style=\"background-color: transparent; color: rgb(0, 0, 0); font-family: Tahoma, arial, verdana; font-size: 16px; font-weight: 400; \">I gratefully<br \/>\n                                \t\t\t\tacknowledge the personal efforts of DR Guilherme Holck, MD<br \/>\n                                \t\t\t\tfor providing the Portuguese translation of the entire pain-free<br \/>\n                                \t\t\t\tbirthing website. Dr Holck is completed his fellowship&nbsp; at<br \/>\n                                \t\t\t\tBrigham and Women&#8217;s Hospital,&nbsp; Harvard Medical<br \/>\n                                \t\t\t\tSchool and &nbsp;pursued fellowship in Regional<br \/>\n                                \t\t\t\tAnesthesia at Hospital for Joint<br \/>\n                                \t\t\t\tDiseases, New York. NY, USA. He is currently practicing in Brazil.&nbsp;<\/span><span style=\"color: rgb(0, 0, 0); font-family: Tahoma, arial, verdana; font-size: medium; font-weight: 400; text-align: start; background-color: rgb(255, 255, 255); \">&nbsp;<br \/>&#8212;&#8212;&#8212;&#8212;&#8212;&#8212;&#8212;&#8212;&#8212;&#8212;&#8212;&#8212;&#8212;&#8212;&#8212;&#8212;&#8212;&#8212;&#8212;&#8212;&#8212;&#8212;&#8212;&#8212;&#8212;&#8212;&#8212;&#8212;&#8212;&#8212;&#8212;&#8212;&#8212;&#8212;&#8212;-<br \/><\/span><\/p>\n<table border=\"0\" width=\"90%\" cellpadding=\"6\">\n<tbody>\n<tr>\n<td width=\"100%\">\n<table border=\"0\">\n<tbody><\/tbody>\n<\/table>\n<p><span style=\"font-family: Tahoma; font-size: 16px;\"><\/span><\/td>\n<\/tr>\n<\/tbody>\n<\/table>\n<p><span style=\"-webkit-border-horizontal-spacing: 2px; -webkit-border-vertical-spacing: 2px; color: rgb(0, 0, 0); \"><span lang=\"PT-BR\" style=\"background-color: transparent; font-family: Tahoma, sans-serif; font-size: 16px; font-weight: 400; color: #000000; \">informa\u00e7\u00f5es a respeito de al\u00edvio da dor durante o trabalho de parto.<br \/>\n                                \t\tProcurar m\u00e9todos de alivio da dor para o seu parto \u00e9 sua escolha e n\u00f3s<br \/>\n                                \t\tn\u00e3o pretendemos entrar na controv\u00e9rsia a respeito do \u201cparto com al\u00edvio<br \/>\n                                \t\tda dor\u201d versus \u201cparto natural\u201d. Voc\u00ea n\u00e3o deve, de forma alguma, basear<br \/>\n                                \t\tsuas decis\u00f5es em rela\u00e7\u00e3o ao seu parto nas informa\u00e7\u00f5es geradas por esse<br \/>\n                                \t\tsite. Isto ser\u00e1 decidido mais apropriadamente atrav\u00e9s de conversas com<br \/>\n                                \t\tseu educador de parto, parteira e m\u00e9dicos respons\u00e1veis pelo seu cuidado.<br \/>\n                                \t\tPor outro lado, a id\u00e9ia de criar e produzir este site originou-se da<br \/>\n                                \t\tobserva\u00e7\u00e3o feita ao longo dos anos durante assist\u00eancia a milhares de<br \/>\n                                \t\tmulheres procurando al\u00edvio da dor durante o parto em nossa institui\u00e7\u00e3o.<br \/>\n                                \t\tN\u00f3s percebemos que as gr\u00e1vidas t\u00eam in\u00fameras d\u00favidas para as quais elas<br \/>\n                                \t\tgostariam de ter respostas antes de entrarem em trabalho de parto.<br \/>\n                                \t\tFrequentemente, pacientes gr\u00e1vidas nos telefonam procurando orienta\u00e7\u00e3o<br \/>\n                                \t\tem rela\u00e7\u00e3o a m\u00e9todos de al\u00edvio da dor do parto. Al\u00e9m disso, n\u00f3s<br \/>\n                                \t\tobservamos que pacientes bem informadas s\u00e3o geralmente mais cooperativas<br \/>\n                                \t\te se adaptam melhor \u00e0s vari\u00e1veis durante o parto.<\/span><span lang=\"PT-BR\" style=\"background-color: transparent; font-family: Tahoma, sans-serif; font-size: 16px; font-weight: 400; color: #000000; \"><br \/>\n                                \t\t<span style=\"color: #000000; \">Assim, n\u00f3s acreditamos que educa\u00e7\u00e3o pr\u00e9-natal a<br \/>\n                                \t\trespeito dos m\u00e9todos de al\u00edvio da dor ajuda e beneficia ambas as partes,<br \/>\n                                \t\tas pacientes e os prestadores de cuidados. Tanto visitar este site<br \/>\n                                \t\tquanto conversar com o anestesiologista n\u00e3o significa de forma alguma<br \/>\n                                \t\tque voc\u00ea \u00e9 obrigada a receber anestesia. <\/span><\/span><br \/>\n                                \t\t<span lang=\"PT-BR\" style=\"background-color: transparent; font-family: Tahoma, sans-serif; font-size: 16px; font-weight: 400; color: #000000; \"><br \/>\n                                \t\tNosso objetivo \u00e9 proporcionar a melhor informa\u00e7\u00e3o poss\u00edvel de maneira<br \/>\n                                \t\tque voc\u00ea possa tomar a decis\u00e3o adequada para voc\u00ea e seu beb\u00ea o mais bem<br \/>\n                                \t\tinformada poss\u00edvel. Os visitantes deste website s\u00e3o fortemente<br \/>\n                                \t\tencorajados a lerem os avisos de conflitos de interesse na se\u00e7\u00e3o de<br \/>\n                                \t\tconte\u00fado antes de navegarem no site.<br \/><\/span><\/p>\n<table border=\"0\">\n<tbody>\n<tr>\n<td align=\"center\"><font face=\"Tahoma, arial, verdana\"><b style=\"font-size: 16px;\">Benvenuti al sito &#8220;parto senza dolore&#8221; \u2013<br \/>\n                                \t\t\t\t\t\tanalgesia epidurale per il vostro travaglio<\/b><\/font><\/td>\n<\/tr>\n<tr>\n<td align=\"center\">\n<\/td>\n<\/tr>\n<tr>\n<td>\n<table class=\"MsoNormalTable\" border=\"0\" cellpadding=\"0\">\n<tbody style=\"font-size: 13.33px; \">\n<tr style=\"font-size: 13.33px; \">\n<td style=\"padding-bottom: 1px; padding-left: 1px; padding-right: 1px; padding-top: 1px; \">\n<p class=\"MsoNormal\" style=\"font-size: 13.33px; \">\n                                \t\t\t\t\t\t\t\t<span lang=\"PT-BR\" style=\"font-family: Tahoma, sans-serif; \"><br \/>\n                                \t\t\t\t\t\t\t\t<font size=\"3\">Voc\u00ea encontrar\u00e1 aqui um website<br \/>\n                                \t\t\t\t\t\t\t\tcontendo diversas anima\u00e7\u00f5es. Talvez seja o<br \/>\n                                \t\t\t\t\t\t\t\tprimeiro deste tipo. Eu tenho forte convic\u00e7\u00e3o de<br \/>\n                                \t\t\t\t\t\t\t\tque as anima\u00e7\u00f5es facilitam o f\u00e1cil entendimento.<br \/>\n                                \t\t\t\t\t\t\t\tConceitos b\u00e1sicos de dor durante o trabalho de<br \/>\n                                \t\t\t\t\t\t\t\tparto e o al\u00edvio da mesma s\u00e3o discutidos com<br \/>\n                                \t\t\t\t\t\t\t\tanima\u00e7\u00f5es para facilitar o entendimento. O<br \/>\n                                \t\t\t\t\t\t\t\twebsite \u00e9 divido em v\u00e1rias se\u00e7\u00f5es como mostrado<br \/>\n                                \t\t\t\t\t\t\t\tem \u201cConte\u00fado\u201d. Voc\u00ea pode ir de uma se\u00e7\u00e3o para a<br \/>\n                                \t\t\t\t\t\t\t\tseguinte ou ent\u00e3o selecionar (duplo-clique) a<br \/>\n                                \t\t\t\t\t\t\t\tsess\u00e3o espec\u00edfica desejada. O objetivo deste<br \/>\n                                \t\t\t\t\t\t\t\tsite \u00e9 fornecer informa\u00e7\u00f5es a respeito dos<br \/>\n                                \t\t\t\t\t\t\t\tm\u00e9todos de al\u00edvio da dor durante o trabalho de<br \/>\n                                \t\t\t\t\t\t\t\tparto, como a analgesia peridural. No entanto,<br \/>\n                                \t\t\t\t\t\t\t\texistem m\u00e9todos que n\u00e3o utilizam medica\u00e7\u00f5es e,<br \/>\n                                \t\t\t\t\t\t\t\tainda assim, ajudam no parto natural. Uma sess\u00e3o<br \/>\n                                \t\t\t\t\t\t\t\tque fornece links para esses m\u00e9todos est\u00e1<br \/>\n                                \t\t\t\t\t\t\t\tinclu\u00edda, assim como uma sess\u00e3o a respeito do<br \/>\n                                \t\t\t\t\t\t\t\tparto atrav\u00e9s da cesariana. Cada sess\u00e3o cont\u00e9m<br \/>\n                                \t\t\t\t\t\t\t\tanima\u00e7\u00f5es, destaques e detalhes pertinentes.<br \/>\n                                \t\t\t\t\t\t\t\tMudan\u00e7as ser\u00e3o feitas ao website,<br \/>\n                                \t\t\t\t\t\t\t\tperiodicamente, com o int\u00faito de melhorar as<br \/>\n                                \t\t\t\t\t\t\t\tapresenta\u00e7\u00f5es e atualizar o conte\u00fado.&nbsp;&nbsp;&nbsp;&nbsp; &nbsp;<\/font><\/span><\/p>\n<p style=\"font-size: 13.33px; \"><b style=\"font-size: 13.33px; \"><br \/>\n                                \t\t\t\t\t\t\t\t<span lang=\"PT-BR\" style=\"font-family: Tahoma, sans-serif; \"><br \/>\n                                \t\t\t\t\t\t\t\t<font size=\"3\">Introdu\u00e7\u00e3o:<\/font><\/span><\/b><\/p>\n<p style=\"font-size: 13.33px; \">\n                                \t\t\t\t\t\t\t\t<span lang=\"PT-BR\" style=\"font-family: Tahoma, sans-serif; \"><br \/>\n                                \t\t\t\t\t\t\t\t<font size=\"3\">O primeiro parto sem dor<br \/>\n                                \t\t\t\t\t\t\t\tutilizando anestesia regional foi relatado em<br \/>\n                                \t\t\t\t\t\t\t\tJulho de 1900. Desde ent\u00e3o, o grande<br \/>\n                                \t\t\t\t\t\t\t\tcomprometimento de anestesiologistas e<br \/>\n                                \t\t\t\t\t\t\t\tsociedades profissionais, como a \u201c<b>Society of<br \/>\n                                \t\t\t\t\t\t\t\tObstetric Anesthesia and Perinatology (SOAP)<\/b>\u201d,<br \/>\n                                \t\t\t\t\t\t\t\tno \u00faltimo s\u00e9culo tem levado a grandes avan\u00e7os na<br \/>\n                                \t\t\t\t\t\t\t\tanestesia regional para gerar um parto seguro e<br \/>\n                                \t\t\t\t\t\t\t\tsem dor para as gestantes que o desejarem. Novas<br \/>\n                                \t\t\t\t\t\t\t\tt\u00e9cnicas de anestesia regional, uma variedade de<br \/>\n                                \t\t\t\t\t\t\t\tnovas medica\u00e7\u00f5es e de novos m\u00e9todos de<br \/>\n                                \t\t\t\t\t\t\t\tadministra\u00e7\u00e3o e dedicadas equipes de anestesia<br \/>\n                                \t\t\t\t\t\t\t\tobst\u00e9trica tem feito do parto sem dor com<br \/>\n                                \t\t\t\t\t\t\t\tanestesia regional uma op\u00e7\u00e3o segura para as<br \/>\n                                \t\t\t\t\t\t\t\tgestantes desse s\u00e9culo. Aproximadamente mais de<br \/>\n                                \t\t\t\t\t\t\t\t2 milh\u00f5es de m\u00e3es utilizaram analgesia peridural<br \/>\n                                \t\t\t\t\t\t\t\tpara darem \u00e0 luz seus beb\u00eas no ano de 2000. Mais<br \/>\n                                \t\t\t\t\t\t\t\tde 70% das mulheres gr\u00e1vidas em nosso hospital<br \/>\n                                \t\t\t\t\t\t\t\toptam pela analgesia peridural. A m\u00e9dia nacional<br \/>\n                                \t\t\t\t\t\t\t\tamericana de analgesia peridural em 1992 foi de<br \/>\n                                \t\t\t\t\t\t\t\taproximadamente 51%. <\/font><\/span><\/p>\n<p style=\"font-size: 13.33px; \">\n                                \t\t\t\t\t\t\t\t<span lang=\"PT-BR\" style=\"font-family: Tahoma, sans-serif; \"><br \/>\n                                \t\t\t\t\t\t\t\t<font size=\"3\">Felizmente, o al\u00edvio da dor<br \/>\n                                \t\t\t\t\t\t\t\tdurante o parto \u00e9 uma parte aceita do processo<br \/>\n                                \t\t\t\t\t\t\t\tde nascimento. O \u201cCol\u00e9gio Americano de<br \/>\n                                \t\t\t\t\t\t\t\tObstetr\u00edcia e Ginecologia (American College of<br \/>\n                                \t\t\t\t\t\t\t\tObstetric and Gynecology)\u201d, em opini\u00e3o n\u00famero<br \/>\n                                \t\t\t\t\t\t\t\t118 de seu comit\u00ea, resume o al\u00edvio da dor<br \/>\n                                \t\t\t\t\t\t\t\tdurante o parto da seguinte forma: \u201cO parto<br \/>\n                                \t\t\t\t\t\t\t\tresulta em dor intensa para muitas mulheres. N\u00e3o<br \/>\n                                \t\t\t\t\t\t\t\th\u00e1 qualquer circunst\u00e2ncia na qual seja<br \/>\n                                \t\t\t\t\t\t\t\tconsiderada aceit\u00e1vel que uma pessoa sinta dor<br \/>\n                                \t\t\t\t\t\t\t\tintensa, pass\u00edvel de interven\u00e7\u00e3o segura, quando<br \/>\n                                \t\t\t\t\t\t\t\tsob os cuidados de um m\u00e9dico. A solita\u00e7\u00e3o<br \/>\n                                \t\t\t\t\t\t\t\tmaterna \u00e9 uma justificativa suficiente para a<br \/>\n                                \t\t\t\t\t\t\t\tanalgesia durante o parto\u201d. O Col\u00e9gio Americano<br \/>\n                                \t\t\t\t\t\t\t\tde Obstetr\u00edcia e Ginecologia tamb\u00e9m acredita que<br \/>\n                                \t\t\t\t\t\t\t\t\u201cdos v\u00e1rios m\u00e9todos farmacol\u00f3gicos utilizados<br \/>\n                                \t\t\t\t\t\t\t\tpara o al\u00edvio da dor durante o trabalho de<br \/>\n                                \t\t\t\t\t\t\t\tparto, a anestesia peridural lombar \u00e9 o mais<br \/>\n                                \t\t\t\t\t\t\t\tefetivo e menos depressor, permitindo que a m\u00e3e<br \/>\n                                \t\t\t\t\t\t\t\testeja alerta e participativa\u201d. <\/font><\/span>\n                                \t\t\t\t\t\t\t\t<\/p>\n<p style=\"font-size: 13.33px; \">\n                                \t\t\t\t\t\t\t\t<span lang=\"PT-BR\" style=\"font-family: Tahoma, sans-serif; \"><br \/>\n                                \t\t\t\t\t\t\t\t<font size=\"3\">Eu reitero que voc\u00ea deve<br \/>\n                                \t\t\t\t\t\t\t\tconsultar seu m\u00e9dico e ter suas perguntas<br \/>\n                                \t\t\t\t\t\t\t\tadequadamente respondidas antes de tra\u00e7ar um<br \/>\n                                \t\t\t\t\t\t\t\tplano definitivo para seu trabalho de parto.<\/font><\/span><\/p>\n<p style=\"font-size: 13.33px; \">\n                                \t\t\t\t\t\t\t\t<span lang=\"PT-BR\" style=\"font-family: Tahoma, sans-serif; \"><br \/>\n                                \t\t\t\t\t\t\t\t<font size=\"3\">Defini\u00e7\u00f5es:<\/font><\/span><\/p>\n<p style=\"font-size: 13.33px; \"><b style=\"font-size: 13.33px; \"><br \/>\n                                \t\t\t\t\t\t\t\t<span lang=\"PT-BR\" style=\"font-family: Tahoma, sans-serif; \"><br \/>\n                                \t\t\t\t\t\t\t\t<font size=\"3\">Analgesia<\/font><\/span><\/b><span lang=\"PT-BR\" style=\"font-family: Tahoma, sans-serif; \"><font size=\"3\"><br \/>\n                                \t\t\t\t\t\t\t\t\u00e9 o al\u00edvio total ou parcial das sensa\u00e7\u00f5es de<br \/>\n                                \t\t\t\t\t\t\t\tdor.<\/font><\/span><\/p>\n<p style=\"font-size: 13.33px; \"><b style=\"font-size: 13.33px; \"><br \/>\n                                \t\t\t\t\t\t\t\t<span lang=\"PT-BR\" style=\"font-family: Tahoma, sans-serif; \"><br \/>\n                                \t\t\t\t\t\t\t\t<font size=\"3\">Anestesia<\/font><\/span><\/b><span lang=\"PT-BR\" style=\"font-family: Tahoma, sans-serif; \"><font size=\"3\"><br \/>\n                                \t\t\t\t\t\t\t\t\u00e9 geralmente considerada um bloqueio mais<br \/>\n                                \t\t\t\t\t\t\t\tintenso de todas as sensa\u00e7\u00f5es, incluindo os<br \/>\n                                \t\t\t\t\t\t\t\tmovimentos dos m\u00fasculos.<\/font><\/span><\/p>\n<\/td>\n<\/tr>\n<\/tbody>\n<\/table>\n<\/td>\n<\/tr>\n<\/tbody>\n<\/table>\n<p><\/span><span style=\"font-size: medium; font-family: Tahoma; font-weight: bold; \">Bhavani Shankar Kodali MD<br \/>Associate Professor, Harvard Medical School<br \/>Brigham and Women&#8217;s Hospital<br \/>Boston, MA 02115<br \/>bskodali@bwh.harvard.edu<\/span><\/span><\/span><span style=\"color: rgb(39, 25, 2); background-color: rgb(255, 255, 255); font-family: Tahoma, arial, verdana; font-size: medium;\"><\/span><\/font><font face=\"Tahoma, arial, verdana\" size=\"3\" style=\"color: #404040; font-weight: 400; background-color: #E5E5E5;\"><\/font><\/p>\n<p><font face=\"Tahoma, arial, verdana\" size=\"3\"><b><\/b><\/font><\/p>\n<p style=\"margin-top: 10px; margin-bottom: 10px; color: #404040; font-family: Arial, 'Arial Unicode MS', Helvetica, sans-serif; font-size: 13px; font-weight: 400; background-color: #E5E5E5;\"><font face=\"Tahoma, arial, verdana\" size=\"3\"><b><\/b><\/font><\/p>\n<p style=\"margin-top: 10px; margin-bottom: 10px; color: #404040; font-family: Arial, 'Arial Unicode MS', Helvetica, sans-serif; font-size: 13px; font-weight: 400; background-color: #E5E5E5;\"><font face=\"Tahoma, arial, verdana\" size=\"3\"><b><\/b><\/font><\/p>\n<p align=\"left\" style=\"margin-top: 10px; margin-bottom: 10px; color: #404040; font-family: Arial, 'Arial Unicode MS', Helvetica, sans-serif; font-size: 13px; font-weight: 400; background-color: #E5E5E5;\"><font face=\"Tahoma, arial, verdana\" size=\"3\"><\/font><\/p>\n<p align=\"left\" style=\"margin-top: 10px; margin-bottom: 10px; color: #404040; font-family: Arial, 'Arial Unicode MS', Helvetica, sans-serif; font-size: 13px; font-weight: 400; background-color: #E5E5E5;\"><font face=\"Tahoma, arial, verdana\" size=\"3\"><\/font><\/p>\n<p align=\"left\" style=\"margin-top: 10px; margin-bottom: 10px; color: #404040; font-family: Arial, 'Arial Unicode MS', Helvetica, sans-serif; font-size: 13px; font-weight: 400; background-color: #E5E5E5;\"><font face=\"Tahoma, arial, verdana\" size=\"3\"><b><\/b><\/font><\/p>\n<p align=\"left\" style=\"margin-top: 10px; margin-bottom: 10px; color: #404040; font-family: Arial, 'Arial Unicode MS', Helvetica, sans-serif; font-size: 13px; font-weight: 400; background-color: #E5E5E5;\"><font face=\"Tahoma, arial, verdana\" size=\"3\"><b><\/b><\/font><\/p>\n<p align=\"right\" style=\"margin-top: 10px; margin-bottom: 10px; color: #404040; font-family: Arial, 'Arial Unicode MS', Helvetica, sans-serif; font-size: 13px; font-weight: 400; background-color: #E5E5E5;\"><font face=\"Tahoma, arial, verdana\" size=\"5\"><span style=\"background-color: #FFFFFF;\"><\/span><\/font><\/p>\n<h1 style=\"text-align: left;\"><\/h1>\n<p><a href=\"#\"><\/a><\/p>\n<\/p><\/div>\n<\/p><\/div>\n<\/div>\n","protected":false},"excerpt":{"rendered":"<p>ewed Jan 2013, Designed, produced and maintainAed by Bhavani Shankar Kodali MD Site reviewed Jan 2018, Designed, produced and maintained by Bhavani Shankar Kodali MDWebsite reviewed in British Journal of Anesthesia (https:\/\/www.sciencedirect.com\/science\/article\/pii\/S0007091217375451)&nbsp;&nbsp; I gratefully acknowledge the personal efforts of DR Guilherme Holck, MD for providing the Portuguese translation of the entire pain-free birthing website. Dr&#8230;<\/p>\n<p class=\"more-link-wrap\"><a href=\"https:\/\/painfreebirthing.com\/port\/\" class=\"more-link\">Read More<span class=\"screen-reader-text\"> &ldquo;Benvenuti al sito &#8220;parto senza dolore&#8221; \u2013 analgesia epidurale per il vostro travaglio&rdquo;<\/span> &raquo;<\/a><\/p>\n","protected":false},"author":1,"featured_media":0,"parent":0,"menu_order":1,"comment_status":"closed","ping_status":"closed","template":"","meta":{"footnotes":""},"class_list":["post-87","page","type-page","status-publish","hentry"],"_links":{"self":[{"href":"https:\/\/painfreebirthing.com\/port\/wp-json\/wp\/v2\/pages\/87","targetHints":{"allow":["GET"]}}],"collection":[{"href":"https:\/\/painfreebirthing.com\/port\/wp-json\/wp\/v2\/pages"}],"about":[{"href":"https:\/\/painfreebirthing.com\/port\/wp-json\/wp\/v2\/types\/page"}],"author":[{"embeddable":true,"href":"https:\/\/painfreebirthing.com\/port\/wp-json\/wp\/v2\/users\/1"}],"replies":[{"embeddable":true,"href":"https:\/\/painfreebirthing.com\/port\/wp-json\/wp\/v2\/comments?post=87"}],"version-history":[{"count":0,"href":"https:\/\/painfreebirthing.com\/port\/wp-json\/wp\/v2\/pages\/87\/revisions"}],"wp:attachment":[{"href":"https:\/\/painfreebirthing.com\/port\/wp-json\/wp\/v2\/media?parent=87"}],"curies":[{"name":"wp","href":"https:\/\/api.w.org\/{rel}","templated":true}]}}