{"id":128,"date":"2023-07-08T15:43:14","date_gmt":"2023-07-08T15:43:14","guid":{"rendered":"https:\/\/painfreebirthing.com\/port\/preocupacoes-comuns\/"},"modified":"2023-07-08T15:43:14","modified_gmt":"2023-07-08T15:43:14","slug":"preocupacoes-comuns","status":"publish","type":"page","link":"https:\/\/painfreebirthing.com\/port\/preocupacoes-comuns\/","title":{"rendered":"Preocupa\u00e7\u00f5es comuns"},"content":{"rendered":"<p style=\"margin-top: 10px; margin-bottom: 10px; color: rgb(105, 105, 105); font-weight: 400; background-color: rgba(255, 255, 255, 0.59375);\"><span lang=\"PT-BR\" style=\"background-color: transparent; color: rgb(255, 0, 0); font-family: 'Times New Roman'; font-size: 16px; font-weight: 400;\"><a href=\"\/preocupacoes-comuns\/voce-tem-medo-de-agulhas\" target=\"_parent\" rel=\"noopener\"><font color=\"#000000\">Voc\u00ea tem medo de agulhas?<\/font><\/a><\/span><br \/><span lang=\"PT-BR\" style=\"background-color: transparent; color: rgb(255, 0, 0); font-family: 'Times New Roman'; font-size: 16px; font-weight: 400;\"><font color=\"#000000\"><br \/><\/font><\/span><\/p>\n<p style=\"margin-top: 10px; margin-bottom: 10px; font-weight: 400; background-color: rgba(255, 255, 255, 0.589844);\"><span lang=\"PT-BR\" style=\"background-color: transparent; font-size: 16px; font-weight: 400;\"><a href=\"\/preocupacoes-comuns\/voce-tem-medo-de-nao-conseguir-ficar-imovel-durante-o-procedimento\" target=\"_parent\" rel=\"noopener\"><font color=\"#000000\">Voc\u00ea tem medo de<br \/>\n\tn\u00e3o conseguir ficar im\u00f3vel durante o procedimento?<\/font><\/a><\/span><a href=\"\/Me\/JDmain\/Obgweb\/Brazil\/motionb.htm\" target=\"main\" style=\"color: rgb(105, 105, 105); \" rel=\"noopener\">&nbsp;&nbsp; <\/p>\n<p>\t<\/a><span style=\"font-family: Tahoma; font-size: 16px; color: rgb(0, 0, 0);\"><b style=\"background-color: transparent; color: rgb(0, 0, 0); font-weight: 700;\"><a href=\"\/Me\/JDmain\/Obgweb\/italian\/needlephobiait.htm\" target=\"main\" rel=\"noopener\"><\/p>\n<p>\t<\/a> <a href=\"\/Me\/JDmain\/Obgweb\/italian\/needlephobiait.htm\" target=\"main\" rel=\"noopener\"><\/p>\n<p><\/a><\/b> <a href=\"\/Me\/JDmain\/Obgweb\/italian\/needlephobiait.htm\" target=\"main\" style=\"background-color: transparent; color: rgb(0, 102, 204); font-weight: 400;\" rel=\"noopener\"><\/p>\n<p>\t<\/a><a href=\"\/preocupaciones-comunes\/avete-paura-degli-aghi\" target=\"_parent\" rel=\"noopener\"><font style=\"background-color: transparent; color: rgb(0, 0, 0); font-weight: 400;\"><br \/>\n<span style=\"color: rgb(0, 0, 0);\"><\/span><\/font><\/a><\/span><\/p>\n<p style=\"margin-top: 10px; margin-bottom: 10px; color: rgb(105, 105, 105); font-weight: 400; background-color: rgba(255, 255, 255, 0.589844);\"><span style=\"font-family: Tahoma; font-size: 16px;\"><a href=\"\/preocupaciones-comunes\/avete-paura-di-non-star-ferme-durante-posizionamento-della\" target=\"_parent\" rel=\"noopener\"><\/a><span style=\"color: rgb(0, 0, 0);\"><\/span><\/span><\/p>\n<p><\/p>\n","protected":false},"excerpt":{"rendered":"<p>Voc\u00ea tem medo de agulhas? Voc\u00ea tem medo de n\u00e3o conseguir ficar im\u00f3vel durante o procedimento?&nbsp;&nbsp;<\/p>\n","protected":false},"author":1,"featured_media":0,"parent":0,"menu_order":42,"comment_status":"closed","ping_status":"closed","template":"","meta":{"footnotes":""},"class_list":["post-128","page","type-page","status-publish","hentry"],"_links":{"self":[{"href":"https:\/\/painfreebirthing.com\/port\/wp-json\/wp\/v2\/pages\/128","targetHints":{"allow":["GET"]}}],"collection":[{"href":"https:\/\/painfreebirthing.com\/port\/wp-json\/wp\/v2\/pages"}],"about":[{"href":"https:\/\/painfreebirthing.com\/port\/wp-json\/wp\/v2\/types\/page"}],"author":[{"embeddable":true,"href":"https:\/\/painfreebirthing.com\/port\/wp-json\/wp\/v2\/users\/1"}],"replies":[{"embeddable":true,"href":"https:\/\/painfreebirthing.com\/port\/wp-json\/wp\/v2\/comments?post=128"}],"version-history":[{"count":0,"href":"https:\/\/painfreebirthing.com\/port\/wp-json\/wp\/v2\/pages\/128\/revisions"}],"wp:attachment":[{"href":"https:\/\/painfreebirthing.com\/port\/wp-json\/wp\/v2\/media?parent=128"}],"curies":[{"name":"wp","href":"https:\/\/api.w.org\/{rel}","templated":true}]}}