{"id":127,"date":"2023-07-08T15:43:13","date_gmt":"2023-07-08T15:43:13","guid":{"rendered":"https:\/\/painfreebirthing.com\/port\/o-que-querias-saber-epidurals\/peridural-e-tatuagens\/"},"modified":"2023-07-08T15:43:13","modified_gmt":"2023-07-08T15:43:13","slug":"peridural-e-tatuagens","status":"publish","type":"page","link":"https:\/\/painfreebirthing.com\/port\/o-que-querias-saber-epidurals\/peridural-e-tatuagens\/","title":{"rendered":"Posso receber uma peridural caso eu tenha uma tatuagem nas costas?"},"content":{"rendered":"<p align=\"left\" style=\"background-color: transparent; color: rgb(0, 0, 0); font-family: 'Times New Roman'; font-size: 16px; font-weight: 400; text-align: left;\"><span lang=\"PT-BR\" style=\"font-family: Tahoma, sans-serif;\">Essa \u00e9 uma pergunta comum, j\u00e1 que a popularidade das<br \/>\n\t\t\t\t\t\ttatuagens tem aumentado recentemente e, especialmente, a<br \/>\n\t\t\t\t\t\tregi\u00e3o lombar baixa aparenta ser um local muito comum.<br \/>\n\t\t\t\t\t\tEmbora alguns anestesiologistas possam ser relutantes<br \/>\n\t\t\t\t\t\tpara realizar uma peridural diretamente atrav\u00e9s da pele<br \/>\n\t\t\t\t\t\ttatuada, na maioria das vezes isso pode ser feito da<br \/>\n\t\t\t\t\t\tmaneira segura. \u00c9 sempre melhor perguntar a um<br \/>\n\t\t\t\t\t\tanestesiologista em seu hospital e discutir essa<br \/>\n\t\t\t\t\t\tpreocupa\u00e7\u00e3o. Entretanto, n\u00e3o h\u00e1 realmente evid\u00eancias de<br \/>\n\t\t\t\t\t\tque inserir uma agulha atrav\u00e9s da tatuagem levar\u00e1 a<br \/>\n\t\t\t\t\t\talgum malef\u00edcio. De acordo com a opini\u00e3o de um<br \/>\n\t\t\t\t\t\tpatologista no boletim informativo da SOAP (Society for<br \/>\n\t\t\t\t\t\tObstetric Anesthesia and Perinatology):<\/span><\/p>\n<p align=\"left\" style=\"background-color: transparent; color: rgb(0, 0, 0); font-family: 'Times New Roman'; font-size: 16px; font-weight: 400; text-align: left;\">\n\t\t\t\t\t\t<span lang=\"PT-BR\" style=\"font-family: Tahoma, sans-serif;\"><br \/>\n\t\t\t\t\t\t&nbsp;\u201cOs pigmentos da tatuagem n\u00e3o ficam \u201csoltos\u201d na derme<br \/>\n\t\t\t\t\t\tou tecido conjuntivo, mas na realidade eles s\u00e3o<br \/>\n\t\t\t\t\t\trapidamente assimilados pelos macr\u00f3fagos durante o<br \/>\n\t\t\t\t\t\tprocesso de cicatriza\u00e7\u00e3o. Muitos desses macr\u00f3fagos<br \/>\n\t\t\t\t\t\tcarregados de pigmento permanecem apenas na derme pela<br \/>\n\t\t\t\t\t\tdura\u00e7\u00e3o da tatuagem. Al\u00e9m disso, a quantidade de<br \/>\n\t\t\t\t\t\tpigmento utilizada durante o processo de tatuagem \u00e9<br \/>\n\t\t\t\t\t\tbastante pequena. Os pigmentos s\u00e3o feitos de sais de<br \/>\n\t\t\t\t\t\tmetais inertes e diferentes estruturas de uma base de<br \/>\n\t\t\t\t\t\tfenolftale\u00edna e problemas al\u00e9rgicos s\u00e3o quase<br \/>\n\t\t\t\t\t\tinexistentes. Voc\u00ea n\u00e3o deve ter preocupa\u00e7\u00e3o em<br \/>\n\t\t\t\t\t\tintroduzir uma agulha atrav\u00e9s de uma tatuagem no espa\u00e7o<br \/>\n\t\t\t\t\t\tintratecal ou peridural, uma vez que as part\u00edculas de<br \/>\n\t\t\t\t\t\tpigmento est\u00e3o \u201cfixas\u201d na regi\u00e3o da derme e n\u00e3o podem<br \/>\n\t\t\t\t\t\tser mobilizadas pela agulha ou migrar atrav\u00e9s do<br \/>\n\t\t\t\t\t\torif\u00edcio gerado pela mesma. N\u00e3o h\u00e1 realmente perigo<br \/>\n\t\t\t\t\t\tnenhum em inserir uma agulha atrav\u00e9s de uma pele<br \/>\n\t\t\t\t\t\ttatuada\u201d.<\/span><\/p>\n<p align=\"left\" style=\"background-color: transparent; color: rgb(0, 0, 0); font-family: 'Times New Roman'; font-size: 16px; font-weight: 400; text-align: left;\"><span lang=\"PT-BR\" style=\"font-family: Tahoma, sans-serif;\"><br \/><\/span><\/p>\n<p style=\"background-color: transparent; color: rgb(0, 0, 0); font-family: 'Times New Roman'; font-size: 16px; font-weight: 400; text-align: center;\"><span lang=\"PT-BR\" style=\"font-family: Tahoma, sans-serif;\">Leitura adicional:<\/span><\/p>\n<p style=\"background-color: transparent; color: rgb(0, 0, 0); font-family: 'Times New Roman'; font-size: 16px; font-weight: 400; text-align: center;\">\n\t\t\t\t\t\t<span lang=\"PT-BR\"><br \/>\n\t\t\t\t\t\t<a style=\"color: rgb(0, 0, 255); text-decoration: underline; \" href=\"http:\/\/www.soap.org\/media\/newsletter_summer2001.pdf\"><br \/>\n\t\t\t\t\t\thttp:\/\/www.soap.org\/media\/newsletter_summer2001.pdf&nbsp;<\/a><\/span>\n\t\t\t\t\t\t<\/p>\n<p style=\"background-color: transparent; color: rgb(0, 0, 0); font-family: 'Times New Roman'; font-size: 16px; font-weight: 400; margin-bottom: 16px; text-align: center;\">\n\t\t\t\t\t\t<span lang=\"PT-BR\"><br \/>\n\t\t\t\t\t\t<a style=\"color: rgb(0, 0, 255); text-decoration: underline; \" href=\"http:\/\/tatto.about.com\/b\/a\/018306.htm\"><br \/>\n\t\t\t\t\t\thttp:\/\/tatto.about.com\/b\/a\/018306.htm&nbsp;<\/a><\/span><\/p>\n<p align=\"left\" style=\"background-color: transparent; color: rgb(0, 0, 0); font-family: 'Times New Roman'; font-size: 16px; font-weight: 400; text-align: left;\"><span lang=\"PT-BR\" style=\"font-family: Tahoma, sans-serif;\"><br \/><\/span><\/p>\n<p><span style=\"font-size: 16px;\"><span style=\"color: #000000;\"><\/span><\/span><\/p>\n<p><span style=\"font-size: 16px;\"><\/span><\/p>\n<p style=\"margin-bottom: 12pt;\"><a href=\"http:\/\/tatto.about.com\/b\/a\/018306.htm\" target=\"_blank\" rel=\"noopener\"><\/a><\/p>\n<p align=\"left\" style=\"margin-top: 10px; margin-bottom: 10px; color: rgb(64, 64, 64); font-family: Arial, 'Arial Unicode MS', Helvetica, sans-serif; font-weight: 400; background-color: rgb(229, 229, 229);\"><font face=\"Tahoma, arial, verdana\" size=\"3\"><span style=\"color: rgb(20, 20, 20);\"><\/span><\/font><\/p>\n<p align=\"left\" style=\"margin-top: 10px; margin-bottom: 10px; color: rgb(64, 64, 64); font-family: Arial, 'Arial Unicode MS', Helvetica, sans-serif; font-weight: 400; background-color: rgb(229, 229, 229);\"><font face=\"Tahoma, arial, verdana\" size=\"3\"><\/font><\/p>\n<p align=\"left\" style=\"margin-top: 10px; margin-bottom: 10px; color: rgb(64, 64, 64); font-family: Arial, 'Arial Unicode MS', Helvetica, sans-serif; font-weight: 400; background-color: rgb(229, 229, 229);\"><a target=\"_blank\" href=\"http:\/\/www.soap.org\/media\/newsletter_summer2001.pdf\" style=\"font-family: Arial, 'Arial Unicode MS', Helvetica, sans-serif;\" rel=\"noopener\"><font face=\"Tahoma, arial, verdana\" size=\"3\"><\/font><\/a><\/p>\n<p align=\"left\" style=\"margin-top: 10px; margin-bottom: 10px; color: rgb(64, 64, 64); font-family: Arial, 'Arial Unicode MS', Helvetica, sans-serif; font-weight: 400; background-color: rgb(229, 229, 229);\"><a target=\"_blank\" href=\"http:\/\/www.storknet.com\/cubbies\/childbirth\/exwc3.htm\" style=\"font-family: Arial, 'Arial Unicode MS', Helvetica, sans-serif;\" rel=\"noopener\"><font face=\"Tahoma, arial, verdana\"><\/font><\/a><\/p>\n<p style=\"text-align: center;\"><a href=\"\/preocupacoes-comuns\" target=\"_parent\" rel=\"noopener\"><\/a><\/p>\n","protected":false},"excerpt":{"rendered":"<p>Essa \u00e9 uma pergunta comum, j\u00e1 que a popularidade das tatuagens tem aumentado recentemente e, especialmente, a regi\u00e3o lombar baixa aparenta ser um local muito comum. Embora alguns anestesiologistas possam ser relutantes para realizar uma peridural diretamente atrav\u00e9s da pele tatuada, na maioria das vezes isso pode ser feito da maneira segura. \u00c9 sempre melhor&#8230;<\/p>\n<p class=\"more-link-wrap\"><a href=\"https:\/\/painfreebirthing.com\/port\/o-que-querias-saber-epidurals\/peridural-e-tatuagens\/\" class=\"more-link\">Read More<span class=\"screen-reader-text\"> &ldquo;Posso receber uma peridural caso eu tenha uma tatuagem nas costas?&rdquo;<\/span> &raquo;<\/a><\/p>\n","protected":false},"author":1,"featured_media":0,"parent":116,"menu_order":41,"comment_status":"closed","ping_status":"closed","template":"","meta":{"footnotes":""},"class_list":["post-127","page","type-page","status-publish","hentry"],"_links":{"self":[{"href":"https:\/\/painfreebirthing.com\/port\/wp-json\/wp\/v2\/pages\/127","targetHints":{"allow":["GET"]}}],"collection":[{"href":"https:\/\/painfreebirthing.com\/port\/wp-json\/wp\/v2\/pages"}],"about":[{"href":"https:\/\/painfreebirthing.com\/port\/wp-json\/wp\/v2\/types\/page"}],"author":[{"embeddable":true,"href":"https:\/\/painfreebirthing.com\/port\/wp-json\/wp\/v2\/users\/1"}],"replies":[{"embeddable":true,"href":"https:\/\/painfreebirthing.com\/port\/wp-json\/wp\/v2\/comments?post=127"}],"version-history":[{"count":0,"href":"https:\/\/painfreebirthing.com\/port\/wp-json\/wp\/v2\/pages\/127\/revisions"}],"up":[{"embeddable":true,"href":"https:\/\/painfreebirthing.com\/port\/wp-json\/wp\/v2\/pages\/116"}],"wp:attachment":[{"href":"https:\/\/painfreebirthing.com\/port\/wp-json\/wp\/v2\/media?parent=127"}],"curies":[{"name":"wp","href":"https:\/\/api.w.org\/{rel}","templated":true}]}}