{"id":124,"date":"2023-07-08T15:43:10","date_gmt":"2023-07-08T15:43:10","guid":{"rendered":"https:\/\/painfreebirthing.com\/port\/o-que-querias-saber-epidurals\/eu-posso-comer-ou-beber-durante-o-trabalho-de-parto\/"},"modified":"2023-07-08T15:43:10","modified_gmt":"2023-07-08T15:43:10","slug":"eu-posso-comer-ou-beber-durante-o-trabalho-de-parto","status":"publish","type":"page","link":"https:\/\/painfreebirthing.com\/port\/o-que-querias-saber-epidurals\/eu-posso-comer-ou-beber-durante-o-trabalho-de-parto\/","title":{"rendered":"Eu posso comer ou beber durante o trabalho de parto?"},"content":{"rendered":"<table border=\"0\" width=\"100%\" height=\"563\">\n<tbody>\n<tr>\n<td><\/td>\n<\/tr>\n<tr>\n<td><span style=\"color: rgb(0, 0, 0); font-family: Tahoma, arial, verdana; font-weight: bold; font-size: medium;\"><br \/><\/span><span lang=\"PT-BR\" style=\"background-color: transparent; color: rgb(0, 0, 0); font-family: Tahoma, sans-serif; font-size: 16px; font-weight: 400; \">Por que deve haver preocupa\u00e7\u00e3o sobre comer e beber<br \/>\n\t\t\t\t\t\tdurante o trabalho de parto?<\/span><\/p>\n<p style=\"background-color: transparent; color: rgb(0, 0, 0); font-family: 'Times New Roman'; font-size: 16px; font-weight: 400; \">\n\t\t\t\t\t\t<span lang=\"PT-BR\" style=\"font-family: Tahoma, sans-serif; \"><br \/>\n\t\t\t\t\t\tH\u00e1 uma preocupa\u00e7\u00e3o quanto \u00e0 regurgita\u00e7\u00e3o de comida e<br \/>\n\t\t\t\t\t\tl\u00edquidos do est\u00f4mago para a garganta (refluxo) e entrada<br \/>\n\t\t\t\t\t\tnas vias respirat\u00f3rias. Isso resulta em les\u00e3o e<br \/>\n\t\t\t\t\t\tcomprometimento dos pulm\u00f5es que podem levar a problemas<br \/>\n\t\t\t\t\t\trespirat\u00f3rios com risco de vida (aspira\u00e7\u00e3o pulmonar<br \/>\n\t\t\t\t\t\tdurante trabalho de parto), como mostrado na figura<br \/>\n\t\t\t\t\t\tabaixo. Isso ainda assume maior import\u00e2ncia caso seja<br \/>\n\t\t\t\t\t\tnecess\u00e1ria anestesia geral para o parto.&nbsp; &nbsp;&nbsp;<\/span><\/p>\n<p style=\"margin-top: 10px; margin-bottom: 10px; \"><span style=\"background-color: transparent; color: rgb(0, 0, 0); font-family: Tahoma, arial, verdana; font-size: 16px; \"> <\/span><font face=\"Tahoma, arial, verdana\" size=\"3\" style=\"font-weight: bold; \"><span style=\"color: #000000; \">&nbsp;<\/span><\/font><\/p>\n<p style=\"margin-top: 10px; margin-bottom: 10px; text-align: center; \">&nbsp;<img loading=\"lazy\" decoding=\"async\" width=\"432\" height=\"288\" alt=\"\" class=\"art-lightbox\" src=\"https:\/\/painfreebirthing.com\/port\/wp-content\/uploads\/2023\/07\/aspiration.gif\"><\/p>\n<\/td>\n<\/tr>\n<tr>\n<td align=\"center\" style=\"text-align: center; \"><\/td>\n<\/tr>\n<tr>\n<td align=\"center\">&nbsp;<\/p>\n<table width=\"100%\" height=\"563\" border=\"0\">\n<tbody>\n<tr>\n<td align=\"center\">\n<table width=\"100%\" height=\"563\" border=\"0\">\n<tbody>\n<tr>\n<td align=\"center\">\n<p><span lang=\"PT-BR\" style=\"font-family: Tahoma; font-size: 16px; color: #000000; \">Orienta\u00e7\u00f5es quanto \u00e0 ingesta oral durante trabalho de<br \/>\n\t\t\t\t\t\tparto<\/span><\/p>\n<p>\n\t\t\t\t\t\t<span lang=\"PT-BR\" style=\"font-family: Tahoma; font-size: 16px; color: #000000; \"><br \/>\n\t\t\t\t\t\tAlimentos s\u00f3lidos devem ser evitados durante o parto.<br \/>\n\t\t\t\t\t\tQuantidades modestas de l\u00edquidos claros s\u00e3o toleradas.<\/span><\/p>\n<p><span style=\"font-family: Tahoma; font-size: 16px; color: #000000; \">&nbsp;<\/span><\/p>\n<\/td>\n<\/tr>\n<tr>\n<td>\n<p class=\"MsoNormal\">\n\t\t\t\t\t\t<span style=\"font-family: Tahoma; font-size: 16px; color: #000000; \"><span lang=\"PT-BR\" style=\"color: #000000; \"><br \/>\n\t\t\t\t\t\tTend\u00eancias nacionais recentes t\u00eam encorajado a libera\u00e7\u00e3o<br \/>\n\t\t\t\t\t\tda ingesta oral de fluidos durante o trabalho de parto.<br \/>\n\t\t\t\t\t\tPar\u00e2metros para anestesia obst\u00e9trica recentemente<br \/>\n\t\t\t\t\t\tpublicados pela Sociedade Americana de Anestesiologistas<br \/>\n\t\t\t\t\t\t(ASA) apoiam essa pr\u00e1tica (revista Anesthesiology, 1999;<br \/>\n\t\t\t\t\t\t90: 600-11). Al\u00e9m disso, evid\u00eancias recentes demonstram<br \/>\n\t\t\t\t\t\tconseq\u00fc\u00eancias metab\u00f3licas adversas do jejum prolongado<br \/>\n\t\t\t\t\t\tdurante o trabalho de parto e garantem a seguran\u00e7a da<br \/>\n\t\t\t\t\t\tingesta de quantidades moderadas de l\u00edquidos claros<br \/>\n\t\t\t\t\t\tdurante o parto.&nbsp;&nbsp; <\/span><br \/>\n\t\t\t\t\t\t&nbsp;<\/span><\/p>\n<p><span style=\"font-family: Tahoma; font-size: 16px; color: #000000; \">&nbsp;<\/span><\/p>\n<\/td>\n<\/tr>\n<tr>\n<td>\n                        <span style=\"font-family: Tahoma; font-size: 16px; color: #000000; \">Jejum para<br \/>\n\t\t\t\t\t\tpacientes obst\u00e9tricas:<\/span><\/p>\n<p>\n\t\t\t\t\t\t<span lang=\"PT-BR\" style=\"font-family: Tahoma; font-size: 16px; color: #000000; \"><br \/>\n\t\t\t\t\t\t1. L\u00edquidos claros: a ingesta oral de l\u00edquidos claros<br \/>\n\t\t\t\t\t\tdurante o trabalho de parto melhora o conforto e<br \/>\n\t\t\t\t\t\tsatisfa\u00e7\u00e3o maternos.<\/span><\/p>\n<p>\n\t\t\t\t\t\t<span lang=\"PT-BR\" style=\"font-family: Tahoma; font-size: 16px; color: #000000; \"><br \/>\n\t\t\t\t\t\tRecomenda\u00e7\u00f5es: a ingesta de quantidades modestas de<br \/>\n\t\t\t\t\t\tl\u00edquidos claros pode ser permitida para pacientes em<br \/>\n\t\t\t\t\t\ttrabalho de parto sem complica\u00e7\u00f5es. Exemplos de l\u00edquidos<br \/>\n\t\t\t\t\t\tclaros incluem, mas n\u00e3o s\u00e3o limitados a, \u00e1gua, sucos de<br \/>\n\t\t\t\t\t\tfruta coados, bebidas carbonatadas (refrigerantes), ch\u00e1s<br \/>\n\t\t\t\t\t\tclaros e caf\u00e9 preto. O volume do l\u00edquido ingerido \u00e9<br \/>\n\t\t\t\t\t\tmenos importante do que o tipo.&nbsp; Entretanto, pacientes<br \/>\n\t\t\t\t\t\tcom fatores de risco adicionais (obesidade m\u00f3rbida,<br \/>\n\t\t\t\t\t\tdiabetes, vias a\u00e9reas dif\u00edceis) ou pacientes com risco<br \/>\n\t\t\t\t\t\taumentado de parto ces\u00e1reo podem necessitar de maiores<br \/>\n\t\t\t\t\t\trestri\u00e7\u00f5es quanto \u00e0 ingesta oral, que ser\u00e1 determinada<br \/>\n\t\t\t\t\t\tindividualmente.&nbsp; &nbsp;<\/span><\/p>\n<p>\n\t\t\t\t\t\t<span lang=\"PT-BR\" style=\"font-family: Tahoma; font-size: 16px; color: #000000; \"><br \/>\n\t\t\t\t\t\tPor favor, consulte seu m\u00e9dico assistente a respeito de<br \/>\n\t\t\t\t\t\tinstru\u00e7\u00f5es e diretrizes. Em nossa institui\u00e7\u00e3o, pacientes<br \/>\n\t\t\t\t\t\tpodem continuar tomando sucos de frutas, bolachas e<br \/>\n\t\t\t\t\t\tcaldos e outras comidas leves, evitando comidas pesadas<br \/>\n\t\t\t\t\t\tou com alto conte\u00fado de gordura quando s\u00e3o admitidas<br \/>\n\t\t\t\t\t\tpara indu\u00e7\u00e3o ou observa\u00e7\u00e3o na unidade de parto at\u00e9 o<br \/>\n\t\t\t\t\t\tmomento em que entrem em trabalho de parto ativo ou que<br \/>\n\t\t\t\t\t\tuma peridural seja solicitada. Ap\u00f3s a implementa\u00e7\u00e3o da<br \/>\n\t\t\t\t\t\tanalgesia, a ingesta oral \u00e9 limitada a, no m\u00e1ximo, 240<br \/>\n\t\t\t\t\t\tml\/ h de l\u00edquidos claros n\u00e3o carbonatados: sucos de ma\u00e7a<br \/>\n\t\t\t\t\t\te \u201ccranberry\u201d (arando), gelatina sem gosto, ch\u00e1 e caf\u00e9<br \/>\n\t\t\t\t\t\tsem leite. Em todas as circunst\u00e2ncias, o<br \/>\n\t\t\t\t\t\tanestesiologista pode limitar isto a uma pol\u00edtica mais<br \/>\n\t\t\t\t\t\trestritiva baseado em casos individuais.<\/span><\/p>\n<p>\n\t\t\t\t\t\t<span lang=\"PT-BR\" style=\"font-family: Tahoma; font-size: 16px; color: #000000; \"><br \/>\n\t\t\t\t\t\t2. S\u00f3lidos: comidas s\u00f3lidas devem ser evitadas em<br \/>\n\t\t\t\t\t\tpacientes em trabalho de parto. Um jejum maior ou igual<br \/>\n\t\t\t\t\t\ta 8 horas para s\u00f3lidos \u00e9 prefer\u00edvel para mulheres<br \/>\n\t\t\t\t\t\tgr\u00e1vidas n\u00e3o complicadas que ser\u00e3o submetidas a<br \/>\n\t\t\t\t\t\tcesariana eletiva. <\/span><\/p>\n<p>\n\t\t\t\t\t\t<span lang=\"PT-BR\" style=\"font-family: Tahoma; font-size: 16px; color: #000000; \"><br \/>\n\t\t\t\t\t\tNovamente, por favor, cheque as orienta\u00e7\u00f5es de seu<br \/>\n\t\t\t\t\t\tm\u00e9dico e siga as mesmas. Em nossa institui\u00e7\u00e3o, quando<br \/>\n\t\t\t\t\t\tuma mulher ser\u00e1 submetida \u00e0 ligadura das trompas<br \/>\n\t\t\t\t\t\timediatamente ap\u00f3s o parto, ela deve estar em jejum,<br \/>\n\t\t\t\t\t\texceto \u00e1gua, por 8 horas antes do procedimento.<\/span><\/p>\n<p><span lang=\"PT-BR\" style=\"font-family: Tahoma; font-size: 16px; color: #000000; \"><br \/><\/span><\/p>\n<p style=\"text-align: center; \"><a href=\"\/o-que-querias-saber-epidurals\/a-peridural-afeta-a-amamentacao\" target=\"_parent\" rel=\"noopener\">Clique abaixo para ler o pr\u00f3ximo \u00edtem<\/a><span style=\"background-color: transparent; color: rgb(0, 0, 255); font-family: Helvetica, sans-serif; font-size: 16px; font-weight: 400; text-align: center; \"><\/span><span lang=\"PT-BR\" style=\"font-family: Tahoma; font-size: 16px; color: #000000; \"><br \/><\/span><\/p>\n<\/td>\n<\/tr>\n<\/tbody>\n<\/table>\n<p><span style=\"font-family: Tahoma; font-size: 16px;\"><b><span style=\"color: rgb(0, 0, 0); \"><\/span><\/b><\/span><\/p>\n<p><font><\/font><\/p>\n<\/td>\n<\/tr>\n<tr>\n<td><span style=\"font-family: Tahoma; font-size: 16px;\"><font><\/font><\/span><\/td>\n<\/tr>\n<tr>\n<td>\n<p><font><span style=\"font-family: Tahoma; font-size: 16px;\"><\/span><\/font><\/p>\n<p><font><\/font><\/p>\n<p><font><\/font><\/p>\n<p><font><\/font><\/p>\n<p align=\"center\"><font><\/font><\/p>\n<p align=\"center\"><font><\/font><\/p>\n<\/td>\n<\/tr>\n<\/tbody>\n<\/table>\n<p style=\"margin-top: 10px; margin-bottom: 10px; \"><font face=\"Tahoma, arial, verdana\" size=\"3\"><\/font><\/p>\n<\/td>\n<\/tr>\n<tr><\/tr>\n<tr>\n<td><\/td>\n<\/tr>\n<\/tbody>\n<\/table>\n<p><\/p>\n","protected":false},"excerpt":{"rendered":"<p>Por que deve haver preocupa\u00e7\u00e3o sobre comer e beber durante o trabalho de parto? H\u00e1 uma preocupa\u00e7\u00e3o quanto \u00e0 regurgita\u00e7\u00e3o de comida e l\u00edquidos do est\u00f4mago para a garganta (refluxo) e entrada nas vias respirat\u00f3rias. Isso resulta em les\u00e3o e comprometimento dos pulm\u00f5es que podem levar a problemas respirat\u00f3rios com risco de vida (aspira\u00e7\u00e3o pulmonar&#8230;<\/p>\n<p class=\"more-link-wrap\"><a href=\"https:\/\/painfreebirthing.com\/port\/o-que-querias-saber-epidurals\/eu-posso-comer-ou-beber-durante-o-trabalho-de-parto\/\" class=\"more-link\">Read More<span class=\"screen-reader-text\"> &ldquo;Eu posso comer ou beber durante o trabalho de parto?&rdquo;<\/span> &raquo;<\/a><\/p>\n","protected":false},"author":1,"featured_media":0,"parent":116,"menu_order":38,"comment_status":"closed","ping_status":"closed","template":"","meta":{"footnotes":""},"class_list":["post-124","page","type-page","status-publish","hentry"],"_links":{"self":[{"href":"https:\/\/painfreebirthing.com\/port\/wp-json\/wp\/v2\/pages\/124","targetHints":{"allow":["GET"]}}],"collection":[{"href":"https:\/\/painfreebirthing.com\/port\/wp-json\/wp\/v2\/pages"}],"about":[{"href":"https:\/\/painfreebirthing.com\/port\/wp-json\/wp\/v2\/types\/page"}],"author":[{"embeddable":true,"href":"https:\/\/painfreebirthing.com\/port\/wp-json\/wp\/v2\/users\/1"}],"replies":[{"embeddable":true,"href":"https:\/\/painfreebirthing.com\/port\/wp-json\/wp\/v2\/comments?post=124"}],"version-history":[{"count":0,"href":"https:\/\/painfreebirthing.com\/port\/wp-json\/wp\/v2\/pages\/124\/revisions"}],"up":[{"embeddable":true,"href":"https:\/\/painfreebirthing.com\/port\/wp-json\/wp\/v2\/pages\/116"}],"wp:attachment":[{"href":"https:\/\/painfreebirthing.com\/port\/wp-json\/wp\/v2\/media?parent=124"}],"curies":[{"name":"wp","href":"https:\/\/api.w.org\/{rel}","templated":true}]}}