{"id":101,"date":"2023-07-08T15:42:47","date_gmt":"2023-07-08T15:42:47","guid":{"rendered":"https:\/\/painfreebirthing.com\/port\/metodos-alternativos-de-alivio-da-dor-durante-o-parto\/estimulacao-eletrica-transcutanea-de-nervos-tens\/"},"modified":"2023-07-08T15:42:47","modified_gmt":"2023-07-08T15:42:47","slug":"estimulacao-eletrica-transcutanea-de-nervos-tens","status":"publish","type":"page","link":"https:\/\/painfreebirthing.com\/port\/metodos-alternativos-de-alivio-da-dor-durante-o-parto\/estimulacao-eletrica-transcutanea-de-nervos-tens\/","title":{"rendered":"Estimula\u00e7\u00e3o nervosa el\u00e9trica transcut\u00e2nea"},"content":{"rendered":"<p align=\"center\" style=\"color: rgb(0, 0, 0); font-family: 'Times New Roman'; font-size: medium; font-weight: 400;\"><img loading=\"lazy\" decoding=\"async\" width=\"183\" height=\"295\" alt=\"\" class=\"art-lightbox\" src=\"https:\/\/painfreebirthing.com\/port\/wp-content\/uploads\/2023\/07\/tesn.jpg\">&nbsp;<\/p>\n<p align=\"left\" style=\"background-color: transparent; color: rgb(0, 0, 0); font-weight: 400; text-align: left;\"><span lang=\"PT-BR\" style=\"font-family: Tahoma; font-size: 16px;\">A estimula\u00e7\u00e3o nervosa el\u00e9trica transcut\u00e2nea \u00e9 a aplica\u00e7\u00e3o de uma<br \/>\n\t\t\tcorrente el\u00e9trica muito pequena na pele para reduzir a percep\u00e7\u00e3o de<br \/>\n\t\t\tdor em qualquer outro local do corpo. Essa t\u00e9cnica tem sido usada<br \/>\n\t\t\tpara pacientes cir\u00fargicos e com dor cr\u00f4nica. A corrente previne que<br \/>\n\t\t\tsinais dolorosos alcancem o c\u00e9rebro, como um portal que n\u00e3o<br \/>\n\t\t\tpermitisse a passagem de nada. Na teoria isso poderia estimular a<br \/>\n\t\t\tprodu\u00e7\u00e3o corporal de altos n\u00edveis de endorfina (analg\u00e9sico natural).<\/span><\/p>\n<p style=\"background-color: transparent; color: rgb(0, 0, 0); font-weight: 400; text-align: center;\"><b style=\"font-family: Tahoma; font-size: 16px;\"><br \/>\n\t\t\t<span lang=\"PT-BR\">T\u00e9cnica-<\/span><\/b><\/p>\n<p align=\"left\" style=\"background-color: transparent; color: rgb(0, 0, 0); font-weight: 400; text-align: left;\">\n\t\t\t<span lang=\"PT-BR\" style=\"font-family: Tahoma; font-size: 16px;\"><br \/>\n\t\t\tEletrodos s\u00e3o colocados nas regi\u00f5es lombar ou suprap\u00fabica (logo<br \/>\n\t\t\tabaixo do umbigo). Esses eletrodos s\u00e3o conectados a uma pequena<br \/>\n\t\t\tcaixa, controlada pela m\u00e3e, que controla a quantidade ou freq\u00fc\u00eancia<br \/>\n\t\t\tdo estimulo el\u00e9trico dado. A pequena quantidade de eletricidade<br \/>\n\t\t\tfornecida pela caixa resulta numa sensa\u00e7\u00e3o n\u00e3o dolorosa como um<br \/>\n\t\t\tzumbido na pele sentida pela m\u00e3e no local dos eletrodos. &nbsp;&nbsp;<\/span><\/p>\n<p align=\"left\" style=\"background-color: transparent; color: rgb(0, 0, 0); font-weight: 400; text-align: left;\"><b style=\"font-family: Tahoma; font-size: 16px;\"><br \/>\n\t\t\t<span lang=\"PT-BR\">Limita\u00e7\u00f5es-<\/span><\/b><\/p>\n<p align=\"left\" style=\"background-color: transparent; color: rgb(0, 0, 0); font-weight: 400; text-align: left;\">\n\t\t\t<span lang=\"PT-BR\" style=\"font-family: Tahoma; font-size: 16px;\"><br \/>\n\t\t\tA efic\u00e1cia dessa t\u00e9cnica tem sido bem estudada em mulheres em<br \/>\n\t\t\ttrabalho de parto. N\u00e3o h\u00e1 mudan\u00e7as relatadas na percep\u00e7\u00e3o da dor ou<br \/>\n\t\t\tna utiliza\u00e7\u00e3o de medica\u00e7\u00f5es analg\u00e9sicas quando comparadas ao<br \/>\n\t\t\tcontrole. No entanto, a maioria das mulheres considerou a<br \/>\n\t\t\testimula\u00e7\u00e3o el\u00e9trica \u00fatil talvez devido ao fato de essa t\u00e9cnica dar<br \/>\n\t\t\t\u00e0 m\u00e3e em trabalho de parto um papel mais ativo no trato com a dor.<br \/>\n\t\t\tEsse tipo de tratamento n\u00e3o foi considerado nocivo \u00e0 m\u00e3e nem ao<br \/>\n\t\t\tbeb\u00ea.<\/span><\/p>\n<p align=\"left\" style=\"background-color: transparent; color: rgb(0, 0, 0); font-weight: 400; text-align: left;\">\n\t\t\t<span lang=\"PT-BR\" style=\"font-family: Tahoma; font-size: 16px;\"><br \/>\n\t\t\tA informa\u00e7\u00e3o \u00e0 cima foi obtida a partir das publica\u00e7\u00f5es abaixo. Caso<br \/>\n\t\t\tvoc\u00ea queira ainda mais informa\u00e7\u00f5es a respeito da t\u00e9cnica, n\u00f3s<br \/>\n\t\t\tsugerimos a leitura dos textos e a discuss\u00e3o do assunto com seu<br \/>\n\t\t\tobstetra.<\/span><\/p>\n<p align=\"left\" style=\"background-color: transparent; color: rgb(0, 0, 0); font-weight: 400; text-align: left;\"><span style=\"font-family: Tahoma; font-size: 16px;\"><br \/>\nEappen S, Robbins D., Nonpharmacological means of pain relief for labor and delivery, Int Anesthesiol Clini. 2002 Fall; 40(4): 103-14, Review&nbsp;<\/p>\n<p><\/span><\/p>\n<p align=\"left\" style=\"background-color: transparent; color: rgb(0, 0, 0); font-weight: 400; text-align: left;\"><span style=\"font-family: Tahoma; font-size: 16px;\"><\/p>\n<p>Simkin P.,Nonpharmacologic relief of pain during labor:Systematic reviews of five methods, Am J Obstet gynecol, 2002 Volume 186, Number 5 ,S131-159&nbsp;<\/p>\n<p><\/span><\/p>\n<p align=\"left\" style=\"background-color: transparent; color: rgb(0, 0, 0); font-weight: 400; text-align: left;\"><span style=\"font-family: Tahoma; font-size: 16px;\"><\/p>\n<p>Murray Enkin, A Guide to Effective Care in Pregnancy and Childbirth, 3rd Ed., Oxford University Press, 2000&nbsp;<\/p>\n<p><\/span><\/p>\n<p align=\"left\" style=\"background-color: transparent; color: rgb(0, 0, 0); font-weight: 400; text-align: left;\">\n\t\t\t<span style=\"font-family: Tahoma; font-size: 16px;\"><span lang=\"PT-BR\"><br \/>\n\t\t\tFontes de estudo para estimula\u00e7\u00e3o nervosa el\u00e9trica transcut\u00e2nea<\/span>&nbsp;<\/p>\n<p><\/span><\/p>\n<p align=\"left\" style=\"background-color: transparent; color: rgb(0, 0, 0); font-weight: 400; text-align: left;\"><span style=\"font-family: Tahoma; font-size: 16px;\"><br \/>\nUSA: <a href=\"http:\/\/www.paintechnology.com\/060.htm\" target=\"_blank\" rel=\"noopener\"><br \/>\n\t\t\t<font color=\"#000000\">http:\/\/www.paintechnology.com\/060.htm<\/font><\/a>&nbsp;<\/p>\n<p><\/span><\/p>\n<p align=\"left\" style=\"background-color: transparent; color: rgb(0, 0, 0); font-weight: 400; text-align: left;\"><span style=\"font-family: Tahoma; font-size: 16px;\"><\/p>\n<p>Britain: <a href=\"http:\/\/www.pulsar-tens.com\/main.html\" target=\"_blank\" rel=\"noopener\"><br \/>\n\t\t\t<font color=\"#000000\">http:\/\/www.pulsar-tens.com\/main.html<\/font><\/a><\/p>\n<p><\/span><\/p>\n<p align=\"left\" style=\"background-color: transparent; color: rgb(0, 0, 0); font-weight: 400; text-align: left;\">\n\t\t\t<span lang=\"PT-BR\" style=\"font-family: Tahoma; font-size: 16px;\">(Agradecemos a \u201cPulsar-tens\u201d pelo gr\u00e1fico)<\/span><\/p>\n<p align=\"left\" style=\"background-color: transparent; color: rgb(0, 0, 0); font-weight: 400; text-align: left;\"><span lang=\"PT-BR\" style=\"font-family: Tahoma; font-size: 16px;\"><br \/><\/span><\/p>\n<p align=\"left\" style=\"background-color: transparent; color: rgb(0, 0, 0); font-weight: 400; text-align: center;\"><a href=\"\/metodos-alternativos-de-alivio-da-dor-durante-o-parto\/toque-e-massagem\" target=\"_parent\" rel=\"noopener\">Clique abaixo para ler o pr\u00f3ximo \u00edtem<\/a><span style=\"background-color: transparent; color: rgb(0, 0, 255); font-family: Helvetica, sans-serif; font-size: 16px; font-weight: 400; text-align: center;\"><\/span><span lang=\"PT-BR\" style=\"font-family: Tahoma; font-size: 16px;\"><br \/><\/span><\/p>\n<p align=\"left\" style=\"color: rgb(0, 0, 0); font-weight: 400; text-align: center;\"><span style=\"font-size: 16px; font-family: Tahoma;\"><a href=\"\/metodi-alternativi-per-la-riduzione-del-dolore-durante-il-travaglio\/contatto-e-massaggi\" target=\"_parent\" rel=\"noopener\"><\/a><\/span><span style=\"font-family: 'Times New Roman';\"><font face=\"Tahoma, arial, verdana\" size=\"3\"><\/font><\/span><\/p>\n<p align=\"left\" style=\"color: rgb(0, 0, 0); font-family: 'Times New Roman'; font-size: medium; font-weight: 400;\"><font face=\"Tahoma, arial, verdana\" size=\"3\"><\/font><\/p>\n<p align=\"left\" style=\"color: rgb(0, 0, 0); font-family: 'Times New Roman'; font-size: medium; font-weight: 400;\"><font face=\"Tahoma, arial, verdana\" size=\"3\"><\/font><\/p>\n<p align=\"center\" style=\"color: rgb(0, 0, 0); font-size: medium; font-weight: 400;\"><a href=\"\/alternative-methods\/touch-and-massage\" target=\"_parent\" rel=\"noopener\"><\/a><span style=\"font-family: Tahoma, arial, verdana;\"><\/span><\/p>\n","protected":false},"excerpt":{"rendered":"<p>&nbsp; A estimula\u00e7\u00e3o nervosa el\u00e9trica transcut\u00e2nea \u00e9 a aplica\u00e7\u00e3o de uma corrente el\u00e9trica muito pequena na pele para reduzir a percep\u00e7\u00e3o de dor em qualquer outro local do corpo. Essa t\u00e9cnica tem sido usada para pacientes cir\u00fargicos e com dor cr\u00f4nica. A corrente previne que sinais dolorosos alcancem o c\u00e9rebro, como um portal que n\u00e3o&#8230;<\/p>\n<p class=\"more-link-wrap\"><a href=\"https:\/\/painfreebirthing.com\/port\/metodos-alternativos-de-alivio-da-dor-durante-o-parto\/estimulacao-eletrica-transcutanea-de-nervos-tens\/\" class=\"more-link\">Read More<span class=\"screen-reader-text\"> &ldquo;Estimula\u00e7\u00e3o nervosa el\u00e9trica transcut\u00e2nea&rdquo;<\/span> &raquo;<\/a><\/p>\n","protected":false},"author":1,"featured_media":0,"parent":95,"menu_order":15,"comment_status":"closed","ping_status":"closed","template":"","meta":{"footnotes":""},"class_list":["post-101","page","type-page","status-publish","hentry"],"_links":{"self":[{"href":"https:\/\/painfreebirthing.com\/port\/wp-json\/wp\/v2\/pages\/101","targetHints":{"allow":["GET"]}}],"collection":[{"href":"https:\/\/painfreebirthing.com\/port\/wp-json\/wp\/v2\/pages"}],"about":[{"href":"https:\/\/painfreebirthing.com\/port\/wp-json\/wp\/v2\/types\/page"}],"author":[{"embeddable":true,"href":"https:\/\/painfreebirthing.com\/port\/wp-json\/wp\/v2\/users\/1"}],"replies":[{"embeddable":true,"href":"https:\/\/painfreebirthing.com\/port\/wp-json\/wp\/v2\/comments?post=101"}],"version-history":[{"count":0,"href":"https:\/\/painfreebirthing.com\/port\/wp-json\/wp\/v2\/pages\/101\/revisions"}],"up":[{"embeddable":true,"href":"https:\/\/painfreebirthing.com\/port\/wp-json\/wp\/v2\/pages\/95"}],"wp:attachment":[{"href":"https:\/\/painfreebirthing.com\/port\/wp-json\/wp\/v2\/media?parent=101"}],"curies":[{"name":"wp","href":"https:\/\/api.w.org\/{rel}","templated":true}]}}